


{"id":8211,"date":"2024-03-10T16:48:37","date_gmt":"2024-03-10T09:48:37","guid":{"rendered":"https:\/\/www.vietcorp.com\/store\/?post_type=product&#038;p=8211"},"modified":"2024-10-24T13:37:47","modified_gmt":"2024-10-24T06:37:47","slug":"camera-synology-bc800z","status":"publish","type":"product","link":"https:\/\/vietcorp.com\/store\/8211\/camera-synology-bc800z\/","title":{"rendered":"Synology BC800Z"},"content":{"rendered":"<h2><strong>Camera AI Synology BC800Z<\/strong><\/h2>\n<p>Camera gi\u00e1m s\u00e1t m\u1edbi Synology BC800Z<\/p>\n<p>BC800Z c\u00f3 \u0111\u1ed9 ph\u00e2n gi\u1ea3i 8 MP, quay video 4K v\u1edbi g\u00f3c nh\u00ecn thay \u0111\u1ed5i t\u1eeb 47\u00b0 \u0111\u1ebfn 110\u00b0, \u0111\u01b0\u1ee3c x\u1ebfp h\u1ea1ng IP67, IP66 v\u00e0 IK10, ho\u1ea1t \u0111\u1ed9ng trong kho\u1ea3ng nhi\u1ec7t \u0111\u1ed9 t\u1eeb -30\u00b0C \u0111\u1ebfn 60\u00b0C, v\u00e0 c\u00f3 th\u1ec3 chi\u1ebfu s\u00e1ng l\u00ean \u0111\u1ebfn 30m v\u1edbi \u0111\u00e8n LED k\u00e9p h\u1ed3ng ngo\u1ea1i v\u00e0 tr\u1eafng.<\/p>\n<figure id=\"attachment_8214\" aria-describedby=\"caption-attachment-8214\" style=\"width: 600px\" class=\"wp-caption aligncenter\"><img decoding=\"async\" class=\"wp-image-8214\" src=\"https:\/\/www.vietcorp.com\/store\/wp-content\/uploads\/2024\/06\/camera-ai-synology-bc800z.jpg\" alt=\"camera-synology-bc800z\" width=\"600\" height=\"388\" srcset=\"https:\/\/vietcorp.com\/store\/wp-content\/uploads\/2024\/06\/camera-ai-synology-bc800z-400x259.jpg 400w, https:\/\/vietcorp.com\/store\/wp-content\/uploads\/2024\/06\/camera-ai-synology-bc800z-367x237.jpg 367w, https:\/\/vietcorp.com\/store\/wp-content\/uploads\/2024\/06\/camera-ai-synology-bc800z-600x388.jpg 600w\" sizes=\"(max-width: 600px) 100vw, 600px\" \/><figcaption id=\"caption-attachment-8214\" class=\"wp-caption-text\">Camera AI Synology BC800Z<\/figcaption><\/figure>\n","protected":false},"excerpt":{"rendered":"<p>8MP\/4K (3840\u00d72160)<br \/>\nG\u00f3c quay t\u1eeb 47\u00b0 \u0111\u1ebfn 110\u00b0<br \/>\n\u0110\u1ea1t ti\u00eau chu\u1ea9n v\u1edbi IP67, IP66 v\u00e0 IK10.<br \/>\nPh\u00e1t hi\u1ec7n ng\u01b0\u1eddi v\u00e0 ph\u01b0\u01a1ng ti\u1ec7n<br \/>\nT\u00edch h\u1ee3p Surveillance Station<\/p>\n","protected":false},"featured_media":8216,"template":"","meta":[],"product_brand":[],"product_cat":[359],"product_tag":[408,410,360,409],"class_list":{"0":"post-8211","1":"product","2":"type-product","3":"status-publish","4":"has-post-thumbnail","6":"product_cat-camera","7":"product_tag-camera-ai","8":"product_tag-camera-bc800z","9":"product_tag-camera-synology","10":"product_tag-synology-bc800z","12":"first","13":"instock","14":"taxable","15":"shipping-taxable","16":"product-type-simple"},"_links":{"self":[{"href":"https:\/\/vietcorp.com\/store\/wp-json\/wp\/v2\/product\/8211","targetHints":{"allow":["GET"]}}],"collection":[{"href":"https:\/\/vietcorp.com\/store\/wp-json\/wp\/v2\/product"}],"about":[{"href":"https:\/\/vietcorp.com\/store\/wp-json\/wp\/v2\/types\/product"}],"wp:featuredmedia":[{"embeddable":true,"href":"https:\/\/vietcorp.com\/store\/wp-json\/wp\/v2\/media\/8216"}],"wp:attachment":[{"href":"https:\/\/vietcorp.com\/store\/wp-json\/wp\/v2\/media?parent=8211"}],"wp:term":[{"taxonomy":"product_brand","embeddable":true,"href":"https:\/\/vietcorp.com\/store\/wp-json\/wp\/v2\/product_brand?post=8211"},{"taxonomy":"product_cat","embeddable":true,"href":"https:\/\/vietcorp.com\/store\/wp-json\/wp\/v2\/product_cat?post=8211"},{"taxonomy":"product_tag","embeddable":true,"href":"https:\/\/vietcorp.com\/store\/wp-json\/wp\/v2\/product_tag?post=8211"}],"curies":[{"name":"wp","href":"https:\/\/api.w.org\/{rel}","templated":true}]}}