


{"id":8194,"date":"2024-06-07T14:38:46","date_gmt":"2024-06-07T07:38:46","guid":{"rendered":"https:\/\/www.vietcorp.com\/store\/?post_type=product&#038;p=8194"},"modified":"2024-06-07T14:46:09","modified_gmt":"2024-06-07T07:46:09","slug":"synology-gs6200-sap-ra-mat","status":"publish","type":"product","link":"https:\/\/vietcorp.com\/store\/8194\/synology-gs6200-sap-ra-mat\/","title":{"rendered":"Synology GS6200 (S\u1eafp ra m\u1eaft)"},"content":{"rendered":"<h2><strong><a href=\"https:\/\/www.vietcorp.com\/store\/8194\/synology-gs6200-sap-ra-mat\/\">NAS Synology GS6200<\/a> l\u01b0u tr\u1eef hi\u1ec7u qu\u1ea3 v\u00e0 linh ho\u1ea1t d\u00e0nh cho doanh nghi\u1ec7p s\u1eafp ra m\u1eaft<\/strong><\/h2>\n<h3><strong>Gi\u1edbi thi\u1ec7u v\u1ec1 NAS Synology GS6200<\/strong><\/h3>\n<p>Trong th\u1eddi \u0111\u1ea1i s\u1ed1 h\u00f3a hi\u1ec7n nay, vi\u1ec7c qu\u1ea3n l\u00fd v\u00e0 l\u01b0u tr\u1eef d\u1eef li\u1ec7u l\u00e0 m\u1ed9t th\u00e1ch th\u1ee9c l\u1edbn \u0111\u1ed1i v\u1edbi c\u00e1c t\u1ed5 ch\u1ee9c. <a href=\"https:\/\/www.vietcorp.com\/store\/nas-synology\/\">NAS Synology<\/a> (Network Attached Storage) l\u00e0 gi\u1ea3i ph\u00e1p l\u01b0u tr\u1eef m\u1ea1ng gi\u00fap \u0111\u00e1p \u1ee9ng nhu c\u1ea7u l\u01b0u tr\u1eef d\u1eef li\u1ec7u l\u1edbn m\u1ed9t c\u00e1ch hi\u1ec7u qu\u1ea3. Trong s\u1ed1 c\u00e1c s\u1ea3n ph\u1ea9m NAS tr\u00ean th\u1ecb tr\u01b0\u1eddng, Synology GS6200 n\u1ed5i b\u1eadt v\u1edbi kh\u1ea3 n\u0103ng m\u1edf r\u1ed9ng v\u00e0 hi\u1ec7u su\u1ea5t v\u01b0\u1ee3t tr\u1ed9i.<\/p>\n<h3><strong>L\u01b0u tr\u1eef dung l\u01b0\u1ee3ng l\u1edbn<\/strong><\/h3>\n<p>NAS Synology GS6200 c\u00f3 kh\u1ea3 n\u0103ng h\u1ed7 tr\u1ee3 l\u00ean \u0111\u1ebfn 96 n\u00fat, mang l\u1ea1i dung l\u01b0\u1ee3ng l\u01b0u tr\u1eef th\u00f4 h\u01a1n 20 PB cho m\u1ed7i c\u1ee5m. \u0110i\u1ec1u n\u00e0y c\u00f3 ngh\u0129a l\u00e0 b\u1ea1n c\u00f3 th\u1ec3 m\u1edf r\u1ed9ng h\u1ec7 th\u1ed1ng l\u01b0u tr\u1eef c\u1ee7a m\u00ecnh m\u1ed9t c\u00e1ch d\u1ec5 d\u00e0ng m\u00e0 kh\u00f4ng lo thi\u1ebfu h\u1ee5t dung l\u01b0\u1ee3ng. \u0110\u1eb7c bi\u1ec7t, \u0111\u1ed1i v\u1edbi c\u00e1c t\u1ed5 ch\u1ee9c c\u1ea7n l\u01b0u tr\u1eef kh\u1ed1i l\u01b0\u1ee3ng d\u1eef li\u1ec7u kh\u1ed5ng l\u1ed3 nh\u01b0 doanh nghi\u1ec7p l\u1edbn, c\u01a1 quan ch\u00ednh ph\u1ee7 hay c\u00e1c trung t\u00e2m d\u1eef li\u1ec7u, GS6200 th\u1ef1c s\u1ef1 l\u00e0 m\u1ed9t l\u1ef1a ch\u1ecdn tuy\u1ec7t v\u1eddi.<\/p>\n<h4><strong>\u1ee8ng d\u1ee5ng th\u1ef1c t\u1ebf trong c\u00e1c t\u1ed5 ch\u1ee9c<\/strong><\/h4>\n<p>Vi\u1ec7c s\u1edf h\u1eefu m\u1ed9t h\u1ec7 th\u1ed1ng l\u01b0u tr\u1eef m\u1ea1nh m\u1ebd nh\u01b0 NAS Synology GS6200 gi\u00fap c\u00e1c t\u1ed5 ch\u1ee9c kh\u00f4ng ch\u1ec9 l\u01b0u tr\u1eef \u0111\u01b0\u1ee3c nhi\u1ec1u d\u1eef li\u1ec7u h\u01a1n m\u00e0 c\u00f2n t\u0103ng c\u01b0\u1eddng n\u0103ng su\u1ea5t l\u00e0m vi\u1ec7c. H\u1ec7 th\u1ed1ng n\u00e0y cho ph\u00e9p l\u01b0u tr\u1eef, qu\u1ea3n l\u00fd v\u00e0 truy c\u1eadp d\u1eef li\u1ec7u m\u1ed9t c\u00e1ch nhanh ch\u00f3ng v\u00e0 hi\u1ec7u qu\u1ea3.<\/p>\n<h3><strong>Hi\u1ec7u su\u1ea5t k\u1ebft n\u1ed1i cao<\/strong><\/h3>\n<p>M\u1ed9t \u0111i\u1ec3m m\u1ea1nh kh\u00e1c c\u1ee7a NAS Synology GS6200 l\u00e0 kh\u1ea3 n\u0103ng k\u1ebft n\u1ed1i \u0111\u1ed3ng th\u1eddi l\u00ean \u0111\u1ebfn 150.000 ng\u01b0\u1eddi d\u00f9ng. \u0110i\u1ec1u n\u00e0y gi\u00fap \u0111\u00e1p \u1ee9ng nhu c\u1ea7u truy c\u1eadp d\u1eef li\u1ec7u c\u1ee7a nhi\u1ec1u ng\u01b0\u1eddi d\u00f9ng c\u00f9ng m\u1ed9t l\u00fac m\u00e0 kh\u00f4ng l\u00e0m gi\u1ea3m hi\u1ec7u su\u1ea5t c\u1ee7a h\u1ec7 th\u1ed1ng.<\/p>\n<h4><strong>C\u00e1c giao th\u1ee9c h\u1ed7 tr\u1ee3: SMB, NFS v\u00e0 S3<\/strong><\/h4>\n<p>GS6200 h\u1ed7 tr\u1ee3 nhi\u1ec1u giao th\u1ee9c nh\u01b0 SMB, NFS v\u00e0 S3, gi\u00fap h\u1ec7 th\u1ed1ng linh ho\u1ea1t v\u00e0 t\u01b0\u01a1ng th\u00edch v\u1edbi nhi\u1ec1u n\u1ec1n t\u1ea3ng kh\u00e1c nhau. Vi\u1ec7c h\u1ed7 tr\u1ee3 \u0111a d\u1ea1ng giao th\u1ee9c gi\u00fap vi\u1ec7c k\u1ebft n\u1ed1i v\u00e0 qu\u1ea3n l\u00fd d\u1eef li\u1ec7u tr\u1edf n\u00ean d\u1ec5 d\u00e0ng h\u01a1n, \u0111\u1ed3ng th\u1eddi t\u0103ng c\u01b0\u1eddng t\u00ednh linh ho\u1ea1t cho h\u1ec7 th\u1ed1ng l\u01b0u tr\u1eef c\u1ee7a b\u1ea1n.<\/p>\n<h3><strong>H\u1ec7 \u0111i\u1ec1u h\u00e0nh m\u1edbi c\u1ee7a GS series<\/strong><\/h3>\n<p>H\u1ec7 \u0111i\u1ec1u h\u00e0nh m\u1edbi c\u1ee7a GS series \u0111\u01b0\u1ee3c thi\u1ebft k\u1ebf \u0111\u1ec3 \u0111\u1ea3m b\u1ea3o t\u00ednh li\u00ean t\u1ee5c trong ho\u1ea1t \u0111\u1ed9ng v\u00e0 b\u1ea3o to\u00e0n d\u1eef li\u1ec7u. Giao di\u1ec7n qu\u1ea3n l\u00fd \u0111\u01a1n gi\u1ea3n gi\u00fap ng\u01b0\u1eddi d\u00f9ng d\u1ec5 d\u00e0ng thao t\u00e1c v\u00e0 qu\u1ea3n l\u00fd h\u1ec7 th\u1ed1ng m\u1ed9t c\u00e1ch hi\u1ec7u qu\u1ea3.<\/p>\n<h4><strong>T\u00ednh li\u00ean t\u1ee5c trong ho\u1ea1t \u0111\u1ed9ng v\u00e0 b\u1ea3o to\u00e0n d\u1eef li\u1ec7u<\/strong><\/h4>\n<p>T\u00ednh li\u00ean t\u1ee5c trong ho\u1ea1t \u0111\u1ed9ng l\u00e0 y\u1ebfu t\u1ed1 then ch\u1ed1t \u0111\u1ed1i v\u1edbi m\u1ecdi h\u1ec7 th\u1ed1ng l\u01b0u tr\u1eef. H\u1ec7 \u0111i\u1ec1u h\u00e0nh c\u1ee7a GS6200 gi\u00fap \u0111\u1ea3m b\u1ea3o r\u1eb1ng h\u1ec7 th\u1ed1ng lu\u00f4n ho\u1ea1t \u0111\u1ed9ng \u1ed5n \u0111\u1ecbnh, gi\u1ea3m thi\u1ec3u r\u1ee7i ro m\u1ea5t d\u1eef li\u1ec7u.<\/p>\n<h4><strong>Giao di\u1ec7n qu\u1ea3n l\u00fd \u0111\u01a1n gi\u1ea3n<\/strong><\/h4>\n<p>Giao di\u1ec7n qu\u1ea3n l\u00fd c\u1ee7a GS6200 \u0111\u01b0\u1ee3c thi\u1ebft k\u1ebf th\u00e2n thi\u1ec7n, d\u1ec5 s\u1eed d\u1ee5ng, gi\u00fap ng\u01b0\u1eddi d\u00f9ng kh\u00f4ng m\u1ea5t nhi\u1ec1u th\u1eddi gian \u0111\u1ec3 l\u00e0m quen v\u00e0 thao t\u00e1c.<\/p>\n<h3><strong>\u01afu \u0111i\u1ec3m c\u1ee7a NAS Synology GS6200<\/strong><\/h3>\n<p>So v\u1edbi c\u00e1c \u0111\u1ed1i th\u1ee7 tr\u00ean th\u1ecb tr\u01b0\u1eddng, NAS Synology GS6200 c\u00f3 nhi\u1ec1u t\u00ednh n\u0103ng n\u1ed5i b\u1eadt. T\u1eeb kh\u1ea3 n\u0103ng m\u1edf r\u1ed9ng, hi\u1ec7u su\u1ea5t k\u1ebft n\u1ed1i cao \u0111\u1ebfn h\u1ec7 \u0111i\u1ec1u h\u00e0nh ti\u00ean ti\u1ebfn, GS6200 th\u1ef1c s\u1ef1 l\u00e0 m\u1ed9t gi\u1ea3i ph\u00e1p l\u01b0u tr\u1eef to\u00e0n di\u1ec7n.<\/p>\n<h4><strong>T\u00ednh n\u0103ng n\u1ed5i b\u1eadt so v\u1edbi c\u00e1c \u0111\u1ed1i th\u1ee7<\/strong><\/h4>\n<p>\u0110i\u1ec1u l\u00e0m n\u00ean s\u1ef1 kh\u00e1c bi\u1ec7t c\u1ee7a GS6200 ch\u00ednh l\u00e0 kh\u1ea3 n\u0103ng m\u1edf r\u1ed9ng v\u00e0 hi\u1ec7u su\u1ea5t k\u1ebft n\u1ed1i. Trong khi nhi\u1ec1u s\u1ea3n ph\u1ea9m kh\u00e1c g\u1eb7p kh\u00f3 kh\u0103n trong vi\u1ec7c m\u1edf r\u1ed9ng ho\u1eb7c gi\u1ea3m hi\u1ec7u su\u1ea5t khi c\u00f3 nhi\u1ec1u ng\u01b0\u1eddi d\u00f9ng truy c\u1eadp, GS6200 v\u1eabn duy tr\u00ec \u0111\u01b0\u1ee3c hi\u1ec7u su\u1ea5t \u1ed5n \u0111\u1ecbnh.<\/p>\n<h4><strong>L\u1ee3i \u00edch v\u1ec1 chi ph\u00ed v\u00e0 hi\u1ec7u qu\u1ea3<\/strong><\/h4>\n<p>\u0110\u1ea7u t\u01b0 v\u00e0o NAS Synology GS6200 kh\u00f4ng ch\u1ec9 mang l\u1ea1i hi\u1ec7u qu\u1ea3 l\u01b0u tr\u1eef m\u00e0 c\u00f2n ti\u1ebft ki\u1ec7m chi ph\u00ed v\u1ec1 l\u00e2u d\u00e0i. H\u1ec7 th\u1ed1ng n\u00e0y gi\u00fap t\u1ed1i \u01b0u h\u00f3a vi\u1ec7c s\u1eed d\u1ee5ng t\u00e0i nguy\u00ean v\u00e0 gi\u1ea3m chi ph\u00ed b\u1ea3o tr\u00ec.<\/p>\n<h3><strong>\u1ee8ng d\u1ee5ng th\u1ef1c t\u1ebf c\u1ee7a NAS Synology GS6200<\/strong><\/h3>\n<p>NAS Synology GS6200 kh\u00f4ng ch\u1ec9 ph\u00f9 h\u1ee3p cho doanh nghi\u1ec7p m\u00e0 c\u00f2n c\u00f3 \u1ee9ng d\u1ee5ng r\u1ed9ng r\u00e3i trong nhi\u1ec1u l\u0129nh v\u1ef1c kh\u00e1c.<\/p>\n<h4><strong>Trong doanh nghi\u1ec7p<\/strong><\/h4>\n<p>Doanh nghi\u1ec7p l\u1edbn c\u00f3 th\u1ec3 s\u1eed d\u1ee5ng GS6200 \u0111\u1ec3 l\u01b0u tr\u1eef d\u1eef li\u1ec7u quan tr\u1ecdng, h\u1ed7 tr\u1ee3 qu\u00e1 tr\u00ecnh l\u00e0m vi\u1ec7c c\u1ee7a nh\u00e2n vi\u00ean v\u00e0 t\u1ed1i \u01b0u h\u00f3a quy tr\u00ecnh kinh doanh.<\/p>\n<h4><strong>Trong gi\u00e1o d\u1ee5c<\/strong><\/h4>\n<p>C\u00e1c tr\u01b0\u1eddng h\u1ecdc v\u00e0 t\u1ed5 ch\u1ee9c gi\u00e1o d\u1ee5c c\u00f3 th\u1ec3 s\u1eed d\u1ee5ng NAS Synology GS6200 \u0111\u1ec3 l\u01b0u tr\u1eef t\u00e0i li\u1ec7u h\u1ecdc t\u1eadp, qu\u1ea3n l\u00fd h\u1ed3 s\u01a1 sinh vi\u00ean v\u00e0 h\u1ed7 tr\u1ee3 c\u00e1c ho\u1ea1t \u0111\u1ed9ng gi\u1ea3ng d\u1ea1y tr\u1ef1c tuy\u1ebfn.<\/p>\n<h4><strong>Trong ng\u00e0nh y t\u1ebf<\/strong><\/h4>\n<p>Trong ng\u00e0nh y t\u1ebf, vi\u1ec7c l\u01b0u tr\u1eef v\u00e0 qu\u1ea3n l\u00fd h\u1ed3 s\u01a1 b\u1ec7nh nh\u00e2n l\u00e0 r\u1ea5t quan tr\u1ecdng. GS6200 gi\u00fap c\u00e1c c\u01a1 s\u1edf y t\u1ebf l\u01b0u tr\u1eef d\u1eef li\u1ec7u m\u1ed9t c\u00e1ch an to\u00e0n v\u00e0 hi\u1ec7u qu\u1ea3, \u0111\u1ed3ng th\u1eddi d\u1ec5 d\u00e0ng truy c\u1eadp khi c\u1ea7n thi\u1ebft.<\/p>\n<h3><strong>Kh\u1ea3 n\u0103ng m\u1edf r\u1ed9ng v\u00e0 b\u1ea3o tr\u00ec<\/strong><\/h3>\n<p>M\u1ed9t trong nh\u1eefng \u01b0u \u0111i\u1ec3m n\u1ed5i b\u1eadt c\u1ee7a NAS Synology GS6200 l\u00e0 kh\u1ea3 n\u0103ng m\u1edf r\u1ed9ng v\u00e0 b\u1ea3o tr\u00ec d\u1ec5 d\u00e0ng. H\u1ec7 th\u1ed1ng n\u00e0y cho ph\u00e9p th\u00eam ho\u1eb7c g\u1ee1 b\u1ecf n\u00fat m\u1ed9t c\u00e1ch linh ho\u1ea1t, gi\u00fap b\u1ea1n d\u1ec5 d\u00e0ng n\u00e2ng c\u1ea5p khi c\u1ea7n thi\u1ebft.<\/p>\n<h4><strong>D\u1ec5 d\u00e0ng m\u1edf r\u1ed9ng khi c\u1ea7n thi\u1ebft<\/strong><\/h4>\n<p>Khi nhu c\u1ea7u l\u01b0u tr\u1eef t\u0103ng l\u00ean, b\u1ea1n c\u00f3 th\u1ec3 d\u1ec5 d\u00e0ng m\u1edf r\u1ed9ng h\u1ec7 th\u1ed1ng c\u1ee7a m\u00ecnh b\u1eb1ng c\u00e1ch th\u00eam c\u00e1c n\u00fat m\u1edbi m\u00e0 kh\u00f4ng c\u1ea7n thay \u0111\u1ed5i c\u1ea5u tr\u00fac hi\u1ec7n c\u00f3.<\/p>\n<h4><strong>Quy tr\u00ecnh b\u1ea3o tr\u00ec \u0111\u01a1n gi\u1ea3n<\/strong><\/h4>\n<p>B\u1ea3o tr\u00ec h\u1ec7 th\u1ed1ng GS6200 c\u0169ng r\u1ea5t \u0111\u01a1n gi\u1ea3n v\u00e0 kh\u00f4ng m\u1ea5t nhi\u1ec1u th\u1eddi gian. Giao di\u1ec7n qu\u1ea3n l\u00fd th\u00e2n thi\u1ec7n gi\u00fap b\u1ea1n d\u1ec5 d\u00e0ng theo d\u00f5i v\u00e0 b\u1ea3o tr\u00ec h\u1ec7 th\u1ed1ng m\u1ed9t c\u00e1ch hi\u1ec7u qu\u1ea3.<\/p>\n","protected":false},"excerpt":{"rendered":"<p>Thi\u1ebft b\u1ecb l\u01b0u tr\u1eef NAS Synology GS6200<\/p>\n<div dir=\"auto\">Power by GSM (gridstation manager)<\/div>\n<div dir=\"auto\">3 to 96 nodes per cluster<br \/>\nUp to 20 PB of raw capacity per cluster<\/div>\n","protected":false},"featured_media":8196,"template":"","meta":[],"product_brand":[],"product_cat":[15],"product_tag":[],"class_list":{"0":"post-8194","1":"product","2":"type-product","3":"status-publish","4":"has-post-thumbnail","6":"product_cat-nas","8":"first","9":"instock","10":"taxable","11":"shipping-taxable","12":"product-type-simple"},"_links":{"self":[{"href":"https:\/\/vietcorp.com\/store\/wp-json\/wp\/v2\/product\/8194","targetHints":{"allow":["GET"]}}],"collection":[{"href":"https:\/\/vietcorp.com\/store\/wp-json\/wp\/v2\/product"}],"about":[{"href":"https:\/\/vietcorp.com\/store\/wp-json\/wp\/v2\/types\/product"}],"wp:featuredmedia":[{"embeddable":true,"href":"https:\/\/vietcorp.com\/store\/wp-json\/wp\/v2\/media\/8196"}],"wp:attachment":[{"href":"https:\/\/vietcorp.com\/store\/wp-json\/wp\/v2\/media?parent=8194"}],"wp:term":[{"taxonomy":"product_brand","embeddable":true,"href":"https:\/\/vietcorp.com\/store\/wp-json\/wp\/v2\/product_brand?post=8194"},{"taxonomy":"product_cat","embeddable":true,"href":"https:\/\/vietcorp.com\/store\/wp-json\/wp\/v2\/product_cat?post=8194"},{"taxonomy":"product_tag","embeddable":true,"href":"https:\/\/vietcorp.com\/store\/wp-json\/wp\/v2\/product_tag?post=8194"}],"curies":[{"name":"wp","href":"https:\/\/api.w.org\/{rel}","templated":true}]}}