


{"id":7960,"date":"2000-03-18T10:20:11","date_gmt":"2000-03-18T03:20:11","guid":{"rendered":"https:\/\/www.vietcorp.com\/store\/?post_type=product&#038;p=7960"},"modified":"2024-03-18T13:29:00","modified_gmt":"2024-03-18T06:29:00","slug":"synology-rxd1215sas","status":"publish","type":"product","link":"https:\/\/vietcorp.com\/store\/7960\/synology-rxd1215sas\/","title":{"rendered":"Synology RXD1215sas"},"content":{"rendered":"<h2>Kh\u1ea3 n\u0103ng m\u1edf r\u1ed9ng l\u1edbn l\u00ean t\u1edbi 180 \u1ed5 \u0111\u0129a<\/h2>\n<p>C\u00f3 th\u1ec3 k\u1ebft n\u1ed1i t\u1ed1i \u0111a 15 RXD1215sas v\u1edbi c\u00e1c n\u00fat \u0111i\u1ec7n to\u00e1n RC18015xs+ k\u00e9p, mang l\u1ea1i kh\u1ea3 n\u0103ng m\u1edf r\u1ed9ng l\u1edbn l\u00ean t\u1edbi 180 \u1ed5 \u0111\u0129a v\u00e0 dung l\u01b0\u1ee3ng l\u01b0u tr\u1eef th\u00f4 t\u1ed1i \u0111a v\u01b0\u1ee3t qu\u00e1 1PB. Ki\u1ebfn tr\u00fac l\u01b0u tr\u1eef chia s\u1ebb gi\u00fap lo\u1ea1i b\u1ecf nhu c\u1ea7u sao ch\u00e9p d\u1eef li\u1ec7u qua m\u1ea1ng, \u0111\u1ed3ng th\u1eddi gi\u1ea3m \u0111\u00e1ng k\u1ec3 chi ph\u00ed tri\u1ec3n khai.<\/p>\n<p><img decoding=\"async\" class=\"size-full wp-image-7970\" src=\"https:\/\/www.vietcorp.com\/store\/wp-content\/uploads\/2000\/03\/Synology-RXD1215sas-1.jpg\" alt=\"Synology RXD1215sas\" width=\"600\" height=\"500\" srcset=\"https:\/\/vietcorp.com\/store\/wp-content\/uploads\/2000\/03\/Synology-RXD1215sas-1.jpg 600w, https:\/\/vietcorp.com\/store\/wp-content\/uploads\/2000\/03\/Synology-RXD1215sas-1-400x333.jpg 400w, https:\/\/vietcorp.com\/store\/wp-content\/uploads\/2000\/03\/Synology-RXD1215sas-1-367x306.jpg 367w\" sizes=\"(max-width: 600px) 100vw, 600px\" \/><\/p>\n<h2>D\u1ef1 ph\u00f2ng ph\u1ea7n c\u1ee9ng gi\u00fap t\u0103ng c\u01b0\u1eddng th\u1eddi gian ho\u1ea1t \u0111\u1ed9ng c\u1ee7a h\u1ec7 th\u1ed1ng<\/h2>\n<p>Synology RXD1215sas \u0111\u01b0\u1ee3c trang b\u1ecb c\u00e1c th\u00e0nh ph\u1ea7n ph\u1ea7n c\u1ee9ng d\u1ef1 ph\u00f2ng, ch\u1eb3ng h\u1ea1n nh\u01b0 b\u1ed9 c\u1ea5p ngu\u1ed3n, m\u00f4-\u0111un SAS v\u00e0 qu\u1ea1t l\u00e0m m\u00e1t h\u1ec7 th\u1ed1ng. Trong tr\u01b0\u1eddng h\u1ee3p h\u1ecfng h\u00f3c th\u00e0nh ph\u1ea7n, h\u1ec7 th\u1ed1ng v\u1eabn ti\u1ebfp t\u1ee5c ho\u1ea1t \u0111\u1ed9ng b\u00ecnh th\u01b0\u1eddng trong khi c\u00e1c b\u1ed9 ph\u1eadn thay th\u1ebf \u0111\u01b0\u1ee3c l\u1ea5y v\u00e0 l\u1eafp \u0111\u1eb7t.<\/p>\n<p><img decoding=\"async\" class=\"size-full wp-image-7969\" src=\"https:\/\/www.vietcorp.com\/store\/wp-content\/uploads\/2000\/03\/Synology-RXD1215sas-2.jpg\" alt=\"\" width=\"600\" height=\"500\" srcset=\"https:\/\/vietcorp.com\/store\/wp-content\/uploads\/2000\/03\/Synology-RXD1215sas-2.jpg 600w, https:\/\/vietcorp.com\/store\/wp-content\/uploads\/2000\/03\/Synology-RXD1215sas-2-400x333.jpg 400w, https:\/\/vietcorp.com\/store\/wp-content\/uploads\/2000\/03\/Synology-RXD1215sas-2-367x306.jpg 367w\" sizes=\"(max-width: 600px) 100vw, 600px\" \/><\/p>\n<p>L\u01b0u \u00fd:<\/p>\n<div>\n<ol>\n<li>C\u1ea7n c\u00f3 hai RC18015xs+ v\u00e0 \u00edt nh\u1ea5t m\u1ed9t thi\u1ebft b\u1ecb m\u1edf r\u1ed9ng RXD1215sas \u0111\u1ec3 \u0111\u1ecbnh c\u1ea5u h\u00ecnh v\u00e0 v\u1eadn h\u00e0nh.\u00a0B\u1ea1n c\u00f3 th\u1ec3 mua ri\u00eang c\u00e1c Thi\u1ebft b\u1ecb m\u1edf r\u1ed9ng RXD1215sas b\u1ed5 sung.<\/li>\n<li>Dung l\u01b0\u1ee3ng l\u01b0u tr\u1eef th\u00f4 thay \u0111\u1ed5i t\u00f9y theo ki\u1ec3u \u1ed5 c\u1ee9ng v\u00e0 c\u00e0i \u0111\u1eb7t ri\u00eang l\u1ebb.\u00a0\u1ed4 c\u1ee9ng \u0111\u01b0\u1ee3c mua ri\u00eang.\u00a0T\u00ecm hi\u1ec3u th\u00eam v\u1ec1 kh\u1ea3 n\u0103ng t\u01b0\u01a1ng th\u00edch c\u1ee7a \u1ed5 c\u1ee9ng, vui l\u00f2ng nh\u1ea5p v\u00e0o\u00a0\u0111\u00e2y\u00a0.<\/li>\n<\/ol>\n<\/div>\n<p>T\u00ecm hi\u1ec3u th\u00eam v\u1ec1 Synology:<\/p>\n<ul>\n<li><a href=\"https:\/\/www.vietcorp.com\/store\/chung-nhan-synology\/\">Ch\u1ee9ng nh\u1eadn Synology<\/a><\/li>\n<li><a href=\"https:\/\/vietcorp.com\/support\/synology\/\">Support Synology<\/a><\/li>\n<li><a href=\"https:\/\/www.vietcorp.com\/blog\/tag\/showcase-synology\/\">Showcase Synology<\/a><\/li>\n<\/ul>\n","protected":false},"excerpt":{"rendered":"<p>RXD1215sas 12 bays<br \/>\nFor 2.5\u201d and 3.5\u201d SAS drives<br \/>\nOnline volume expansion<br \/>\nRedundant power supply<\/p>\n","protected":false},"featured_media":7961,"template":"","meta":[],"product_brand":[],"product_cat":[363],"product_tag":[47,23],"class_list":{"0":"post-7960","1":"product","2":"type-product","3":"status-publish","4":"has-post-thumbnail","6":"product_cat-expansion-units","7":"product_tag-expansion","8":"product_tag-synology","10":"first","11":"outofstock","12":"taxable","13":"shipping-taxable","14":"product-type-simple"},"_links":{"self":[{"href":"https:\/\/vietcorp.com\/store\/wp-json\/wp\/v2\/product\/7960","targetHints":{"allow":["GET"]}}],"collection":[{"href":"https:\/\/vietcorp.com\/store\/wp-json\/wp\/v2\/product"}],"about":[{"href":"https:\/\/vietcorp.com\/store\/wp-json\/wp\/v2\/types\/product"}],"wp:featuredmedia":[{"embeddable":true,"href":"https:\/\/vietcorp.com\/store\/wp-json\/wp\/v2\/media\/7961"}],"wp:attachment":[{"href":"https:\/\/vietcorp.com\/store\/wp-json\/wp\/v2\/media?parent=7960"}],"wp:term":[{"taxonomy":"product_brand","embeddable":true,"href":"https:\/\/vietcorp.com\/store\/wp-json\/wp\/v2\/product_brand?post=7960"},{"taxonomy":"product_cat","embeddable":true,"href":"https:\/\/vietcorp.com\/store\/wp-json\/wp\/v2\/product_cat?post=7960"},{"taxonomy":"product_tag","embeddable":true,"href":"https:\/\/vietcorp.com\/store\/wp-json\/wp\/v2\/product_tag?post=7960"}],"curies":[{"name":"wp","href":"https:\/\/api.w.org\/{rel}","templated":true}]}}