


{"id":777,"date":"2020-11-03T13:54:01","date_gmt":"2020-11-03T06:54:01","guid":{"rendered":"https:\/\/www.vietcorp.com\/store\/product\/wd-ultrastar-6tb-hus726t6tale6l4\/"},"modified":"2023-08-16T16:19:55","modified_gmt":"2023-08-16T09:19:55","slug":"o-cung-hdd-wd-ultrastar-6tb-hus726t6tale6l4","status":"publish","type":"product","link":"https:\/\/vietcorp.com\/store\/777\/o-cung-hdd-wd-ultrastar-6tb-hus726t6tale6l4\/","title":{"rendered":"WD Ultrastar 6TB HUS726T6TALE6L4"},"content":{"rendered":"<p><strong>\u1ed4 c\u1ee9ng HDD WD Enterprise ULTRASTAR 6TB HUS726T6TALE6L4<\/strong> c\u00f3 hi\u1ec7u n\u0103ng g\u1ea5p 10 l\u1ea7n so v\u1edbi \u1ed5 c\u1ee9ng c\u1ee7a m\u00e1y t\u00ednh \u0111\u1ec3 b\u00e0n. \u0110\u01b0\u1ee3c thi\u1ebft k\u1ebf t\u1eeb \u0111\u1ea7u \u0111\u1ec3 tr\u1edf th\u00e0nh m\u1ed9t thi\u1ebft b\u1ecb l\u01b0u tr\u1eef c\u1ef1c k\u1ef3 m\u1ea1nh m\u1ebd, \u1ed5 \u0111\u0129a Ultrastar l\u00e0 gi\u1ea3i ph\u00e1p ho\u00e0n h\u1ea3o cho doanh nghi\u1ec7p<\/p>\n<p><strong>\u1ed4 c\u1ee9ng WD Enterprise ULTRASTAR<\/strong> \u1ee8ng d\u1ee5ng v\u00e0 c\u00f4ng vi\u1ec7c \u00e1p d\u1ee5ng<br \/>\n&#8211; H\u1ec7 th\u1ed1ng l\u01b0u tr\u1eef ch\u1ea1y RAID<br \/>\n&#8211; L\u00e0m \u1ed5 \u0111\u0129a kh\u1edfi \u0111\u1ed9ng m\u00e1y ch\u1ee7<br \/>\n&#8211; L\u01b0u tr\u1eef \u0111\u00ednh k\u00e8m tr\u1ef1c ti\u1ebfp (DAS)<br \/>\n&#8211; L\u01b0u tr\u1eef \u0111\u00ednh k\u00e8m m\u1ea1ng (NAS)<br \/>\n&#8211; C\u00e1c \u1ee9ng d\u1ee5ng n\u0103ng l\u1ef1c doanh nghi\u1ec7p ch\u00ednh th\u1ed1ng y\u00eau c\u1ea7u k\u00edch th\u01b0\u1edbc kh\u1ed1i 512n<\/p>\n<p>&nbsp;<\/p>\n","protected":false},"excerpt":{"rendered":"<p>\u1ed4 c\u1ee9ng HDD WD Ultrastar 6TB HUS726T6TALE6L4<br \/>\nT\u1ed1c \u0111\u1ed9 v\u00f2ng quay 7200rpm<br \/>\nB\u1ed9 nh\u1edb \u0111\u1ec7m (cache) 256MB<br \/>\nSector size (bytes): 512 native (512n)<br \/>\nB\u1ea3o h\u00e0nh 60 th\u00e1ng<\/p>\n","protected":false},"featured_media":778,"template":"","meta":[],"product_brand":[],"product_cat":[86],"product_tag":[172,63,351,61,81,82],"class_list":{"0":"post-777","1":"product","2":"type-product","3":"status-publish","4":"has-post-thumbnail","6":"product_cat-o-cung","7":"product_tag-hdd-6tb","8":"product_tag-o-cung","9":"product_tag-o-cung-hdd","10":"product_tag-o-cung-nas","11":"product_tag-wd","12":"product_tag-wd-ultrastar","13":"pa_bao-hanh-60-thang","14":"pa_bo-nho-dem-cache-256mb","15":"pa_chung-loai-o-cung-gan-trong","16":"pa_cong-giao-tiep-sata3","17":"pa_dung-luong-10tb","18":"pa_dung-luong-6tb","19":"pa_dung-luong-8tb","20":"pa_form-factor-3-5-inch","21":"pa_muc-dich-su-dung-das","22":"pa_muc-dich-su-dung-enterprise-storage","23":"pa_muc-dich-su-dung-nas","24":"pa_muc-dich-su-dung-server","25":"pa_muc-dich-su-dung-surveillance","26":"pa_muc-dich-su-dung-workstation","27":"pa_thuong-hieu-wd","28":"pa_toc-do-vong-quay-7200rpm","30":"first","31":"outofstock","32":"taxable","33":"shipping-taxable","34":"product-type-simple"},"_links":{"self":[{"href":"https:\/\/vietcorp.com\/store\/wp-json\/wp\/v2\/product\/777","targetHints":{"allow":["GET"]}}],"collection":[{"href":"https:\/\/vietcorp.com\/store\/wp-json\/wp\/v2\/product"}],"about":[{"href":"https:\/\/vietcorp.com\/store\/wp-json\/wp\/v2\/types\/product"}],"wp:featuredmedia":[{"embeddable":true,"href":"https:\/\/vietcorp.com\/store\/wp-json\/wp\/v2\/media\/778"}],"wp:attachment":[{"href":"https:\/\/vietcorp.com\/store\/wp-json\/wp\/v2\/media?parent=777"}],"wp:term":[{"taxonomy":"product_brand","embeddable":true,"href":"https:\/\/vietcorp.com\/store\/wp-json\/wp\/v2\/product_brand?post=777"},{"taxonomy":"product_cat","embeddable":true,"href":"https:\/\/vietcorp.com\/store\/wp-json\/wp\/v2\/product_cat?post=777"},{"taxonomy":"product_tag","embeddable":true,"href":"https:\/\/vietcorp.com\/store\/wp-json\/wp\/v2\/product_tag?post=777"}],"curies":[{"name":"wp","href":"https:\/\/api.w.org\/{rel}","templated":true}]}}