


{"id":6217,"date":"2023-01-01T15:13:09","date_gmt":"2023-01-01T08:13:09","guid":{"rendered":"https:\/\/www.vietcorp.com\/store\/?post_type=product&#038;p=6217"},"modified":"2024-11-21T13:22:36","modified_gmt":"2024-11-21T06:22:36","slug":"synology-e25g30-f2","status":"publish","type":"product","link":"https:\/\/vietcorp.com\/store\/6217\/synology-e25g30-f2\/","title":{"rendered":"Synology E25G30-F2"},"content":{"rendered":"<h2><strong>Thi\u1ebft b\u1ecb card m\u1ea1ng <a href=\"https:\/\/www.vietcorp.com\/store\/6217\/synology-e25g30-f2\/\">Synology E25G30-F2<\/a><\/strong><\/h2>\n<div class=\"pure-u-1-1 pure-u-lg-1-2\">\n<div class=\"intro\">\n<p class=\"desc\">Card b\u1ed5 tr\u1ee3 SFP28 25GbE c\u1ed5ng k\u00e9p cho h\u1ec7 th\u1ed1ng Synology<\/p>\n<\/div>\n<\/div>\n<p><strong>Th\u00f4ng s\u1ed1 k\u1ef9 thu\u1eadt Synology E25G30-F2:<\/strong><\/p>\n<ul>\n<li><strong> T\u1ed1c \u0111\u1ed9 truy\u1ec1n d\u1eef li\u1ec7u:<\/strong> 25 Gbps\/10 Gbps<\/li>\n<li><strong>Th\u00f4ng l\u01b0\u1ee3ng:<\/strong> Dual-port 25GbE SFP28<\/li>\n<li><strong>H\u1ed7 tr\u1ee3:<\/strong> Optical SR, Optical LR, v\u00e0 DAC<\/li>\n<li><strong> Host Bus Interface (giao di\u1ec7n giao ti\u1ebfp v\u1edbi m\u00e1y ch\u1ee7):<\/strong> PCIe 3.0 x8<\/li>\n<li><strong> B\u1ea3o h\u00e0nh:<\/strong> 60 th\u00e1ng<\/li>\n<\/ul>\n<h3 style=\"text-align: center;\"><strong>K\u1ebft n\u1ed1i 25GbE \u0111\u1ec3 t\u00edch h\u1ee3p li\u1ec1n m\u1ea1ch v\u1edbi h\u1ec7 th\u1ed1ng m\u1ea1ng c\u1ee7a doanh nghi\u1ec7p hi\u1ec7n \u0111\u1ea1i<\/strong><\/h3>\n<p style=\"text-align: center;\"><strong>Th\u00f4ng l\u01b0\u1ee3ng<\/strong><\/p>\n<p style=\"text-align: center;\"><img decoding=\"async\" class=\"aligncenter size-full wp-image-6332\" src=\"https:\/\/www.vietcorp.com\/store\/wp-content\/uploads\/2023\/01\/icon_performance.png\" alt=\"Thi\u1ebft b\u1ecb card m\u1ea1ng Synology E25G30-F2 1\" width=\"64\" height=\"64\" \/><\/p>\n<p style=\"text-align: center;\">T\u0103ng hi\u1ec7u su\u1ea5t m\u1ea1ng v\u1edbi k\u1ebft n\u1ed1i 25GbE<\/p>\n<p style=\"text-align: center;\"><strong>T\u00ednh linh ho\u1ea1t<\/strong><\/p>\n<p style=\"text-align: center;\"><img decoding=\"async\" class=\"aligncenter size-full wp-image-6331\" src=\"https:\/\/www.vietcorp.com\/store\/wp-content\/uploads\/2023\/01\/icon_flexibility.png\" alt=\"Thi\u1ebft b\u1ecb card m\u1ea1ng Synology E25G30-F2 2\" width=\"64\" height=\"64\" \/><\/p>\n<p style=\"text-align: center;\">H\u1ed7 tr\u1ee3 SR quang h\u1ecdc, LR quang h\u1ecdc v\u00e0 DAC<\/p>\n<p style=\"text-align: center;\"><strong>Kh\u1ea3 n\u0103ng t\u01b0\u01a1ng th\u00edch<\/strong><\/p>\n<p style=\"text-align: center;\"><img decoding=\"async\" class=\"aligncenter size-full wp-image-6330\" src=\"https:\/\/www.vietcorp.com\/store\/wp-content\/uploads\/2023\/01\/icon_compatibility.png\" alt=\"Thi\u1ebft b\u1ecb card m\u1ea1ng Synology E25G30-F2 3\" width=\"64\" height=\"64\" \/><\/p>\n<p style=\"text-align: center;\">\u0110\u01b0\u1ee3c thi\u1ebft k\u1ebf \u0111\u1ec3 \u0111\u1ea1t hi\u1ec7u su\u1ea5t v\u00e0 \u0111\u1ed9 tin c\u1eady t\u1ed1i \u0111a trong c\u00e1c h\u1ec7 th\u1ed1ng Synology<\/p>\n<h3 style=\"text-align: center;\"><strong>N\u00e2ng c\u1ea5p k\u1ebft n\u1ed1i hi\u1ec7u su\u1ea5t cao<\/strong><\/h3>\n<p style=\"text-align: center;\"><strong><img decoding=\"async\" class=\"aligncenter size-full wp-image-6335\" src=\"https:\/\/www.vietcorp.com\/store\/wp-content\/uploads\/2023\/01\/Synology-e25g30-f2-3.jpg\" alt=\"Thi\u1ebft b\u1ecb card m\u1ea1ng Synology E25G30-F2 4\" width=\"600\" height=\"372\" srcset=\"https:\/\/vietcorp.com\/store\/wp-content\/uploads\/2023\/01\/Synology-e25g30-f2-3.jpg 600w, https:\/\/vietcorp.com\/store\/wp-content\/uploads\/2023\/01\/Synology-e25g30-f2-3-400x248.jpg 400w, https:\/\/vietcorp.com\/store\/wp-content\/uploads\/2023\/01\/Synology-e25g30-f2-3-367x228.jpg 367w\" sizes=\"(max-width: 600px) 100vw, 600px\" \/><\/strong><\/p>\n<p style=\"text-align: center;\"><strong>T\u00f9y ch\u1ecdn SFP28 linh ho\u1ea1t<\/strong><\/p>\n<p style=\"text-align: center;\">H\u1ed7 tr\u1ee3 c\u00e1c thi\u1ebft b\u1ecb thu ph\u00e1t t\u1ea7m ng\u1eafn v\u00e0 t\u1ea7m xa c\u0169ng nh\u01b0 c\u00e1c t\u00f9y ch\u1ecdn DAC cho ph\u00e9p l\u1ef1a ch\u1ecdn k\u1ebft n\u1ed1i linh ho\u1ea1t.<\/p>\n<p style=\"text-align: center;\"><strong>Link Aggregation<\/strong><\/p>\n<p style=\"text-align: center;\">B\u1ea1n c\u00f3 th\u1ec3 k\u1ebft h\u1ee3p c\u00e1c c\u1ed5ng 25GbE k\u00e9p th\u00e0nh Nh\u00f3m Link Aggregation \u0111\u1ec3 t\u0103ng th\u00f4ng l\u01b0\u1ee3ng l\u00ean t\u1edbi 50 Gb\/gi\u00e2y, \u0111\u1ed3ng th\u1eddi cung c\u1ea5p ch\u1ee9c n\u0103ng c\u00e2n b\u1eb1ng t\u1ea3i v\u00e0 chuy\u1ec3n \u0111\u1ed5i d\u1ef1 ph\u00f2ng cho c\u1ed5ng.<\/p>\n<p style=\"text-align: center;\"><strong>Gi\u1ea3m m\u1ee9c t\u1ea3i CPU v\u00e0 c\u00e2n b\u1eb1ng t\u1ea3i<\/strong><\/p>\n<p style=\"text-align: center;\">H\u1ed7 tr\u1ee3 c\u00e1c c\u00f4ng ngh\u1ec7 gi\u1ea3m v\u00e0 c\u00e2n b\u1eb1ng t\u1ea3i c\u1ee7a CPU, t\u1ea1o \u0111i\u1ec1u ki\u1ec7n cho hi\u1ec7u su\u1ea5t t\u1ed1i \u01b0u c\u1ee7a h\u1ec7 th\u1ed1ng.<\/p>\n<h3 style=\"text-align: center;\"><strong>B\u1ea3o h\u00e0nh 5 n\u0103m<\/strong><\/h3>\n<p style=\"text-align: center;\"><img decoding=\"async\" class=\"aligncenter size-full wp-image-6204\" src=\"https:\/\/www.vietcorp.com\/store\/wp-content\/uploads\/2020\/11\/expansion-unit-synology-rxd1219sas-5.png\" alt=\"Thi\u1ebft b\u1ecb card m\u1ea1ng Synology E25G30-F2 5\" width=\"199\" height=\"169\" \/><\/p>\n<p style=\"text-align: center;\"><a href=\"https:\/\/www.vietcorp.com\/store\/nas-synology\/\"><strong>Synology<\/strong><\/a> cam k\u1ebft \u0111\u1ed5i m\u1edbi v\u00e0 ch\u1ea5t l\u01b0\u1ee3ng s\u1ea3n ph\u1ea9m. Synology \u0111\u1ea3m b\u1ea3o tr\u1ea3i nghi\u1ec7m qu\u1ea3n l\u00fd d\u1eef li\u1ec7u m\u1ea1nh m\u1ebd v\u00e0 \u0111\u00e1ng tin c\u1eady v\u1edbi ch\u01b0\u01a1ng tr\u00ecnh b\u1ea3o h\u00e0nh c\u00f3 gi\u1edbi h\u1ea1n 5 n\u0103m, cung c\u1ea5p d\u1ecbch v\u1ee5 h\u1ed7 tr\u1ee3 k\u1ef9 thu\u1eadt v\u00e0 thay th\u1ebf ph\u1ea7n c\u1ee9ng nhanh ch\u00f3ng \u0111\u1ec3 t\u1ed1i \u0111a h\u00f3a l\u1ee3i t\u1ee9c \u0111\u1ea7u t\u01b0 c\u1ee7a b\u1ea1n.<\/p>\n<p>T\u00ecm hi\u1ec3u th\u00eam v\u1ec1 Synology:<\/p>\n<ul>\n<li><a href=\"https:\/\/www.vietcorp.com\/vn\/chung-nhan\/\">Ch\u1ee9ng nh\u1eadn Synology<\/a><\/li>\n<li><a href=\"https:\/\/vietcorp.com\/support\/synology\/\">Support Synology<\/a><\/li>\n<li><a href=\"https:\/\/www.vietcorp.com\/blog\/tag\/showcase-synology\/\">Showcase Synology<\/a><\/li>\n<\/ul>\n","protected":false},"excerpt":{"rendered":"<p>Synology E25G30-F2<br \/>\nT\u1ed1c \u0111\u1ed9 truy\u1ec1n d\u1eef li\u1ec7u: 25 Gbps\/10 Gbps<br \/>\nTh\u00f4ng l\u01b0\u1ee3ng: Dual-port 25GbE SFP28<br \/>\nH\u1ed7 tr\u1ee3: Optical SR, Optical LR, v\u00e0 DAC<br \/>\nB\u1ea3o h\u00e0nh 60 th\u00e1ng<\/p>\n","protected":false},"featured_media":7503,"template":"","meta":[],"product_brand":[],"product_cat":[193],"product_tag":[43,44,23],"class_list":{"0":"post-6217","1":"product","2":"type-product","3":"status-publish","4":"has-post-thumbnail","6":"product_cat-thiet-bi-mang","7":"product_tag-all-in-card","8":"product_tag-phu-kien-synology","9":"product_tag-synology","11":"first","12":"onbackorder","13":"taxable","14":"shipping-taxable","15":"purchasable","16":"product-type-simple"},"_links":{"self":[{"href":"https:\/\/vietcorp.com\/store\/wp-json\/wp\/v2\/product\/6217","targetHints":{"allow":["GET"]}}],"collection":[{"href":"https:\/\/vietcorp.com\/store\/wp-json\/wp\/v2\/product"}],"about":[{"href":"https:\/\/vietcorp.com\/store\/wp-json\/wp\/v2\/types\/product"}],"wp:featuredmedia":[{"embeddable":true,"href":"https:\/\/vietcorp.com\/store\/wp-json\/wp\/v2\/media\/7503"}],"wp:attachment":[{"href":"https:\/\/vietcorp.com\/store\/wp-json\/wp\/v2\/media?parent=6217"}],"wp:term":[{"taxonomy":"product_brand","embeddable":true,"href":"https:\/\/vietcorp.com\/store\/wp-json\/wp\/v2\/product_brand?post=6217"},{"taxonomy":"product_cat","embeddable":true,"href":"https:\/\/vietcorp.com\/store\/wp-json\/wp\/v2\/product_cat?post=6217"},{"taxonomy":"product_tag","embeddable":true,"href":"https:\/\/vietcorp.com\/store\/wp-json\/wp\/v2\/product_tag?post=6217"}],"curies":[{"name":"wp","href":"https:\/\/api.w.org\/{rel}","templated":true}]}}