


{"id":3674,"date":"2023-01-01T01:44:23","date_gmt":"2022-12-31T18:44:23","guid":{"rendered":"https:\/\/www.vietcorp.com\/store\/?post_type=product&#038;p=3674"},"modified":"2025-12-11T14:14:13","modified_gmt":"2025-12-11T07:14:13","slug":"synology-sa3400d","status":"publish","type":"product","link":"https:\/\/vietcorp.com\/store\/3674\/synology-sa3400d\/","title":{"rendered":"Synology SA3400D"},"content":{"rendered":"<h2><strong>Thi\u1ebft b\u1ecb l\u01b0u tr\u1eef NAS <a href=\"https:\/\/www.vietcorp.com\/store\/3674\/synology-sa3400d\/\">Synology SA3400D<\/a><\/strong><\/h2>\n<p>\u0110\u1ea3m b\u1ea3o t\u00ednh li\u00ean t\u1ee5c c\u1ee7a d\u1ecbch v\u1ee5 v\u1edbi b\u1ed9 nh\u1edb ho\u1ea1t \u0111\u1ed9ng hi\u1ec7u qu\u1ea3 v\u00e0 c\u00f3 t\u00ednh s\u1eb5n s\u00e0ng cao.<\/p>\n<ul>\n<li><strong>Th\u00f4ng s\u1ed1 k\u1ef9 thu\u1eadt NAS Synology SA3400D:<\/strong><\/li>\n<li><strong> S\u1ed1 m\u00f4-\u0111un \u0111i\u1ec1u khi\u1ec3n:<\/strong> 2<\/li>\n<li><strong>CPU:<\/strong> Intel Xeon D-1541 8-core 2.1 (c\u0103n b\u1ea3n) \/ 2.7 (t\u1ed1c \u0111\u1ed9 cao) GHz<\/li>\n<li><strong>RAM:<\/strong> 8 GB DDR4 ECC UDIMM (m\u1ed7i b\u1ed9 \u0111i\u1ec1u khi\u1ec3n) n\u00e2ng c\u1ea5p 64 GB (16 GB x 4) (m\u1ed7i b\u1ed9 \u0111i\u1ec1u khi\u1ec3n)<\/li>\n<li><strong>Storage:<\/strong> 12 khay \u1ed5 \u0111\u0129a c\u00f3 th\u1ec3 m\u1edf r\u1ed9ng 36 (RXD1219sas x 2)<\/li>\n<li><strong>Dung l\u01b0\u1ee3ng l\u01b0u tr\u1eef:<\/strong> L\u00ean \u0111\u1ebfn 576 TB<\/li>\n<li><strong>External ports:<\/strong> 2 c\u1ed5ng RJ-45 1GbE (c\u00f3 h\u1ed7 tr\u1ee3 Link Aggregation\/Chuy\u1ec3n \u0111\u1ed5i d\u1ef1 ph\u00f2ng) (m\u1ed7i b\u1ed9 \u0111i\u1ec1u khi\u1ec3n), 1 c\u1ed5ng RJ-45 10GbE (m\u1ed7i b\u1ed9 \u0111i\u1ec1u khi\u1ec3n)<\/li>\n<li><strong>B\u1ea3o h\u00e0nh 60 th\u00e1ng<\/strong><\/li>\n<\/ul>\n<p><center><iframe loading=\"lazy\" title=\"YouTube video player\" src=\"https:\/\/www.youtube.com\/embed\/N11tjjdtCjo?si=eSCsOATwHB3y4CGc\" width=\"560\" height=\"315\" frameborder=\"0\" allowfullscreen=\"allowfullscreen\"><\/iframe><\/center><\/p>\n<h3 style=\"text-align: center;\"><strong>Gi\u1ea3i ph\u00e1p l\u01b0u tr\u1eef t\u1ec7p v\u00e0 kh\u1ed1i c\u00f3 t\u00ednh s\u1eb5n s\u00e0ng cao<\/strong><\/h3>\n<p style=\"text-align: center;\"><strong>D\u1ec5 truy c\u1eadp v\u00e0 thu\u1eadn ti\u1ec7n<\/strong><\/p>\n<p style=\"text-align: center;\"><img decoding=\"async\" class=\"aligncenter size-full wp-image-3687\" src=\"https:\/\/www.vietcorp.com\/store\/wp-content\/uploads\/2023\/01\/synology-sa3400d-1.jpg\" alt=\"Thi\u1ebft b\u1ecb l\u01b0u tr\u1eef NAS Synology SA3400D 1\" width=\"92\" height=\"71\" \/><\/p>\n<p style=\"text-align: center;\">Duy tr\u00ec t\u00ednh s\u1eb5n c\u00f3 d\u1eef li\u1ec7u v\u1edbi m\u00f4-\u0111un b\u1ed9 \u0111i\u1ec1u khi\u1ec3n k\u00e9p t\u00edch h\u1ee3p t\u00ednh s\u1eb5n s\u00e0ng cao d\u1ea1ng active-passive<\/p>\n<p style=\"text-align: center;\"><strong>\u1ee8ng d\u1ee5ng linh ho\u1ea1t<\/strong><\/p>\n<p style=\"text-align: center;\"><img decoding=\"async\" class=\"aligncenter size-full wp-image-3688\" src=\"https:\/\/www.vietcorp.com\/store\/wp-content\/uploads\/2023\/01\/synology-sa3400d-2.jpg\" alt=\"Thi\u1ebft b\u1ecb l\u01b0u tr\u1eef NAS Synology SA3400D 2\" width=\"73\" height=\"75\" \/><\/p>\n<p style=\"text-align: center;\">Qu\u1ea3n l\u00fd, ph\u00e2n ph\u1ed1i v\u00e0 b\u1ea3o v\u1ec7 d\u1eef li\u1ec7u, sao l\u01b0u c\u00e1c \u0111i\u1ec3m cu\u1ed1i v\u00e0 b\u1ea3o v\u1ec7 c\u01a1 s\u1edf v\u1eadt ch\u1ea5t<\/p>\n<p style=\"text-align: center;\"><strong>Nhanh ch\u00f3ng v\u00e0 hi\u1ec7u qu\u1ea3<\/strong><\/p>\n<p style=\"text-align: center;\"><img decoding=\"async\" class=\"aligncenter size-full wp-image-3689\" src=\"https:\/\/www.vietcorp.com\/store\/wp-content\/uploads\/2023\/01\/synology-sa3400d-3.jpg\" alt=\"Thi\u1ebft b\u1ecb l\u01b0u tr\u1eef NAS Synology SA3400D 3\" width=\"80\" height=\"75\" \/><\/p>\n<p style=\"text-align: center;\">Th\u00f4ng l\u01b0\u1ee3ng \u0111\u1ecdc\/ghi tu\u1ea7n t\u1ef1 h\u01a1n 3.500\/2.900 MB\/s1 v\u00e0 dung l\u01b0\u1ee3ng l\u01b0u tr\u1eef t\u1ed1i \u0111a h\u01a1n 500 TB<\/p>\n<h3 style=\"text-align: center;\"><strong>T\u00edch h\u1ee3p t\u00ednh s\u1eb5n s\u00e0ng cao<\/strong><\/h3>\n<p style=\"text-align: center;\">\u0110\u1ea3m b\u1ea3o t\u00ednh li\u00ean t\u1ee5c c\u1ee7a d\u1ecbch v\u1ee5 chia s\u1ebb t\u1eadp tin, l\u01b0u tr\u1eef kh\u1ed1i, sao l\u01b0u v\u00e0 c\u00e1c \u1ee9ng d\u1ee5ng v\u0103n ph\u00f2ng kh\u00e1c v\u1edbi t\u00ednh n\u0103ng chuy\u1ec3n \u0111\u1ed5i d\u1ef1 ph\u00f2ng t\u1ef1 \u0111\u1ed9ng t\u1eebng ph\u00fat. H\u1ea1n ch\u1ebf t\u00ecnh tr\u1ea1ng gi\u00e1n \u0111o\u1ea1n ho\u1ea1t \u0111\u1ed9ng v\u1edbi hai b\u1ed9 \u0111i\u1ec1u khi\u1ec3n \u0111\u1ed9c l\u1eadp v\u00e0 c\u00f3 th\u1ec3 thay th\u1ebf n\u00f3ng, ho\u1ea1t \u0111\u1ed9ng tr\u00ean c\u1ea5u h\u00ecnh ch\u1ee7 \u0111\u1ed9ng-th\u1ee5 \u0111\u1ed9ng.<\/p>\n<p style=\"text-align: center;\"><strong>Chuy\u1ec3n \u0111\u1ed5i d\u1ef1 ph\u00f2ng t\u1ef1 \u0111\u1ed9ng t\u1eebng ph\u00fat<\/strong><\/p>\n<p style=\"text-align: center;\"><strong><img decoding=\"async\" class=\"aligncenter size-full wp-image-3690\" src=\"https:\/\/www.vietcorp.com\/store\/wp-content\/uploads\/2023\/01\/synology-sa3400d-4.jpg\" alt=\"Thi\u1ebft b\u1ecb l\u01b0u tr\u1eef NAS Synology SA3400D 4\" width=\"600\" height=\"441\" srcset=\"https:\/\/vietcorp.com\/store\/wp-content\/uploads\/2023\/01\/synology-sa3400d-4.jpg 600w, https:\/\/vietcorp.com\/store\/wp-content\/uploads\/2023\/01\/synology-sa3400d-4-400x294.jpg 400w, https:\/\/vietcorp.com\/store\/wp-content\/uploads\/2023\/01\/synology-sa3400d-4-367x270.jpg 367w\" sizes=\"(max-width: 600px) 100vw, 600px\" \/><\/strong><\/p>\n<p style=\"text-align: center;\"><strong>B\u1ea3o v\u1ec7 d\u1eef li\u1ec7u c\u00f4ng vi\u1ec7c theo th\u1eddi gian th\u1ef1c<\/strong><\/p>\n<p style=\"text-align: center;\"><img decoding=\"async\" class=\"aligncenter size-full wp-image-3691\" src=\"https:\/\/www.vietcorp.com\/store\/wp-content\/uploads\/2023\/01\/synology-sa3400d-5.jpg\" alt=\"Thi\u1ebft b\u1ecb l\u01b0u tr\u1eef NAS Synology SA3400D 5\" width=\"600\" height=\"468\" srcset=\"https:\/\/vietcorp.com\/store\/wp-content\/uploads\/2023\/01\/synology-sa3400d-5.jpg 600w, https:\/\/vietcorp.com\/store\/wp-content\/uploads\/2023\/01\/synology-sa3400d-5-400x312.jpg 400w, https:\/\/vietcorp.com\/store\/wp-content\/uploads\/2023\/01\/synology-sa3400d-5-367x286.jpg 367w\" sizes=\"(max-width: 600px) 100vw, 600px\" \/><\/p>\n<h3 style=\"text-align: center;\"><strong>D\u00e0nh cho m\u00f4i tr\u01b0\u1eddng c\u00f3 \u0111\u00f2i h\u1ecfi kh\u1eaft khe<\/strong><\/h3>\n<p style=\"text-align: center;\"><strong>Synology SA3400D<\/strong> \u0111\u01b0\u1ee3c thi\u1ebft k\u1ebf \u0111\u1ec3 cung c\u1ea5p hi\u1ec7u su\u1ea5t v\u01b0\u1ee3t tr\u1ed9i trong c\u1ea3 vai tr\u00f2 l\u01b0u tr\u1eef NAS v\u00e0 SAN. Th\u00f4ng l\u01b0\u1ee3ng v\u00e0 hi\u1ec7u su\u1ea5t I\/O ng\u1eabu nhi\u00ean c\u1ee7a thi\u1ebft b\u1ecb h\u1ed7 tr\u1ee3 ph\u00e2n ph\u1ed1i t\u1eadp tin SMB v\u00e0 NFS hi\u1ec7u qu\u1ea3 c\u0169ng nh\u01b0 m\u1ed9t lo\u1ea1t c\u00e1c \u1ee9ng d\u1ee5ng l\u01b0u tr\u1eef kh\u1ed1i iSCSI v\u00e0 Fibre Channel.<\/p>\n<h3 style=\"text-align: center;\"><strong>H\u1ee3p nh\u1ea5t c\u01a1 s\u1edf h\u1ea1 t\u1ea7ng d\u1eef li\u1ec7u<\/strong><\/h3>\n<p style=\"text-align: center;\">Qu\u1ea3n l\u00fd, b\u1ea3o v\u1ec7 v\u00e0 chia s\u1ebb d\u1eef li\u1ec7u v\u1edbi c\u00e1c gi\u1ea3i ph\u00e1p kinh doanh linh ho\u1ea1t. T\u1ea1o \u0111i\u1ec1u ki\u1ec7n l\u00e0m vi\u1ec7c nh\u00f3m, \u1ee9ng d\u1ee5ng h\u1ed9p c\u00e1t v\u00e0 cung c\u1ea5p b\u1ed9 l\u01b0u tr\u1eef VM tr\u00ean m\u1ed9t n\u1ec1n t\u1ea3ng h\u1ee3p nh\u1ea5t.<\/p>\n<h4 style=\"text-align: center;\"><strong>Qu\u1ea3n l\u00fd \u0111\u00e1m m\u00e2y ri\u00eang<\/strong><\/h4>\n<p style=\"text-align: center;\"><strong>Chia s\u1ebb th\u01b0 m\u1ee5c hi\u1ec7u qu\u1ea3 v\u00e0 an to\u00e0n<\/strong><\/p>\n<p style=\"text-align: center;\"><img decoding=\"async\" class=\"aligncenter size-full wp-image-3693\" src=\"https:\/\/www.vietcorp.com\/store\/wp-content\/uploads\/2023\/01\/synology-sa3400d-7.jpg\" alt=\"Thi\u1ebft b\u1ecb l\u01b0u tr\u1eef NAS Synology SA3400D 6\" width=\"600\" height=\"297\" srcset=\"https:\/\/vietcorp.com\/store\/wp-content\/uploads\/2023\/01\/synology-sa3400d-7.jpg 600w, https:\/\/vietcorp.com\/store\/wp-content\/uploads\/2023\/01\/synology-sa3400d-7-400x198.jpg 400w, https:\/\/vietcorp.com\/store\/wp-content\/uploads\/2023\/01\/synology-sa3400d-7-367x182.jpg 367w\" sizes=\"(max-width: 600px) 100vw, 600px\" \/><\/p>\n<p style=\"text-align: center;\">Xem, ch\u1ec9nh s\u1eeda v\u00e0 chia s\u1ebb d\u1eef li\u1ec7u qua c\u00e1c \u1ee9ng d\u1ee5ng tr\u00ean m\u00e1y t\u00ednh \u0111\u1ec3 b\u00e0n, thi\u1ebft b\u1ecb di \u0111\u1ed9ng v\u00e0 n\u1ec1n t\u1ea3ng web. Cho ph\u00e9p ng\u01b0\u1eddi d\u00f9ng truy c\u1eadp v\u00e0o c\u00e1c th\u01b0 m\u1ee5c chia s\u1ebb qua SMB ho\u1eb7c NFS v\u00e0 t\u1eadn d\u1ee5ng kh\u1ea3 n\u0103ng t\u00edch h\u1ee3p Microsoft AD ho\u1eb7c LDAP \u0111\u1ec3 qu\u1ea3n l\u00fd quy\u1ec1n v\u00e0 truy c\u1eadp c\u1ee7a ng\u01b0\u1eddi d\u00f9ng hi\u1ec7u qu\u1ea3.<\/p>\n<p style=\"text-align: center;\"><strong>\u0110\u1ed3ng b\u1ed9 t\u1eadp tin hi\u1ec7u qu\u1ea3 gi\u1eefa c\u00e1c c\u01a1 s\u1edf<\/strong><\/p>\n<p style=\"text-align: center;\"><img decoding=\"async\" class=\"aligncenter size-full wp-image-3694\" src=\"https:\/\/www.vietcorp.com\/store\/wp-content\/uploads\/2023\/01\/synology-sa3400d-8.jpg\" alt=\"Thi\u1ebft b\u1ecb l\u01b0u tr\u1eef NAS Synology SA3400D 7\" width=\"600\" height=\"251\" srcset=\"https:\/\/vietcorp.com\/store\/wp-content\/uploads\/2023\/01\/synology-sa3400d-8.jpg 600w, https:\/\/vietcorp.com\/store\/wp-content\/uploads\/2023\/01\/synology-sa3400d-8-400x167.jpg 400w, https:\/\/vietcorp.com\/store\/wp-content\/uploads\/2023\/01\/synology-sa3400d-8-367x154.jpg 367w\" sizes=\"(max-width: 600px) 100vw, 600px\" \/><\/p>\n<p style=\"text-align: center;\">\u0110\u1ed3ng b\u1ed9 ho\u1eb7c ph\u00e2n ph\u1ed1i d\u1eef li\u1ec7u gi\u1eefa c\u00e1c m\u00e1y ch\u1ee7 v\u1edbi <a href=\"https:\/\/www.vietcorp.com\/store\/synology-drive\/\">Synology Drive<\/a> ShareSync \u0111\u1ec3 ph\u00e2n b\u1ed5 c\u00e1c t\u1eadp tin c\u00f4ng vi\u1ec7c m\u1edbi nh\u1ea5t cho c\u00e1c nh\u00f3m l\u00e0m vi\u1ec7c tr\u00ean to\u00e0n th\u1ebf gi\u1edbi. Ho\u1eb7c t\u1ea1o h\u1ec7 th\u1ed1ng t\u1eadp tin to\u00e0n c\u1ea7u bao g\u1ed3m b\u1ed9 nh\u1edb \u0111\u00e1m m\u00e2y C2 Storage v\u00e0 nhi\u1ec1u h\u1ec7 th\u1ed1ng Synology c\u00f3 t\u00ednh n\u0103ng <a href=\"https:\/\/www.vietcorp.com\/store\/hybrid-share\/\">Hybrid Share<\/a>.<\/p>\n<h3 style=\"text-align: center;\"><strong>B\u1ea3o v\u1ec7 d\u1eef li\u1ec7u t\u00edch h\u1ee3p<\/strong><\/h3>\n<p style=\"text-align: center;\"><strong>Sao l\u01b0u PC, m\u00e1y ch\u1ee7, t\u00e0i kho\u1ea3n SaaS v\u00e0 m\u00e1y \u1ea3o<\/strong><\/p>\n<p style=\"text-align: center;\"><img decoding=\"async\" class=\"aligncenter size-full wp-image-3695\" src=\"https:\/\/www.vietcorp.com\/store\/wp-content\/uploads\/2023\/01\/synology-sa3400d-9.jpg\" alt=\"Thi\u1ebft b\u1ecb l\u01b0u tr\u1eef NAS Synology SA3400D 8\" width=\"600\" height=\"388\" srcset=\"https:\/\/vietcorp.com\/store\/wp-content\/uploads\/2023\/01\/synology-sa3400d-9.jpg 600w, https:\/\/vietcorp.com\/store\/wp-content\/uploads\/2023\/01\/synology-sa3400d-9-400x259.jpg 400w, https:\/\/vietcorp.com\/store\/wp-content\/uploads\/2023\/01\/synology-sa3400d-9-367x237.jpg 367w\" sizes=\"(max-width: 600px) 100vw, 600px\" \/><\/p>\n<p style=\"text-align: center;\">H\u1ee3p nh\u1ea5t v\u00e0 t\u1ef1 \u0111\u1ed9ng h\u00f3a c\u00e1c t\u00e1c v\u1ee5 sao l\u01b0u cho PC, m\u00e1y ch\u1ee7, m\u00e1y \u1ea3o, \u1ee9ng d\u1ee5ng SaaS, v.v. v\u1edbi Active Backup Suite. Qu\u1ea3n l\u00fd t\u1ea5t c\u1ea3 t\u00e1c v\u1ee5 sao l\u01b0u t\u1eeb b\u1ea3ng \u0111i\u1ec1u khi\u1ec3n trung t\u00e2m v\u00e0 nhanh ch\u00f3ng kh\u00f4i ph\u1ee5c c\u00e1c t\u1eadp tin c\u1ee5 th\u1ec3, to\u00e0n b\u1ed9 thi\u1ebft b\u1ecb, d\u1ecbch v\u1ee5 \u1ea3o v\u00e0 t\u00e0i kho\u1ea3n SaaS c\u1ee7a nh\u00e2n vi\u00ean \u0111\u1ec3 duy tr\u00ec ho\u1ea1t \u0111\u1ed9ng kinh doanh.<\/p>\n<p style=\"text-align: center;\"><strong>T\u1ea1o b\u1ea3n sao l\u01b0u ngo\u00e0i c\u01a1 s\u1edf cho c\u00e1c th\u01b0 m\u1ee5c chia s\u1ebb, LUN, v.v.<\/strong><\/p>\n<p style=\"text-align: center;\"><img decoding=\"async\" class=\"aligncenter size-full wp-image-3696\" src=\"https:\/\/www.vietcorp.com\/store\/wp-content\/uploads\/2023\/01\/synology-sa3400d-10.jpg\" alt=\"Thi\u1ebft b\u1ecb l\u01b0u tr\u1eef NAS Synology SA3400D 9\" width=\"600\" height=\"378\" srcset=\"https:\/\/vietcorp.com\/store\/wp-content\/uploads\/2023\/01\/synology-sa3400d-10.jpg 600w, https:\/\/vietcorp.com\/store\/wp-content\/uploads\/2023\/01\/synology-sa3400d-10-400x252.jpg 400w, https:\/\/vietcorp.com\/store\/wp-content\/uploads\/2023\/01\/synology-sa3400d-10-367x231.jpg 367w\" sizes=\"(max-width: 600px) 100vw, 600px\" \/><\/p>\n<p style=\"text-align: center;\">Sao l\u01b0u c\u00e1c th\u01b0 m\u1ee5c, LUN, \u1ee9ng d\u1ee5ng v\u00e0 c\u1ea5u h\u00ecnh chia s\u1ebb t\u1eeb m\u00e1y ch\u1ee7 Synology l\u00ean m\u00e1y ch\u1ee7 ph\u1ee5, thi\u1ebft b\u1ecb ngo\u00e0i ho\u1eb7c C2 Storage3 qua <a href=\"https:\/\/www.vietcorp.com\/store\/hyper-backup\/\">Hyper Backup<\/a>. L\u00ean l\u1ecbch cho c\u00e1c t\u00e1c v\u1ee5 sao l\u01b0u, gi\u1eef c\u00e1c phi\u00ean b\u1ea3n b\u1ea1n c\u1ea7n v\u1edbi ch\u00ednh s\u00e1ch l\u01b0u gi\u1eef linh ho\u1ea1t v\u00e0 gi\u1ea3m k\u00edch th\u01b0\u1edbc sao l\u01b0u b\u1eb1ng t\u00ednh n\u0103ng kh\u1eed tr\u00f9ng l\u1eb7p d\u1eef li\u1ec7u t\u00edch h\u1ee3p. Ho\u1eb7c h\u1ea1n ch\u1ebf t\u00ecnh tr\u1ea1ng m\u1ea5t d\u1eef li\u1ec7u v\u1edbi t\u00ednh n\u0103ng <a href=\"https:\/\/www.vietcorp.com\/store\/snapshot-replication\/\">Snapshot Replication<\/a>, t\u1ea1o b\u1ea3n ghi nhanh t\u1ea1m th\u1eddi trong kho\u1ea3ng th\u1eddi gian ng\u1eafn nh\u1ea5t l\u00e0 5 ph\u00fat.<\/p>\n<h3 style=\"text-align: center;\"><strong>Gi\u1ea3i ph\u00e1p t\u0103ng n\u0103ng su\u1ea5t l\u00e0m vi\u1ec7c<\/strong><\/h3>\n<p style=\"text-align: center;\"><strong>T\u0103ng n\u0103ng su\u1ea5t l\u00e0m vi\u1ec7c nh\u00f3m b\u1eb1ng c\u00e1c c\u00f4ng c\u1ee5 c\u1ed9ng t\u00e1c<\/strong><\/p>\n<p style=\"text-align: center;\"><img decoding=\"async\" class=\"aligncenter size-full wp-image-3697\" src=\"https:\/\/www.vietcorp.com\/store\/wp-content\/uploads\/2023\/01\/synology-sa3400d-11.jpg\" alt=\"Thi\u1ebft b\u1ecb l\u01b0u tr\u1eef NAS Synology SA3400D 10\" width=\"655\" height=\"410\" srcset=\"https:\/\/vietcorp.com\/store\/wp-content\/uploads\/2023\/01\/synology-sa3400d-11.jpg 655w, https:\/\/vietcorp.com\/store\/wp-content\/uploads\/2023\/01\/synology-sa3400d-11-600x376.jpg 600w, https:\/\/vietcorp.com\/store\/wp-content\/uploads\/2023\/01\/synology-sa3400d-11-640x401.jpg 640w, https:\/\/vietcorp.com\/store\/wp-content\/uploads\/2023\/01\/synology-sa3400d-11-400x250.jpg 400w, https:\/\/vietcorp.com\/store\/wp-content\/uploads\/2023\/01\/synology-sa3400d-11-367x230.jpg 367w\" sizes=\"(max-width: 655px) 100vw, 655px\" \/><\/p>\n<p style=\"text-align: center;\">C\u1ea3i thi\u1ec7n kh\u1ea3 n\u0103ng h\u1ee3p t\u00e1c t\u1ea1i n\u01a1i l\u00e0m vi\u1ec7c v\u1edbi c\u00e1c gi\u1ea3i ph\u00e1p t\u0103ng n\u0103ng su\u1ea5t c\u1ee7a Synology. T\u1ea1o, ch\u1ec9nh s\u1eeda v\u00e0 chia s\u1ebb t\u00e0i li\u1ec7u gi\u1eefa c\u00e1c nh\u00f3m l\u00e0m vi\u1ec7c trong th\u1eddi gian th\u1ef1c v\u1edbi <a href=\"https:\/\/www.vietcorp.com\/store\/synology-office\/\">Synology Office<\/a>. L\u01b0u tr\u1eef m\u00e1y ch\u1ee7 th\u01b0 t\u1ea1i c\u01a1 s\u1edf v\u1edbi MailPlus, cung c\u1ea5p quy\u1ec1n truy c\u1eadp email tr\u00ean n\u1ec1n web m\u00e0 v\u1eabn gi\u1eef to\u00e0n b\u1ed9 quy\u1ec1n s\u1edf h\u1eefu d\u1eef li\u1ec7u. \u0110\u1ed3ng th\u1eddi, duy tr\u00ec k\u1ebft n\u1ed1i th\u00f4ng qua c\u00e1c cu\u1ed9c tr\u00f2 chuy\u1ec7n tr\u1ef1c ti\u1ebfp an to\u00e0n, c\u00e1c k\u00eanh c\u00f4ng khai, k\u00eanh ri\u00eang m\u00e3 h\u00f3a v\u00e0 c\u00e1c cu\u1ed9c tr\u00f2 chuy\u1ec7n nh\u00f3m trong <a href=\"https:\/\/www.vietcorp.com\/store\/synology-chat\/\">Synology Chat<\/a>.<\/p>\n<p style=\"text-align: center;\"><strong>H\u1ed9p c\u00e1t v\u00e0 kh\u00f4i ph\u1ee5c t\u1ee9c th\u00ec c\u00e1c d\u1ecbch v\u1ee5 quan tr\u1ecdng<\/strong><\/p>\n<p style=\"text-align: center;\"><img decoding=\"async\" class=\"aligncenter size-full wp-image-3698\" src=\"https:\/\/www.vietcorp.com\/store\/wp-content\/uploads\/2023\/01\/synology-sa3400d-12.jpg\" alt=\"Thi\u1ebft b\u1ecb l\u01b0u tr\u1eef NAS Synology SA3400D 11\" width=\"667\" height=\"401\" srcset=\"https:\/\/vietcorp.com\/store\/wp-content\/uploads\/2023\/01\/synology-sa3400d-12.jpg 667w, https:\/\/vietcorp.com\/store\/wp-content\/uploads\/2023\/01\/synology-sa3400d-12-600x361.jpg 600w, https:\/\/vietcorp.com\/store\/wp-content\/uploads\/2023\/01\/synology-sa3400d-12-640x385.jpg 640w, https:\/\/vietcorp.com\/store\/wp-content\/uploads\/2023\/01\/synology-sa3400d-12-400x240.jpg 400w, https:\/\/vietcorp.com\/store\/wp-content\/uploads\/2023\/01\/synology-sa3400d-12-367x221.jpg 367w\" sizes=\"(max-width: 667px) 100vw, 667px\" \/><\/p>\n<p style=\"text-align: center;\">Kh\u00f4i ph\u1ee5c t\u1ee9c th\u00ec c\u00e1c m\u00e1y ch\u1ee7 v\u1eadt l\u00fd v\u00e0 m\u00e1y \u1ea3o \u0111\u00e3 sao l\u01b0u ho\u1eb7c th\u1eed nghi\u1ec7m c\u00e1c \u1ee9ng d\u1ee5ng m\u1edbi trong m\u00f4i tr\u01b0\u1eddng \u0111\u00f3ng v\u1edbi Synology <a href=\"https:\/\/www.vietcorp.com\/store\/virtual-machine-manager-giam-sat-may-ao-truc-quan\/\">Virtual Machine Manager<\/a> \u2013 ph\u1ea7n m\u1ec1m gi\u00e1m s\u00e1t m\u00e1y \u1ea3o cho Windows\u00ae, Linux\u00ae v\u00e0 Virtual DSM c\u00f3 t\u00edch h\u1ee3p t\u00ednh n\u0103ng b\u1ea3n ghi nhanh v\u00e0 kh\u00f4i ph\u1ee5c phi\u00ean b\u1ea3n. Ho\u1eb7c v\u1eadn h\u00e0nh v\u00f9ng ch\u1ee9a Docker tr\u00ean <a href=\"https:\/\/www.vietcorp.com\/store\/container-manager\/\">Synology Container Manager<\/a> v\u00e0 t\u1eadn h\u01b0\u1edfng l\u1ee3i \u00edch t\u1eeb quy tr\u00ecnh qu\u1ea3n l\u00fd d\u1ec5 d\u00e0ng, th\u00f4ng b\u00e1o c\u1eadp nh\u1eadt t\u1ef1 \u0111\u1ed9ng v\u00e0 h\u1ed7 tr\u1ee3 So\u1ea1n email.<\/p>\n<p style=\"text-align: center;\"><strong>H\u1ed7 tr\u1ee3 c\u00e1c n\u1ec1n t\u1ea3ng \u1ea3o h\u00f3a h\u00e0ng \u0111\u1ea7u trong ng\u00e0nh<\/strong><\/p>\n<p style=\"text-align: center;\"><img decoding=\"async\" class=\"aligncenter size-full wp-image-3699\" src=\"https:\/\/www.vietcorp.com\/store\/wp-content\/uploads\/2023\/01\/synology-sa3400d-13.jpg\" alt=\"Thi\u1ebft b\u1ecb l\u01b0u tr\u1eef NAS Synology SA3400D 12\" width=\"590\" height=\"283\" srcset=\"https:\/\/vietcorp.com\/store\/wp-content\/uploads\/2023\/01\/synology-sa3400d-13.jpg 590w, https:\/\/vietcorp.com\/store\/wp-content\/uploads\/2023\/01\/synology-sa3400d-13-400x192.jpg 400w, https:\/\/vietcorp.com\/store\/wp-content\/uploads\/2023\/01\/synology-sa3400d-13-367x176.jpg 367w\" sizes=\"(max-width: 590px) 100vw, 590px\" \/><\/p>\n<p style=\"text-align: center;\">Synology SA3400D cung c\u1ea5p kh\u1ea3 n\u0103ng l\u01b0u tr\u1eef hi\u1ec7u qu\u1ea3 cho c\u00e1c m\u00f4i tr\u01b0\u1eddng \u1ea3o h\u00f3a, \u0111\u1ea7y \u0111\u1ee7 ch\u1ee9ng nh\u1eadn cho VMware\u00ae vSphere\u2122, Citrix\u00ae XenServer\u2122 v\u00e0 OpenStack. Synology Storage Console cung c\u1ea5p kh\u1ea3 n\u0103ng qu\u1ea3n l\u00fd tr\u1ef1c ti\u1ebfp t\u1eeb n\u1ec1n t\u1ea3ng VMware\u00ae ho\u1eb7c Windows, \u0111\u1ed3ng th\u1eddi h\u1ed7 tr\u1ee3 VMware VAAI v\u00e0 Microsoft ODX gi\u00fap gi\u1ea3m t\u1ea3i v\u00e0 t\u0103ng t\u1ed1c ho\u1ea1t \u0111\u1ed9ng truy\u1ec1n d\u1eef li\u1ec7u.<\/p>\n<h3 style=\"text-align: center;\"><strong>T\u00f9y ch\u1ecdn linh ho\u1ea1t \u0111\u1ec3 \u0111\u00e1p \u1ee9ng nhu c\u1ea7u thay \u0111\u1ed5i<\/strong><\/h3>\n<p style=\"text-align: center;\">Linh ho\u1ea1t thay \u0111\u1ed5i quy m\u00f4 dung l\u01b0\u1ee3ng l\u01b0u tr\u1eef, t\u1ed1i \u01b0u h\u00f3a hi\u1ec7u su\u1ea5t I\/O v\u00e0 \u0111\u00e1p \u1ee9ng c\u00e1c nhu c\u1ea7u m\u1ea1ng kh\u00e1c nhau v\u1edbi nhi\u1ec1u t\u00f9y ch\u1ecdn m\u1edf r\u1ed9ng.<\/p>\n<p style=\"text-align: center;\"><strong><img decoding=\"async\" class=\"aligncenter size-full wp-image-3700\" src=\"https:\/\/www.vietcorp.com\/store\/wp-content\/uploads\/2023\/01\/synology-sa3400d-14.jpg\" alt=\"Thi\u1ebft b\u1ecb l\u01b0u tr\u1eef NAS Synology SA3400D 13\" width=\"662\" height=\"477\" srcset=\"https:\/\/vietcorp.com\/store\/wp-content\/uploads\/2023\/01\/synology-sa3400d-14.jpg 662w, https:\/\/vietcorp.com\/store\/wp-content\/uploads\/2023\/01\/synology-sa3400d-14-600x432.jpg 600w, https:\/\/vietcorp.com\/store\/wp-content\/uploads\/2023\/01\/synology-sa3400d-14-640x461.jpg 640w, https:\/\/vietcorp.com\/store\/wp-content\/uploads\/2023\/01\/synology-sa3400d-14-400x288.jpg 400w, https:\/\/vietcorp.com\/store\/wp-content\/uploads\/2023\/01\/synology-sa3400d-14-367x264.jpg 367w\" sizes=\"(max-width: 662px) 100vw, 662px\" \/><\/strong><\/p>\n<p style=\"text-align: center;\"><strong>B\u1ed5 sung dung l\u01b0\u1ee3ng l\u01b0u tr\u1eef theo y\u00eau c\u1ea7u<\/strong><\/p>\n<p style=\"text-align: center;\">M\u1edf r\u1ed9ng dung l\u01b0\u1ee3ng m\u00e1y ch\u1ee7 l\u00ean t\u1edbi 576 TB khi nhu c\u1ea7u l\u01b0u tr\u1eef d\u1eef li\u1ec7u t\u0103ng l\u00ean b\u1eb1ng c\u00e1ch th\u00eam hai thi\u1ebft b\u1ecb m\u1edf r\u1ed9ng 12 khay RXD1219sas.<\/p>\n<p style=\"text-align: center;\"><strong>T\u0103ng hi\u1ec7u su\u1ea5t m\u1ea1ng v\u00e0 I\/O<\/strong><\/p>\n<p style=\"text-align: center;\">Th\u00eam k\u1ebft n\u1ed1i 1\/10\/25 GbE v\u1edbi c\u00e1c lo\u1ea1i card b\u1ed5 tr\u1ee3 t\u00f9y ch\u1ecdn.8 T\u1ea1o \u1ed5 l\u01b0u tr\u1eef all-flash v\u1edbi \u1ed5 SSD SAS \u0111\u1ec3 t\u0103ng t\u1ed1c I\/O ho\u1eb7c t\u0103ng IOPS c\u0169ng nh\u01b0 gi\u1ea3m \u0111\u1ed9 tr\u1ec5 tr\u00ean \u1ed5 HDD b\u1eb1ng c\u00e1ch t\u1ea1o \u1ed5 \u0111\u0129a \u0111\u1ec7m \u0111\u1ecdc\/ghi SSD SAS.<\/p>\n<h3 style=\"text-align: center;\"><strong>T\u0103ng c\u01b0\u1eddng hi\u1ec7u su\u1ea5t b\u1eb1ng \u1ed5 c\u1ee9ng Synology<\/strong><\/h3>\n<p style=\"text-align: center;\"><img decoding=\"async\" class=\"aligncenter size-full wp-image-3701\" src=\"https:\/\/www.vietcorp.com\/store\/wp-content\/uploads\/2023\/01\/synology-sa3400d-15.jpg\" alt=\"Thi\u1ebft b\u1ecb l\u01b0u tr\u1eef NAS Synology SA3400D 14\" width=\"653\" height=\"406\" srcset=\"https:\/\/vietcorp.com\/store\/wp-content\/uploads\/2023\/01\/synology-sa3400d-15.jpg 653w, https:\/\/vietcorp.com\/store\/wp-content\/uploads\/2023\/01\/synology-sa3400d-15-600x373.jpg 600w, https:\/\/vietcorp.com\/store\/wp-content\/uploads\/2023\/01\/synology-sa3400d-15-640x398.jpg 640w, https:\/\/vietcorp.com\/store\/wp-content\/uploads\/2023\/01\/synology-sa3400d-15-400x249.jpg 400w, https:\/\/vietcorp.com\/store\/wp-content\/uploads\/2023\/01\/synology-sa3400d-15-367x228.jpg 367w\" sizes=\"(max-width: 653px) 100vw, 653px\" \/><\/p>\n<p style=\"text-align: center;\">\u0110\u01b0\u1ee3c thi\u1ebft k\u1ebf \u0111\u1ec3 x\u1eed l\u00fd kh\u1ed1i l\u01b0\u1ee3ng c\u00f4ng vi\u1ec7c l\u1edbn, \u1ed5 c\u1ee9ng Synology lu\u00f4n mang l\u1ea1i hi\u1ec7u su\u1ea5t cao nh\u1ea5t.<\/p>\n<h3 style=\"text-align: center;\"><strong>Synology lu\u00f4n s\u00e1t c\u00e1nh b\u00ean b\u1ea1n<\/strong><\/h3>\n<p style=\"text-align: center;\">Synology SA3400D \u0111\u01b0\u1ee3c h\u1ed7 tr\u1ee3 b\u1edfi ch\u01b0\u01a1ng tr\u00ecnh b\u1ea3o h\u00e0nh c\u00f3 gi\u1edbi h\u1ea1n 5 n\u0103m c\u1ee7a Synology, bao g\u1ed3m h\u1ed7 tr\u1ee3 k\u1ef9 thu\u1eadt v\u00e0 d\u1ecbch v\u1ee5 thay th\u1ebf ph\u1ea7n c\u1ee9ng \u0111\u1ec3 t\u1ed1i \u0111a h\u00f3a l\u1ee3i t\u1ee9c \u0111\u1ea7u t\u01b0 c\u1ee7a b\u1ea1n v\u00e0 \u0111\u1ea3m b\u1ea3o duy tr\u00ec hi\u1ec7u su\u1ea5t ch\u1ea5t l\u01b0\u1ee3ng cao.<\/p>\n<h3 style=\"text-align: center;\"><strong>B\u1ec1 m\u1eb7t ngo\u00e0i NAS <a href=\"https:\/\/www.vietcorp.com\/store\/nas-synology\/\">Synology<\/a> SA3400D<\/strong><\/h3>\n<p><img decoding=\"async\" class=\"aligncenter size-full wp-image-3702\" src=\"https:\/\/www.vietcorp.com\/store\/wp-content\/uploads\/2023\/01\/synology-sa3400d-16.jpg\" alt=\"Thi\u1ebft b\u1ecb l\u01b0u tr\u1eef NAS Synology SA3400D 15\" width=\"1399\" height=\"478\" srcset=\"https:\/\/vietcorp.com\/store\/wp-content\/uploads\/2023\/01\/synology-sa3400d-16.jpg 1399w, https:\/\/vietcorp.com\/store\/wp-content\/uploads\/2023\/01\/synology-sa3400d-16-600x205.jpg 600w, https:\/\/vietcorp.com\/store\/wp-content\/uploads\/2023\/01\/synology-sa3400d-16-1024x350.jpg 1024w, https:\/\/vietcorp.com\/store\/wp-content\/uploads\/2023\/01\/synology-sa3400d-16-768x262.jpg 768w, https:\/\/vietcorp.com\/store\/wp-content\/uploads\/2023\/01\/synology-sa3400d-16-640x219.jpg 640w, https:\/\/vietcorp.com\/store\/wp-content\/uploads\/2023\/01\/synology-sa3400d-16-400x137.jpg 400w, https:\/\/vietcorp.com\/store\/wp-content\/uploads\/2023\/01\/synology-sa3400d-16-367x125.jpg 367w\" sizes=\"(max-width: 1399px) 100vw, 1399px\" \/><\/p>\n<p><center><iframe loading=\"lazy\" title=\"Synology SA3400D #NAS #Synology #Vietcorp\" src=\"https:\/\/www.youtube.com\/embed\/iPaqeahBfRw\" width=\"452\" height=\"803\" frameborder=\"0\" allowfullscreen=\"allowfullscreen\"><\/iframe><\/center>Xem th\u00eam NAS Synology:<\/p>\n<ul>\n<li><a href=\"https:\/\/www.vietcorp.com\/vn\/chung-nhan\/\">Ch\u1ee9ng nh\u1eadn Synology<\/a><\/li>\n<li><a href=\"https:\/\/vietcorp.com\/support\/synology\/\">Support Synology<\/a><\/li>\n<li><a href=\"https:\/\/www.vietcorp.com\/blog\/tag\/showcase-synology\/\">Showcase Synology<\/a><\/li>\n<\/ul>\n<p>&nbsp;<\/p>\n","protected":false},"excerpt":{"rendered":"<p>Thi\u1ebft b\u1ecb l\u01b0u tr\u1eef NAS Synology SA3400D<br \/>\nNAS 12 khay \u1ed5 \u0111\u0129a max 36 \u1ed5 \u0111\u0129a<br \/>\n8 GB DDR4 ECC upto 64 GB<br \/>\n1 10GbE RJ-45, 2 1GbE RJ-45<br \/>\nB\u1ea3o h\u00e0nh 60 th\u00e1ng<\/p>\n","protected":false},"featured_media":6861,"template":"","meta":[],"product_brand":[],"product_cat":[404],"product_tag":[458,30,454,59,452,23,453],"class_list":{"0":"post-3674","1":"product","2":"type-product","3":"status-publish","4":"has-post-thumbnail","6":"product_cat-sa-series","7":"product_tag-diskstation-sa-series","8":"product_tag-nas-12-bay","9":"product_tag-nas-sa3400d","10":"product_tag-sa-series","11":"product_tag-sa3400d","12":"product_tag-synology","13":"product_tag-synology-sa3400d","14":"pa_thuong-hieu-synology","16":"first","17":"onbackorder","18":"taxable","19":"shipping-taxable","20":"product-type-simple"},"_links":{"self":[{"href":"https:\/\/vietcorp.com\/store\/wp-json\/wp\/v2\/product\/3674","targetHints":{"allow":["GET"]}}],"collection":[{"href":"https:\/\/vietcorp.com\/store\/wp-json\/wp\/v2\/product"}],"about":[{"href":"https:\/\/vietcorp.com\/store\/wp-json\/wp\/v2\/types\/product"}],"wp:featuredmedia":[{"embeddable":true,"href":"https:\/\/vietcorp.com\/store\/wp-json\/wp\/v2\/media\/6861"}],"wp:attachment":[{"href":"https:\/\/vietcorp.com\/store\/wp-json\/wp\/v2\/media?parent=3674"}],"wp:term":[{"taxonomy":"product_brand","embeddable":true,"href":"https:\/\/vietcorp.com\/store\/wp-json\/wp\/v2\/product_brand?post=3674"},{"taxonomy":"product_cat","embeddable":true,"href":"https:\/\/vietcorp.com\/store\/wp-json\/wp\/v2\/product_cat?post=3674"},{"taxonomy":"product_tag","embeddable":true,"href":"https:\/\/vietcorp.com\/store\/wp-json\/wp\/v2\/product_tag?post=3674"}],"curies":[{"name":"wp","href":"https:\/\/api.w.org\/{rel}","templated":true}]}}