


{"id":3666,"date":"2023-01-01T02:47:00","date_gmt":"2022-12-31T19:47:00","guid":{"rendered":"https:\/\/www.vietcorp.com\/store\/?post_type=product&#038;p=3666"},"modified":"2025-12-11T11:27:40","modified_gmt":"2025-12-11T04:27:40","slug":"synology-uc3400","status":"publish","type":"product","link":"https:\/\/vietcorp.com\/store\/3666\/synology-uc3400\/","title":{"rendered":"Synology UC3400"},"content":{"rendered":"<h2><strong>SAN <a href=\"https:\/\/www.vietcorp.com\/store\/3666\/synology-uc3400\/\">Synology UC3400<\/a><\/strong><\/h2>\n<p>SAN active-active cho c\u00e1c m\u00f4i tr\u01b0\u1eddng quan tr\u1ecdng.<\/p>\n<p><strong>Th\u00f4ng s\u1ed1 k\u1ef9 thu\u1eadt NAS Synology UC3400:<\/strong><\/p>\n<ul>\n<li><strong> S\u1ed1 m\u00f4-\u0111un \u0111i\u1ec1u khi\u1ec3n:<\/strong> 2<\/li>\n<li><strong>CPU:<\/strong> Intel Xeon D-1541 8-core 2.1 (c\u0103n b\u1ea3n) \/ 2.7 (t\u1ed1c \u0111\u1ed9 cao) GHz<\/li>\n<li><strong>RAM:<\/strong> 8 GB DDR4 ECC UDIMM (m\u1ed7i b\u1ed9 \u0111i\u1ec1u khi\u1ec3n) n\u00e2ng c\u1ea5p 64 GB (16 GB x 4) (m\u1ed7i b\u1ed9 \u0111i\u1ec1u khi\u1ec3n)<\/li>\n<li><strong>Storage:<\/strong> 12 khay \u1ed5 \u0111\u0129a c\u00f3 th\u1ec3 m\u1edf r\u1ed9ng 36 khay \u1ed5 \u0111\u0129a v\u1edbi b\u1ed9 m\u1edf r\u1ed9ng (RXD1219sas x 2)<\/li>\n<li><strong>Dung l\u01b0\u1ee3ng l\u01b0u tr\u1eef:<\/strong> L\u00ean \u0111\u1ebfn 576 TB<\/li>\n<li><strong>External ports:<\/strong>\u00a0 2 C\u1ed5ng LAN RJ-45 1 GbE (c\u00f3 h\u1ed7 tr\u1ee3 Link Aggregation\/Chuy\u1ec3n \u0111\u1ed5i d\u1ef1 ph\u00f2ng) (m\u1ed7i b\u1ed9 \u0111i\u1ec1u khi\u1ec3n), 1 C\u1ed5ng LAN RJ-45 10 GbE (m\u1ed7i b\u1ed9 \u0111i\u1ec1u khi\u1ec3n)<\/li>\n<li><strong>B\u1ea3o h\u00e0nh 60 th\u00e1ng<\/strong><\/li>\n<\/ul>\n<h3><strong>D\u1ecbch v\u1ee5 l\u01b0u tr\u1eef kh\u1ed1i li\u1ec1n m\u1ea1ch<\/strong><\/h3>\n<p style=\"text-align: center;\"><strong>M\u00f4-\u0111un \u0111i\u1ec1u khi\u1ec3n k\u00e9p<\/strong><\/p>\n<p style=\"text-align: center;\"><img decoding=\"async\" class=\"aligncenter size-full wp-image-3703\" src=\"https:\/\/www.vietcorp.com\/store\/wp-content\/uploads\/2023\/01\/synology-uc-3400-1.jpg\" alt=\"SAN Synology UC3400 1\" width=\"76\" height=\"69\" \/><\/p>\n<p style=\"text-align: center;\">\u0110\u1ea3m b\u1ea3o c\u00e1c d\u1ecbch v\u1ee5 iSCSI v\u00e0 FC kh\u00f4ng b\u1ecb gi\u00e1n \u0111o\u1ea1n<\/p>\n<p style=\"text-align: center;\"><strong>Hi\u1ec7u su\u1ea5t cao<\/strong><\/p>\n<p style=\"text-align: center;\"><img decoding=\"async\" class=\"aligncenter size-full wp-image-3704\" src=\"https:\/\/www.vietcorp.com\/store\/wp-content\/uploads\/2023\/01\/synology-uc-3400-2.jpg\" alt=\"SAN Synology UC3400 2\" width=\"76\" height=\"69\" \/><\/p>\n<p style=\"text-align: center;\">H\u01a1n 180.000 IOPS ghi ng\u1eabu nhi\u00ean 4K v\u00e0 dung l\u01b0\u1ee3ng l\u01b0u tr\u1eef l\u00ean t\u1edbi 576 TB<\/p>\n<p style=\"text-align: center;\"><strong>S\u1eb5n s\u00e0ng cho \u1ea3o h\u00f3a<\/strong><\/p>\n<p style=\"text-align: center;\"><img decoding=\"async\" class=\"aligncenter size-full wp-image-3705\" src=\"https:\/\/www.vietcorp.com\/store\/wp-content\/uploads\/2023\/01\/synology-uc-3400-3.jpg\" alt=\"SAN Synology UC3400 3\" width=\"75\" height=\"66\" \/><\/p>\n<p style=\"text-align: center;\">H\u1ed7 tr\u1ee3 \u0111\u1ea7y \u0111\u1ee7 cho c\u00e1c h\u1ec7 th\u1ed1ng \u1ea3o h\u00f3a ch\u00ednh th\u1ed1ng.<\/p>\n<h3 style=\"text-align: center;\"><strong>\u0110\u1ed9 tin c\u1eady v\u00e0 t\u00ednh s\u1eb5n s\u00e0ng cao<\/strong><\/h3>\n<p style=\"text-align: center;\"><img decoding=\"async\" class=\"aligncenter size-full wp-image-3706\" src=\"https:\/\/www.vietcorp.com\/store\/wp-content\/uploads\/2023\/01\/synology-uc-3400-4.jpg\" alt=\"SAN Synology UC3400 4\" width=\"600\" height=\"435\" srcset=\"https:\/\/vietcorp.com\/store\/wp-content\/uploads\/2023\/01\/synology-uc-3400-4.jpg 600w, https:\/\/vietcorp.com\/store\/wp-content\/uploads\/2023\/01\/synology-uc-3400-4-400x290.jpg 400w, https:\/\/vietcorp.com\/store\/wp-content\/uploads\/2023\/01\/synology-uc-3400-4-367x266.jpg 367w\" sizes=\"(max-width: 600px) 100vw, 600px\" \/><\/p>\n<p style=\"text-align: center;\">B\u1ed9 \u0111i\u1ec1u khi\u1ec3n k\u00e9p ch\u1ee7 \u0111\u1ed9ng-ch\u1ee7 \u0111\u1ed9ng ho\u1ea1t \u0111\u1ed9ng \u0111\u1ed3ng th\u1eddi \u0111\u1ec3 \u0111\u1ea3m b\u1ea3o kh\u00f4ng c\u00f3 th\u1eddi gian ng\u1eebng ho\u1ea1t \u0111\u1ed9ng trong tr\u01b0\u1eddng h\u1ee3p b\u1ed9 \u0111i\u1ec1u khi\u1ec3n b\u1ecb l\u1ed7i, c\u00f2n c\u1ea7u n\u1ed1i kh\u00f4ng trong su\u1ed1t (NTB) cho ph\u00e9p giao ti\u1ebfp gi\u1eefa c\u00e1c mi\u1ec1n \u0111\u1ec3 t\u1ed1i \u0111a h\u00f3a kh\u1ea3 n\u0103ng b\u1ea3o v\u1ec7 d\u1eef li\u1ec7u \u0111ang truy\u1ec1n.<\/p>\n<h3 style=\"text-align: center;\"><strong>SAN active-active v\u1edbi hi\u1ec7u su\u1ea5t c\u1ea5p doanh nghi\u1ec7p<\/strong><\/h3>\n<p style=\"text-align: center;\">V\u1edbi thi\u1ebft k\u1ebf d\u00e0nh cho c\u00e1c m\u00f4i tr\u01b0\u1eddng c\u00f3 t\u1ea7m quan tr\u1ecdng l\u1edbn, UC3400 l\u00e0 gi\u1ea3i ph\u00e1p SAN c\u00f3 t\u00ednh s\u1eb5n s\u00e0ng cao h\u1ed7 tr\u1ee3 c\u00e1c giao th\u1ee9c Fibre Channel (FC) v\u00e0 iSCSI. V\u1edbi h\u01a1n 180.000 IOPS ghi ng\u1eabu nhi\u00ean 4K, s\u1ea3n ph\u1ea9m h\u1ed7 tr\u1ee3 nhi\u1ec1u t\u00e1c v\u1ee5 c\u00f4ng vi\u1ec7c c\u00f3 y\u00eau c\u1ea7u kh\u1eaft khe.<\/p>\n<p style=\"text-align: center;\"><strong>Ghi ng\u1eabu nhi\u00ean<\/strong><\/p>\n<p style=\"text-align: center;\"><strong><img decoding=\"async\" class=\"aligncenter size-full wp-image-3707\" src=\"https:\/\/www.vietcorp.com\/store\/wp-content\/uploads\/2023\/01\/synology-uc-3400-5.jpg\" alt=\"SAN Synology UC3400 5\" width=\"527\" height=\"298\" srcset=\"https:\/\/vietcorp.com\/store\/wp-content\/uploads\/2023\/01\/synology-uc-3400-5.jpg 527w, https:\/\/vietcorp.com\/store\/wp-content\/uploads\/2023\/01\/synology-uc-3400-5-400x226.jpg 400w, https:\/\/vietcorp.com\/store\/wp-content\/uploads\/2023\/01\/synology-uc-3400-5-367x208.jpg 367w\" sizes=\"(max-width: 527px) 100vw, 527px\" \/><\/strong><\/p>\n<p style=\"text-align: center;\"><strong>K\u1ebft h\u1ee3p ng\u1eabu nhi\u00ean<\/strong><\/p>\n<p style=\"text-align: center;\"><img decoding=\"async\" class=\"aligncenter size-full wp-image-3708\" src=\"https:\/\/www.vietcorp.com\/store\/wp-content\/uploads\/2023\/01\/synology-uc-3400-6.jpg\" alt=\"SAN Synology UC3400 6\" width=\"679\" height=\"308\" srcset=\"https:\/\/vietcorp.com\/store\/wp-content\/uploads\/2023\/01\/synology-uc-3400-6.jpg 679w, https:\/\/vietcorp.com\/store\/wp-content\/uploads\/2023\/01\/synology-uc-3400-6-600x272.jpg 600w, https:\/\/vietcorp.com\/store\/wp-content\/uploads\/2023\/01\/synology-uc-3400-6-640x290.jpg 640w, https:\/\/vietcorp.com\/store\/wp-content\/uploads\/2023\/01\/synology-uc-3400-6-400x181.jpg 400w, https:\/\/vietcorp.com\/store\/wp-content\/uploads\/2023\/01\/synology-uc-3400-6-367x166.jpg 367w\" sizes=\"(max-width: 679px) 100vw, 679px\" \/><\/p>\n<h3 style=\"text-align: center;\"><strong>S\u1eb5n s\u00e0ng cho \u1ea3o h\u00f3a<\/strong><\/h3>\n<p style=\"text-align: center;\"><img decoding=\"async\" class=\"aligncenter size-full wp-image-3709\" src=\"https:\/\/www.vietcorp.com\/store\/wp-content\/uploads\/2023\/01\/synology-uc-3400-7.jpg\" alt=\"SAN Synology UC3400 7\" width=\"600\" height=\"374\" srcset=\"https:\/\/vietcorp.com\/store\/wp-content\/uploads\/2023\/01\/synology-uc-3400-7.jpg 600w, https:\/\/vietcorp.com\/store\/wp-content\/uploads\/2023\/01\/synology-uc-3400-7-400x249.jpg 400w, https:\/\/vietcorp.com\/store\/wp-content\/uploads\/2023\/01\/synology-uc-3400-7-367x229.jpg 367w\" sizes=\"(max-width: 600px) 100vw, 600px\" \/><\/p>\n<p style=\"text-align: center;\">Ch\u1ee9ng nh\u1eadn \u0111\u1ea7y \u0111\u1ee7 cho c\u00e1c m\u00f4i tr\u01b0\u1eddng VMware, vSphere, Microsoft Hyper-V, Citrix XenServer v\u00e0 OpenStack<\/p>\n<p style=\"text-align: center;\">H\u1ed7 tr\u1ee3 Windows Offloaded Data Transfer (ODX), T\u00edch h\u1ee3p m\u1ea3ng b\u1ed9 nh\u1edb API l\u01b0u tr\u1eef VMware vSphere (VAAI) v\u00e0 ALUA \u0111\u1ea3m b\u1ea3o c\u00e1c ho\u1ea1t \u0111\u1ed9ng l\u01b0u tr\u1eef \u0111\u01b0\u1ee3c t\u1ed1i \u01b0u v\u00e0 hi\u1ec7u qu\u1ea3<\/p>\n<p style=\"text-align: center;\">H\u1ed7 tr\u1ee3 OpenStack\u00ae Cinder gi\u00fap UC3400 tr\u1edf th\u00e0nh b\u1ed9 ph\u1eadn l\u01b0u tr\u1eef theo kh\u1ed1i.<\/p>\n<h3 style=\"text-align: center;\"><strong>T\u00f9y ch\u1ecdn m\u1ea1ng linh ho\u1ea1t<\/strong><\/h3>\n<p style=\"text-align: center;\"><img decoding=\"async\" class=\"aligncenter size-full wp-image-3710\" src=\"https:\/\/www.vietcorp.com\/store\/wp-content\/uploads\/2023\/01\/synology-uc-3400-8.jpg\" alt=\"SAN Synology UC3400 8\" width=\"600\" height=\"374\" srcset=\"https:\/\/vietcorp.com\/store\/wp-content\/uploads\/2023\/01\/synology-uc-3400-8.jpg 600w, https:\/\/vietcorp.com\/store\/wp-content\/uploads\/2023\/01\/synology-uc-3400-8-400x249.jpg 400w, https:\/\/vietcorp.com\/store\/wp-content\/uploads\/2023\/01\/synology-uc-3400-8-367x229.jpg 367w\" sizes=\"(max-width: 600px) 100vw, 600px\" \/><\/p>\n<p style=\"text-align: center;\">T\u0103ng c\u01b0\u1eddng m\u1ea1ng t\u1eeb c\u00e1c c\u1ed5ng RJ-45 10 GbE v\u00e0 1 GbE k\u00e9p sang th\u1ebb Ethernet 10\/25 Gb ho\u1eb7c HBA Fibre Channel 16 Gb tr\u00ean m\u1ed7i b\u1ed9 \u0111i\u1ec1u khi\u1ec3n.<\/p>\n<h3 style=\"text-align: center;\"><strong>T\u00edch h\u1ee3p kh\u1ea3 n\u0103ng b\u1ea3o v\u1ec7 v\u00e0 b\u1ea3o m\u1eadt d\u1eef li\u1ec7u<\/strong><\/h3>\n<p style=\"text-align: center;\">T\u1ed1i \u0111a h\u00f3a th\u1eddi gian ho\u1ea1t \u0111\u1ed9ng c\u1ee7a d\u1ecbch v\u1ee5 cho c\u00e1c d\u1ecbch v\u1ee5 quan tr\u1ecdng v\u00e0 t\u0103ng c\u01b0\u1eddng b\u1ea3o m\u1eadt d\u1eef li\u1ec7u v\u1edbi t\u00ednh n\u0103ng b\u1ea3o v\u1ec7 b\u1ea3n ghi nhanh c\u0169ng nh\u01b0 h\u1ed7 tr\u1ee3 \u1ed5 \u0111\u0129a t\u1ef1 m\u00e3 h\u00f3a trong UC3400.<\/p>\n<p style=\"text-align: center;\"><a href=\"https:\/\/www.vietcorp.com\/store\/snapshot-replication\/\"><strong>Snapshot Replication<\/strong><\/a><\/p>\n<p style=\"text-align: center;\"><img decoding=\"async\" class=\"aligncenter size-full wp-image-3711\" src=\"https:\/\/www.vietcorp.com\/store\/wp-content\/uploads\/2023\/01\/synology-uc-3400-9.jpg\" alt=\"SAN Synology UC3400 9\" width=\"600\" height=\"218\" srcset=\"https:\/\/vietcorp.com\/store\/wp-content\/uploads\/2023\/01\/synology-uc-3400-9.jpg 600w, https:\/\/vietcorp.com\/store\/wp-content\/uploads\/2023\/01\/synology-uc-3400-9-400x145.jpg 400w, https:\/\/vietcorp.com\/store\/wp-content\/uploads\/2023\/01\/synology-uc-3400-9-367x133.jpg 367w\" sizes=\"(max-width: 600px) 100vw, 600px\" \/><\/p>\n<p style=\"text-align: center;\">Ph\u1ea7n m\u1ec1m t\u00edch h\u1ee3p s\u1eb5n mang t\u1edbi kh\u1ea3 n\u0103ng b\u1ea3o v\u1ec7 b\u1ea3n ghi nhanh n\u1eafm b\u1eaft \u1ee9ng d\u1ee5ng v\u00e0 kh\u00f4i ph\u1ee5c t\u1ee9c th\u00ec c\u00e1c m\u00e1y \u1ea3o trong iSCSI LUN trong tr\u01b0\u1eddng h\u1ee3p x\u1ea3y ra s\u1ef1 c\u1ed1.<\/p>\n<p style=\"text-align: center;\"><strong>H\u1ed7 tr\u1ee3 \u1ed5 \u0111\u0129a t\u1ef1 m\u00e3 h\u00f3a<\/strong><\/p>\n<p style=\"text-align: center;\"><img decoding=\"async\" class=\"aligncenter size-full wp-image-3712\" src=\"https:\/\/www.vietcorp.com\/store\/wp-content\/uploads\/2023\/01\/synology-uc-3400-10.jpg\" alt=\"SAN Synology UC3400 10\" width=\"600\" height=\"376\" srcset=\"https:\/\/vietcorp.com\/store\/wp-content\/uploads\/2023\/01\/synology-uc-3400-10.jpg 600w, https:\/\/vietcorp.com\/store\/wp-content\/uploads\/2023\/01\/synology-uc-3400-10-400x251.jpg 400w, https:\/\/vietcorp.com\/store\/wp-content\/uploads\/2023\/01\/synology-uc-3400-10-367x230.jpg 367w\" sizes=\"(max-width: 600px) 100vw, 600px\" \/><\/p>\n<p style=\"text-align: center;\">T\u00ednh n\u0103ng h\u1ed7 tr\u1ee3 g\u1ed1c cho \u1ed5 \u0111\u0129a t\u1ef1 m\u00e3 h\u00f3a (SED) cung c\u1ea5p kh\u1ea3 n\u0103ng m\u00e3 h\u00f3a \u1edf c\u1ea5p \u0111\u1ed9 ph\u1ea7n c\u1ee9ng cho d\u1eef li\u1ec7u quan tr\u1ecdng v\u00e0 nh\u1ea1y c\u1ea3m \u1edf tr\u1ea1ng th\u00e1i ngh\u1ec9.<\/p>\n<h3 style=\"text-align: center;\"><strong>M\u1edf r\u1ed9ng b\u1ed9 nh\u1edb<\/strong><\/h3>\n<p style=\"text-align: center;\"><img decoding=\"async\" class=\"aligncenter size-full wp-image-3713\" src=\"https:\/\/www.vietcorp.com\/store\/wp-content\/uploads\/2023\/01\/synology-uc-3400-11.jpg\" alt=\"SAN Synology UC3400 11\" width=\"600\" height=\"310\" srcset=\"https:\/\/vietcorp.com\/store\/wp-content\/uploads\/2023\/01\/synology-uc-3400-11.jpg 600w, https:\/\/vietcorp.com\/store\/wp-content\/uploads\/2023\/01\/synology-uc-3400-11-400x207.jpg 400w, https:\/\/vietcorp.com\/store\/wp-content\/uploads\/2023\/01\/synology-uc-3400-11-367x190.jpg 367w\" sizes=\"(max-width: 600px) 100vw, 600px\" \/><\/p>\n<p style=\"text-align: center;\">Kh\u1ea3 n\u0103ng m\u1edf r\u1ed9ng dung l\u01b0\u1ee3ng \u0111\u01a1n gi\u1ea3n l\u00ean t\u1edbi 576 TB dung l\u01b0\u1ee3ng l\u01b0u tr\u1eef th\u00f4 v\u1edbi hai Thi\u1ebft b\u1ecb m\u1edf r\u1ed9ng Synology RXD1219sas.<\/p>\n<h3 style=\"text-align: center;\"><strong>Hi\u1ec7u su\u1ea5t \u0111\u01b0\u1ee3c h\u1ed7 tr\u1ee3 b\u1edfi \u1ed5 c\u1ee9ng Synology<\/strong><\/h3>\n<p style=\"text-align: center;\"><img decoding=\"async\" class=\"aligncenter size-full wp-image-3714\" src=\"https:\/\/www.vietcorp.com\/store\/wp-content\/uploads\/2023\/01\/synology-uc-3400-12.jpg\" alt=\"SAN Synology UC3400 12\" width=\"600\" height=\"372\" srcset=\"https:\/\/vietcorp.com\/store\/wp-content\/uploads\/2023\/01\/synology-uc-3400-12.jpg 600w, https:\/\/vietcorp.com\/store\/wp-content\/uploads\/2023\/01\/synology-uc-3400-12-400x248.jpg 400w, https:\/\/vietcorp.com\/store\/wp-content\/uploads\/2023\/01\/synology-uc-3400-12-367x228.jpg 367w\" sizes=\"(max-width: 600px) 100vw, 600px\" \/><\/p>\n<p style=\"text-align: center;\">T\u1eadn d\u1ee5ng hi\u1ec7u su\u1ea5t v\u00e0 \u0111\u1ed9 tin c\u1eady b\u1ec1n v\u1eefng cao v\u1edbi \u1ed5 \u0111\u0129a chu\u1ea9n doanh nghi\u1ec7p, t\u00edch h\u1ee3p t\u00ednh n\u0103ng b\u1ea3o v\u1ec7 thi\u1ebft k\u1ebf ri\u00eang cho c\u00e1c h\u1ec7 th\u1ed1ng Synology.<\/p>\n<h3 style=\"text-align: center;\"><strong>B\u1ea3o h\u00e0nh 5 n\u0103m<\/strong><\/h3>\n<p style=\"text-align: center;\">T\u1ea1i Synology, ch\u00fang t\u00f4i cam k\u1ebft \u0111\u1ed5i m\u1edbi v\u00e0 ch\u1ea5t l\u01b0\u1ee3ng s\u1ea3n ph\u1ea9m. Synology \u0111\u1ea3m b\u1ea3o tr\u1ea3i nghi\u1ec7m qu\u1ea3n l\u00fd d\u1eef li\u1ec7u m\u1ea1nh m\u1ebd v\u00e0 \u0111\u00e1ng tin c\u1eady v\u1edbi ch\u01b0\u01a1ng tr\u00ecnh b\u1ea3o h\u00e0nh c\u00f3 gi\u1edbi h\u1ea1n 5 n\u0103m, cung c\u1ea5p d\u1ecbch v\u1ee5 h\u1ed7 tr\u1ee3 k\u1ef9 thu\u1eadt v\u00e0 thay th\u1ebf ph\u1ea7n c\u1ee9ng nhanh ch\u00f3ng \u0111\u1ec3 t\u1ed1i \u0111a h\u00f3a l\u1ee3i t\u1ee9c \u0111\u1ea7u t\u01b0 c\u1ee7a b\u1ea1n.<\/p>\n<h3 style=\"text-align: center;\"><strong>B\u1ec1 m\u1eb7t ngo\u00e0i c\u1ee7a SAN <a href=\"https:\/\/www.vietcorp.com\/store\/nas-synology\/\">Synology<\/a> UC3400<\/strong><\/h3>\n<p><img decoding=\"async\" class=\"aligncenter size-full wp-image-3715\" src=\"https:\/\/www.vietcorp.com\/store\/wp-content\/uploads\/2023\/01\/synology-uc-3400-13.jpg\" alt=\"SAN Synology UC3400 13\" width=\"1024\" height=\"364\" srcset=\"https:\/\/vietcorp.com\/store\/wp-content\/uploads\/2023\/01\/synology-uc-3400-13.jpg 1024w, https:\/\/vietcorp.com\/store\/wp-content\/uploads\/2023\/01\/synology-uc-3400-13-600x213.jpg 600w, https:\/\/vietcorp.com\/store\/wp-content\/uploads\/2023\/01\/synology-uc-3400-13-768x273.jpg 768w, https:\/\/vietcorp.com\/store\/wp-content\/uploads\/2023\/01\/synology-uc-3400-13-640x228.jpg 640w, https:\/\/vietcorp.com\/store\/wp-content\/uploads\/2023\/01\/synology-uc-3400-13-400x142.jpg 400w, https:\/\/vietcorp.com\/store\/wp-content\/uploads\/2023\/01\/synology-uc-3400-13-367x130.jpg 367w\" sizes=\"(max-width: 1024px) 100vw, 1024px\" \/><\/p>\n<p>Xem th\u00eam NAS Synology:<\/p>\n<ul>\n<li><a href=\"https:\/\/www.vietcorp.com\/vn\/chung-nhan-synology\/\">Ch\u1ee9ng nh\u1eadn Synology<\/a><\/li>\n<li><a href=\"https:\/\/vietcorp.com\/support\/synology\/\">Support Synology<\/a><\/li>\n<li><a href=\"https:\/\/www.vietcorp.com\/blog\/tag\/showcase-synology\/\">Showcase Synology<\/a><\/li>\n<\/ul>\n","protected":false},"excerpt":{"rendered":"<p>SAN Synology UC3400<br \/>\nSAN active-active 2 m\u00f4 \u0111un<br \/>\n12 khay \u1ed5 \u0111\u0129a max 36 khay \u1ed5 \u0111\u0129a<br \/>\n8 GB DDR4 ECC upto 64 GB<br \/>\nB\u1ea3o h\u00e0nh 60 th\u00e1ng<\/p>\n","protected":false},"featured_media":6959,"template":"","meta":[],"product_brand":[],"product_cat":[377,407],"product_tag":[],"class_list":{"0":"post-3666","1":"product","2":"type-product","3":"status-publish","4":"has-post-thumbnail","6":"product_cat-san","7":"product_cat-uc-series","8":"pa_thuong-hieu-synology","10":"first","11":"onbackorder","12":"taxable","13":"shipping-taxable","14":"product-type-simple"},"_links":{"self":[{"href":"https:\/\/vietcorp.com\/store\/wp-json\/wp\/v2\/product\/3666","targetHints":{"allow":["GET"]}}],"collection":[{"href":"https:\/\/vietcorp.com\/store\/wp-json\/wp\/v2\/product"}],"about":[{"href":"https:\/\/vietcorp.com\/store\/wp-json\/wp\/v2\/types\/product"}],"wp:featuredmedia":[{"embeddable":true,"href":"https:\/\/vietcorp.com\/store\/wp-json\/wp\/v2\/media\/6959"}],"wp:attachment":[{"href":"https:\/\/vietcorp.com\/store\/wp-json\/wp\/v2\/media?parent=3666"}],"wp:term":[{"taxonomy":"product_brand","embeddable":true,"href":"https:\/\/vietcorp.com\/store\/wp-json\/wp\/v2\/product_brand?post=3666"},{"taxonomy":"product_cat","embeddable":true,"href":"https:\/\/vietcorp.com\/store\/wp-json\/wp\/v2\/product_cat?post=3666"},{"taxonomy":"product_tag","embeddable":true,"href":"https:\/\/vietcorp.com\/store\/wp-json\/wp\/v2\/product_tag?post=3666"}],"curies":[{"name":"wp","href":"https:\/\/api.w.org\/{rel}","templated":true}]}}