


{"id":351,"date":"2020-11-03T10:49:20","date_gmt":"2020-11-03T03:49:20","guid":{"rendered":"https:\/\/www.vietcorp.com\/store\/product\/synology-m2d18\/"},"modified":"2025-12-11T13:39:46","modified_gmt":"2025-12-11T06:39:46","slug":"adapter-card-synology-m2d18","status":"publish","type":"product","link":"https:\/\/vietcorp.com\/store\/351\/adapter-card-synology-m2d18\/","title":{"rendered":"Synology M2D18"},"content":{"rendered":"<h2>N\u00e2ng cao hi\u1ec7u su\u1ea5t l\u01b0u tr\u1eef c\u1ee7a b\u1ea1n l\u00ean c\u1ea5p \u0111\u1ed9 ti\u1ebfp theo<\/h2>\n<p>\u0110\u01b0\u1ee3c thi\u1ebft k\u1ebf \u0111\u1ec3 t\u0103ng c\u01b0\u1eddng hi\u1ec7u su\u1ea5t I\/O NAS c\u1ee7a b\u1ea1n, b\u1ed9 \u0111i\u1ec1u h\u1ee3p SSD Synology M.2 M2D18 gi\u00fap gi\u1ea3m \u0111\u00e1ng k\u1ec3 \u0111\u1ed9 tr\u1ec5 I\/O ng\u1eabu nhi\u00ean, mang l\u1ea1i l\u1ee3i \u00edch cho c\u00e1c \u1ee9ng d\u1ee5ng nh\u01b0 l\u1eadp ch\u1ec9 m\u1ee5c \u1ea3nh, t\u00ecm ki\u1ebfm t\u1ec7p v\u00e0 m\u00f4i tr\u01b0\u1eddng \u1ea3o h\u00f3a.<\/p>\n<p>Khe c\u1eafm SSD M.2 k\u00e9p h\u1ed7 tr\u1ee3 c\u1ea3 SSD SATA v\u00e0 NVMe, ngh\u0129a l\u00e0 b\u1ed9 nh\u1edb \u0111\u1ec7m \u0111\u1ecdc\/ghi SSD cao h\u01a1n v\u00e0 nhi\u1ec1u khoang \u1ed5 \u0111\u0129a ch\u00ednh h\u01a1n d\u00e0nh ri\u00eang cho l\u01b0u tr\u1eef d\u1eef li\u1ec7u.<sup class=\"s-sup\" data-order=\"1\"><a class=\"s-sup__link\" href=\"https:\/\/www.synology.com\/vi-vn\/products\/M2D18#footnote-0\" target=\"_self\" rel=\"noopener\" aria-describedby=\"s-suparia-1\" aria-label=\"\">1<\/a><\/sup>T\u1ea3n nhi\u1ec7t c\u00f3 th\u1ec3 g\u1eafn \u0111\u01b0\u1ee3c t\u0103ng t\u1ed1c \u0111\u1ed9 ph\u00e2n ph\u1ed1i nhi\u1ec7t c\u1ee7a SSD M.2 v\u00e0 \u0111\u1ea3m b\u1ea3o s\u1ef1 \u1ed5n \u0111\u1ecbnh c\u1ee7a h\u1ec7 th\u1ed1ng v\u1edbi hi\u1ec7u su\u1ea5t tuy\u1ec7t v\u1eddi. T\u00ednh linh ho\u1ea1t c\u1ee7a n\u00f3 trong vi\u1ec7c h\u1ed7 tr\u1ee3 c\u00e1c y\u1ebfu t\u1ed1 h\u00ecnh th\u1ee9c 2280\/2260\/2242 v\u00e0 \u0111\u00e1p \u1ee9ng nhi\u1ec1u t\u00f9y ch\u1ecdn SSD kh\u00e1c nhau gi\u00fap b\u1ea1n tr\u00e1nh kh\u1ecfi t\u00ecnh tr\u1ea1ng b\u1ecb nh\u00e0 cung c\u1ea5p kh\u00f3a ch\u1eb7t.<\/p>\n<p><img decoding=\"async\" class=\"alignnone size-full wp-image-8678\" src=\"https:\/\/www.vietcorp.com\/store\/wp-content\/uploads\/2020\/11\/M2D18-1.png\" alt=\"\" width=\"530\" height=\"346\" srcset=\"https:\/\/vietcorp.com\/store\/wp-content\/uploads\/2020\/11\/M2D18-1.png 530w, https:\/\/vietcorp.com\/store\/wp-content\/uploads\/2020\/11\/M2D18-1-400x261.png 400w, https:\/\/vietcorp.com\/store\/wp-content\/uploads\/2020\/11\/M2D18-1-367x240.png 367w\" sizes=\"(max-width: 530px) 100vw, 530px\" \/><\/p>\n","protected":false},"excerpt":{"rendered":"<p>Synology M2D18 Dual M.2 SSD adapter card<br \/>\nPCIe NVMe \/ SATA<br \/>\n2280 \/ 2260 \/ 2242<br \/>\nM-key, 2 Slots<br \/>\nB\u1ea3o h\u00e0nh 3 n\u0103m<\/p>\n","protected":false},"featured_media":7859,"template":"","meta":[],"product_brand":[],"product_cat":[191],"product_tag":[43,64,23,97,100,101],"class_list":{"0":"post-351","1":"product","2":"type-product","3":"status-publish","4":"has-post-thumbnail","6":"product_cat-linh-kien","7":"product_tag-all-in-card","8":"product_tag-ssd-adapter-card","9":"product_tag-synology","10":"product_tag-thiet-bi-luu-tru","11":"product_tag-thiet-bi-luu-tru-du-lieu","12":"product_tag-thiet-bi-luu-tru-synology","14":"first","15":"outofstock","16":"taxable","17":"shipping-taxable","18":"product-type-simple"},"_links":{"self":[{"href":"https:\/\/vietcorp.com\/store\/wp-json\/wp\/v2\/product\/351","targetHints":{"allow":["GET"]}}],"collection":[{"href":"https:\/\/vietcorp.com\/store\/wp-json\/wp\/v2\/product"}],"about":[{"href":"https:\/\/vietcorp.com\/store\/wp-json\/wp\/v2\/types\/product"}],"wp:featuredmedia":[{"embeddable":true,"href":"https:\/\/vietcorp.com\/store\/wp-json\/wp\/v2\/media\/7859"}],"wp:attachment":[{"href":"https:\/\/vietcorp.com\/store\/wp-json\/wp\/v2\/media?parent=351"}],"wp:term":[{"taxonomy":"product_brand","embeddable":true,"href":"https:\/\/vietcorp.com\/store\/wp-json\/wp\/v2\/product_brand?post=351"},{"taxonomy":"product_cat","embeddable":true,"href":"https:\/\/vietcorp.com\/store\/wp-json\/wp\/v2\/product_cat?post=351"},{"taxonomy":"product_tag","embeddable":true,"href":"https:\/\/vietcorp.com\/store\/wp-json\/wp\/v2\/product_tag?post=351"}],"curies":[{"name":"wp","href":"https:\/\/api.w.org\/{rel}","templated":true}]}}