


{"id":33,"date":"2020-11-03T09:06:25","date_gmt":"2020-11-03T02:06:25","guid":{"rendered":"https:\/\/www.vietcorp.com\/store\/product\/synology-ds218\/"},"modified":"2024-05-09T16:39:31","modified_gmt":"2024-05-09T09:39:31","slug":"thiet-bi-luu-tru-nas-synology-ds218","status":"publish","type":"product","link":"https:\/\/vietcorp.com\/store\/33\/thiet-bi-luu-tru-nas-synology-ds218\/","title":{"rendered":"Synology DS218"},"content":{"rendered":"<section class=\"wpb-content-wrapper\"><p>[vc_row][vc_column][vc_column_text]S\u1ea3n ph\u1ea9m thay th\u1ebf[\/vc_column_text]<div class=\"woocommerce \">\r\n<ul class=\"products products-container grid pcols-lg-4 pcols-md-3 pcols-xs-2 pcols-ls-1 pwidth-lg-4 pwidth-md-3 pwidth-xs-2 pwidth-ls-1 is-shortcode\"\r\r\n\t data-product_layout=\"product-default\">\r\r\n\r\n\r\r\n<li class=\"product-col product-default product type-product post-3378 status-publish first instock product_cat-nas product_tag-diskstation product_tag-ds223 product_tag-nas product_tag-nas-2-bay product_tag-nas-ds223 product_tag-synology product_tag-synology-ds223 has-post-thumbnail taxable shipping-taxable product-type-simple\">\r\r\n<div class=\"product-inner\">\r\r\n\t\r\n\r\r\n\t<div class=\"product-image\">\r\r\n\r\r\n\t\t<a  href=\"https:\/\/vietcorp.com\/store\/3378\/synology-ds223\/\" aria-label=\"product\">\r\r\n\t\t\t<div class=\"inner img-effect\"><img decoding=\"async\" width=\"600\" height=\"600\" src=\"https:\/\/vietcorp.com\/store\/wp-content\/uploads\/2023\/06\/thiet-bi-luu-tru-nas-synology-ds223-1.png\" class=\"attachment-woocommerce_thumbnail size-woocommerce_thumbnail\" alt=\"Synology DS223\" srcset=\"https:\/\/vietcorp.com\/store\/wp-content\/uploads\/2023\/06\/thiet-bi-luu-tru-nas-synology-ds223-1.png 600w, https:\/\/vietcorp.com\/store\/wp-content\/uploads\/2023\/06\/thiet-bi-luu-tru-nas-synology-ds223-1-400x400.png 400w, https:\/\/vietcorp.com\/store\/wp-content\/uploads\/2023\/06\/thiet-bi-luu-tru-nas-synology-ds223-1-560x560.png 560w, https:\/\/vietcorp.com\/store\/wp-content\/uploads\/2023\/06\/thiet-bi-luu-tru-nas-synology-ds223-1-367x367.png 367w\" sizes=\"(max-width: 600px) 100vw, 600px\" \/><img decoding=\"async\" width=\"600\" height=\"600\" src=\"https:\/\/vietcorp.com\/store\/wp-content\/uploads\/2023\/06\/thiet-bi-luu-tru-nas-synology-ds223-2.png\" class=\"hover-image\" alt=\"\" srcset=\"https:\/\/vietcorp.com\/store\/wp-content\/uploads\/2023\/06\/thiet-bi-luu-tru-nas-synology-ds223-2.png 600w, https:\/\/vietcorp.com\/store\/wp-content\/uploads\/2023\/06\/thiet-bi-luu-tru-nas-synology-ds223-2-400x400.png 400w, https:\/\/vietcorp.com\/store\/wp-content\/uploads\/2023\/06\/thiet-bi-luu-tru-nas-synology-ds223-2-560x560.png 560w, https:\/\/vietcorp.com\/store\/wp-content\/uploads\/2023\/06\/thiet-bi-luu-tru-nas-synology-ds223-2-367x367.png 367w\" sizes=\"(max-width: 600px) 100vw, 600px\" \/><\/div>\r\n\t\t<\/a>\r\r\n\t\r\n\t\r\n\t<\/div>\r\r\n\r\r\n\t<div class=\"product-content\">\r\r\n\t\t<span class=\"category-list\"><a href=\"https:\/\/vietcorp.com\/store\/product-category\/nas\/\" rel=\"tag\">NAS<\/a><\/span>\r\n\r\r\n\t\t\r\n\t<a class=\"product-loop-title\"  href=\"https:\/\/vietcorp.com\/store\/3378\/synology-ds223\/\">\r\r\n\t<h3 class=\"woocommerce-loop-product__title\">Synology DS223<\/h3>\r\n\t<\/a>\r\r\n\t\r\n\r\r\n\t\t\r\n\t<div class=\"description\">\r\r\n\t\t\r\n\t\t<p class=\"post-excerpt\">Thi\u1ebft b\u1ecb l\u01b0u tr\u1eef NAS Synology DS223<br \/>\nNAS 2 khay \u1ed5 \u0111\u0129a<br \/>\n2 GB DDR4 non-ECC<br \/>\n1 x RJ-45 1GbE LAN<br \/>\nB\u1ea3o h\u00e0nh 24 th\u00e1ng<\/p>\n\r\n\t<\/div>\r\r\n\t\n\r\n\r\r\n\t\t\r\n<div class=\"add-links-wrap\">\r\r\n\t<div class=\"add-links clearfix\">\r\r\n\t\t<a href=\"https:\/\/vietcorp.com\/store\/3378\/synology-ds223\/\" aria-describedby=\"woocommerce_loop_add_to_cart_link_describedby_3378\" data-quantity=\"1\" class=\"viewcart-style-2 button product_type_simple add_to_cart_read_more\" data-product_id=\"3378\" data-product_sku=\"SYNOLOGY-DS223\" aria-label=\"\u0110\u1ecdc th\u00eam v\u1ec1 &ldquo;Synology DS223&rdquo;\" rel=\"nofollow\" data-success_message=\"\">\u0110\u1ecdc ti\u1ebfp<\/a>\r\n\t\r\n\t<span id=\"woocommerce_loop_add_to_cart_link_describedby_3378\" class=\"screen-reader-text\">\r\r\n\t\t\r\n\t<\/span>\r\r\n\t\r\n\t<div class=\"quickview\" data-id=\"3378\" title=\"Xem nhanh\">Xem nhanh<\/div>\r\n\t<\/div>\r\r\n\t\r\n<\/div>\r\r\n<span class=\"gtm4wp_productdata\" style=\"display:none; visibility:hidden;\" data-gtm4wp_product_data=\"{&quot;internal_id&quot;:3378,&quot;item_id&quot;:3378,&quot;item_name&quot;:&quot;Synology DS223&quot;,&quot;sku&quot;:&quot;SYNOLOGY-DS223&quot;,&quot;price&quot;:0,&quot;stocklevel&quot;:26,&quot;stockstatus&quot;:&quot;instock&quot;,&quot;google_business_vertical&quot;:&quot;retail&quot;,&quot;item_category&quot;:&quot;NAS&quot;,&quot;id&quot;:3378,&quot;productlink&quot;:&quot;https:\\\/\\\/vietcorp.com\\\/store\\\/3378\\\/synology-ds223\\\/&quot;,&quot;item_list_name&quot;:&quot;General Product List&quot;,&quot;index&quot;:1,&quot;product_type&quot;:&quot;simple&quot;,&quot;item_brand&quot;:&quot;&quot;}\"><\/span>\r\n\t<\/div>\r\r\n<\/div>\r\r\n\r\r\n<\/li>\r\r\n\r\n<\/ul>\r\r\n<\/div>[vc_column_text]<\/p>\n<h4 style=\"color: red;\">S\u1ea3n ph\u1ea9m ng\u1eebng kinh doanh<\/h4>\n<p><a href=\"https:\/\/www.vietcorp.com\/store\/33\/thiet-bi-luu-tru-nas-synology-ds218\/\"><strong>Thi\u1ebft b\u1ecb l\u01b0u tr\u1eef NAS Synology DS218<\/strong><\/a> \u0111i k\u00e8m v\u1edbi b\u1ed9 vi x\u1eed l\u00fd l\u00f5i t\u1ee9 64-bit m\u1edbi mang l\u1ea1i t\u1ed1c \u0111\u1ed9 truy\u1ec1n d\u1eef li\u1ec7u tuy\u1ec7t v\u1eddi v\u00e0 h\u1ed7 tr\u1ee3 c\u00e1c \u1ee9ng d\u1ee5ng phong ph\u00fa nh\u01b0 ph\u00e1t tr\u1ef1c tuy\u1ebfn \u0111a ph\u01b0\u01a1ng ti\u1ec7n, \u0111\u1ed3ng b\u1ed9 h\u00f3a v\u00e0 chia s\u1ebb file. D\u1eef li\u1ec7u \u0111\u01b0\u1ee3c b\u1ea3o v\u1ec7 t\u1ed1t h\u01a1n nh\u1edd c\u01a1 ch\u1ebf RAID 1.<\/p>\n<h3><strong><span style=\"color: #0000ff;\"><a href=\"https:\/\/www.vietcorp.com\/store\/nas-synology\/\">NAS Synology<\/a> DS218 qu\u1ea3n l\u00fd v\u00e0 chia s\u1ebb t\u00e0i li\u1ec7u ho\u00e0n h\u1ea3o t\u1eeb DSM<\/span><\/strong><\/h3>\n<p>File Station l\u00e0 m\u1ed9t c\u00f4ng c\u1ee5 qu\u1ea3n l\u00fd web nhanh ch\u00f3ng v\u00e0 an to\u00e0n r\u1ea5t d\u1ec5 s\u1eed d\u1ee5ng, ph\u01b0\u01a1ng th\u1ee9c ho\u1ea1t \u0111\u1ed9ng tr\u1ef1c quan, ch\u1ec9 c\u1ea7n k\u00e9o v\u00e0 th\u1ea3, kh\u00f4ng c\u1ea7n c\u00e0i \u0111\u1eb7t ph\u1ee9c t\u1ea1p tr\u00ean Mac hay PC. C\u00e1c c\u00f4ng c\u1ee5 l\u1ecdc v\u00e0 t\u00ecm ki\u1ebfm n\u00e2ng cao c\u1ee7a n\u00f3 cho ph\u00e9p b\u1ea1n d\u1ec5 d\u00e0ng s\u1eafp x\u1ebfp v\u00e0 chia s\u1ebb d\u1eef li\u1ec7u. NAS Synology h\u1ed7 tr\u1ee3 c\u00e1c giao th\u1ee9c truy\u1ec1n th\u00f4ng sau: AFP, FTP, iSCSI, NFS, SMB ho\u1eb7c WebDAV.<\/p>\n<p><img decoding=\"async\" class=\"aligncenter wp-image-3825 size-full\" src=\"https:\/\/vietcorp.com\/blog\/wp-content\/uploads\/2020\/12\/file_management_computer_01.png\" alt=\"Thi\u1ebft b\u1ecb l\u01b0u tr\u1eef NAS Synology DS218 1\" width=\"650\" height=\"442\" \/><\/p>\n<h3><span style=\"color: #0000ff;\"><strong>NAS Synology DS218 truy c\u1eadp v\u00e0 \u0111\u1ed3ng b\u1ed9 h\u00f3a c\u00e1c t\u1ec7p c\u1ee7a b\u1ea1n m\u1ed9t c\u00e1ch li\u1ec1n m\u1ea1ch<\/strong><\/span><\/h3>\n<p>Synology Drive cung c\u1ea5p m\u1ed9t c\u1ed5ng th\u00f4ng tin chung \u0111\u01b0\u1ee3c t\u00edch h\u1ee3p s\u1eb5n \u0111\u1ec3 truy c\u1eadp d\u1eef li\u1ec7u c\u1ee7a b\u1ea1n m\u1ecdi l\u00fac, m\u1ecdi n\u01a1i v\u00e0 \u0111\u1ed3ng b\u1ed9 h\u00f3a t\u1ea5t c\u1ea3 c\u00e1c t\u1ec7p c\u1ee7a b\u1ea1n tr\u00ean c\u00e1c n\u1ec1n t\u1ea3ng, bao g\u1ed3m Windows, macOS, Linux, Android v\u00e0 iOS.<\/p>\n<p><img decoding=\"async\" class=\"aligncenter wp-image-3871 size-full\" src=\"https:\/\/vietcorp.com\/blog\/wp-content\/uploads\/2020\/12\/Access.jpg\" alt=\"Thi\u1ebft b\u1ecb l\u01b0u tr\u1eef NAS Synology DS218 2\" width=\"920\" height=\"645\" \/><\/p>\n<h3><span style=\"color: #0000ff;\"><strong>C\u00e1c gi\u1ea3i ph\u00e1p sao l\u01b0u d\u1ec5 d\u00e0ng<\/strong><\/span><\/h3>\n<p>Sao l\u01b0u b\u1ea5t k\u1ef3 m\u00e1y t\u00ednh ho\u1eb7c thi\u1ebft b\u1ecb di \u0111\u1ed9ng n\u00e0o v\u1edbi gi\u1ea3i ph\u00e1p sao l\u01b0u \u0111a phi\u00ean b\u1ea3n to\u00e0n di\u1ec7n. B\u1ea1n c\u00f3 th\u1ec3 b\u1ea3o v\u1ec7 m\u00e1y t\u00ednh v\u00e0 NAS c\u1ee7a m\u00ecnh tr\u01b0\u1edbc c\u00e1c cu\u1ed9c t\u1ea5n c\u00f4ng nguy hi\u1ec3m bao g\u1ed3m c\u00e1c m\u1ed1i \u0111e d\u1ecda ransomware m\u00e3 h\u00f3a \u0111ang gia t\u0103ng.<\/p>\n<h2 style=\"text-align: left;\"><strong><span style=\"color: #0000ff;\"><img decoding=\"async\" class=\"size-full wp-image-2724 aligncenter\" src=\"https:\/\/www.vietcorp.com\/store\/wp-content\/uploads\/2020\/11\/thiet-bi-luu-tru-du-lieu-nas-synology-ds218-4.jpg\" alt=\"Thi\u1ebft b\u1ecb l\u01b0u tr\u1eef NAS Synology DS218 3\" width=\"600\" height=\"314\" srcset=\"https:\/\/vietcorp.com\/store\/wp-content\/uploads\/2020\/11\/thiet-bi-luu-tru-du-lieu-nas-synology-ds218-4.jpg?v=1668218932 600w, https:\/\/vietcorp.com\/store\/wp-content\/uploads\/2020\/11\/thiet-bi-luu-tru-du-lieu-nas-synology-ds218-4-400x209.jpg?v=1668218932 400w, https:\/\/vietcorp.com\/store\/wp-content\/uploads\/2020\/11\/thiet-bi-luu-tru-du-lieu-nas-synology-ds218-4-367x192.jpg?v=1668218932 367w\" sizes=\"(max-width: 600px) 100vw, 600px\" \/><\/span><\/strong><\/h2>\n<h3 style=\"text-align: left;\"><strong><span style=\"color: #0000ff;\">H\u1ed7 tr\u1ee3 t<\/span><\/strong><span style=\"color: #0000ff;\"><strong>ruy c\u1eadp file d\u1ec5 d\u00e0ng v\u1edbi QuickConnect<\/strong><\/span><\/h3>\n<p>Truy c\u1eadp c\u00e1c file c\u1ee7a b\u1ea1n qua Internet m\u00e0 kh\u00f4ng g\u1eb7p r\u1eafc r\u1ed1i khi c\u00e0i \u0111\u1eb7t c\u00e1c quy t\u1eafc chuy\u1ec3n ti\u1ebfp c\u1ed5ng, DDNS ho\u1eb7c c\u00e1c c\u00e0i \u0111\u1eb7t m\u1ea1ng ph\u1ee9c t\u1ea1p kh\u00e1c. QuickConnect cho ph\u00e9p b\u1ea1n k\u1ebft n\u1ed1i qua m\u1ed9t \u0111\u1ecba ch\u1ec9 an to\u00e0n, c\u00f3 th\u1ec3 t\u00f9y ch\u1ec9nh \u0111\u1ec3 b\u1ea1n c\u00f3 th\u1ec3 truy c\u1eadp ngay l\u1eadp t\u1ee9c v\u00e0o c\u00e1c file \u0111a ph\u01b0\u01a1ng ti\u1ec7n tr\u00ean b\u1ea5t k\u1ef3 thi\u1ebft b\u1ecb k\u1ebft n\u1ed1i Internet n\u00e0o m\u00e0 kh\u00f4ng ph\u1ea3i tr\u1ea3 th\u00eam ph\u00ed.<\/p>\n<p><img decoding=\"async\" class=\"aligncenter wp-image-1293 size-full\" src=\"https:\/\/vietcorp.com\/store\/wp-content\/uploads\/2020\/11\/nas-synology-ds120j-quickConnect_01-vietcorp.png\" alt=\"Thi\u1ebft b\u1ecb l\u01b0u tr\u1eef NAS Synology DS218 4\" width=\"692\" height=\"364\" srcset=\"https:\/\/vietcorp.com\/store\/wp-content\/uploads\/2020\/11\/nas-synology-ds120j-quickConnect_01-vietcorp.png?v=1668220331 692w, https:\/\/vietcorp.com\/store\/wp-content\/uploads\/2020\/11\/nas-synology-ds120j-quickConnect_01-vietcorp-600x316.png?v=1668220331 600w, https:\/\/vietcorp.com\/store\/wp-content\/uploads\/2020\/11\/nas-synology-ds120j-quickConnect_01-vietcorp-640x337.png?v=1668220331 640w, https:\/\/vietcorp.com\/store\/wp-content\/uploads\/2020\/11\/nas-synology-ds120j-quickConnect_01-vietcorp-400x210.png?v=1668220331 400w, https:\/\/vietcorp.com\/store\/wp-content\/uploads\/2020\/11\/nas-synology-ds120j-quickConnect_01-vietcorp-367x193.png?v=1668220331 367w\" sizes=\"(max-width: 692px) 100vw, 692px\" \/><\/p>\n<h3><span style=\"color: #0000ff;\"><strong>Truy\u1ec1n n\u1ed9i dung \u0111\u1ebfn TV<\/strong><\/span><\/h3>\n<p>Bi\u1ebfn NAS Synology th\u00e0nh 1 trung t\u00e2m gi\u1ea3i tr\u00ed t\u1ea1i nh\u00e0 v\u00e0 cho ph\u00e9p truy\u1ec1n d\u1eef li\u1ec7u \u0111\u1ebfn m\u00e1y t\u00ednh, thi\u1ebft b\u1ecb di \u0111\u1ed9ng, Samsung TV, Apple TV, Google Chromecast v\u00e0 c\u00e1c thi\u1ebft b\u1ecb DLNA d\u1ec5 d\u00e0ng.<\/p>\n<h2><span style=\"color: #0000ff;\"><strong><img decoding=\"async\" class=\"aligncenter wp-image-1109 size-full\" src=\"https:\/\/vietcorp.com\/store\/wp-content\/uploads\/2020\/11\/ds220j-stream_TV_02.png\" alt=\"Thi\u1ebft b\u1ecb l\u01b0u tr\u1eef NAS Synology DS218 5\" width=\"70%\" height=\"\" srcset=\"https:\/\/vietcorp.com\/store\/wp-content\/uploads\/2020\/11\/ds220j-stream_TV_02.png?v=1668220589 745w, https:\/\/vietcorp.com\/store\/wp-content\/uploads\/2020\/11\/ds220j-stream_TV_02-600x329.png?v=1668220589 600w, https:\/\/vietcorp.com\/store\/wp-content\/uploads\/2020\/11\/ds220j-stream_TV_02-640x350.png?v=1668220589 640w, https:\/\/vietcorp.com\/store\/wp-content\/uploads\/2020\/11\/ds220j-stream_TV_02-400x219.png?v=1668220589 400w, https:\/\/vietcorp.com\/store\/wp-content\/uploads\/2020\/11\/ds220j-stream_TV_02-367x201.png?v=1668220589 367w\" sizes=\"(max-width: 745px) 100vw, 745px\" \/><\/strong><\/span><\/h2>\n<h3><span style=\"color: #0000ff;\"><strong>B\u1ec1 ngo\u00e0i NAS Synology DS218<\/strong><\/span><\/h3>\n<table>\n<tbody>\n<tr>\n<td style=\"text-align: center;\"><strong>M\u1eb7t tr\u01b0\u1edbc NAS Synology DS218<\/strong><\/td>\n<td style=\"text-align: center;\"><strong>M\u1eb7t sau NAS Synology DS218<\/strong><\/td>\n<\/tr>\n<tr>\n<td colspan=\"2\"><img decoding=\"async\" class=\"alignnone size-full wp-image-1465\" src=\"https:\/\/vietcorp.com\/store\/wp-content\/uploads\/2020\/11\/backpanel_02.png\" alt=\"Thi\u1ebft b\u1ecb l\u01b0u tr\u1eef NAS Synology DS218 6\" width=\"337\" height=\"394\" \/> <img decoding=\"async\" class=\"alignnone size-full wp-image-1466\" src=\"https:\/\/vietcorp.com\/store\/wp-content\/uploads\/2020\/11\/backpanel_01.png\" alt=\"Thi\u1ebft b\u1ecb l\u01b0u tr\u1eef NAS Synology DS218 7\" width=\"337\" height=\"394\" \/><\/td>\n<\/tr>\n<tr>\n<td>1. \u0110\u00e8n b\u00e1o tr\u1ea1ng th\u00e1i<\/td>\n<td>7. C\u1ed5ng USB 3.0<\/td>\n<\/tr>\n<tr>\n<td>2. \u0110\u00e8n b\u00e1o m\u1ea1ng LAN<\/td>\n<td>8. N\u00fat reset<\/td>\n<\/tr>\n<tr>\n<td>3. \u0110\u00e8n b\u00e1o tr\u1ea1ng th\u00e1i \u1ed5 \u0111\u0129a<\/td>\n<td>9. C\u1ed5ng m\u1ea1ng RJ-45 1GBs<\/td>\n<\/tr>\n<tr>\n<td>4. C\u1ed5ng USB 2.0<\/td>\n<td>10. Ngu\u1ed3n \u0111i\u1ec7n<\/td>\n<\/tr>\n<tr>\n<td>5. N\u00fat sao ch\u00e9p USB<\/td>\n<td>11. Qu\u1ea1t h\u1ec7 th\u1ed1ng<\/td>\n<\/tr>\n<tr>\n<td>6. N\u00fat ngu\u1ed3n v\u00e0 \u0111\u00e8n b\u00e1o<\/td>\n<td>12. Khe b\u1ea3o m\u1eadt Kensington<\/td>\n<\/tr>\n<\/tbody>\n<\/table>\n<p>Xem th\u00eam th\u00f4ng tin h\u1ed7 tr\u1ee3 cho\u00a0<b>Thi\u1ebft b\u1ecb l\u01b0u tr\u1eef Nas Synology DS218<\/b><\/p>\n<ul>\n<li><a href=\"https:\/\/www.vietcorp.com\/vn\/2819\/chung-nhan-vietcorp-doi-tac-cua-synology\/\">Ch\u1ee9ng nh\u1eadn Synology<\/a><\/li>\n<li><a href=\"https:\/\/vietcorp.com\/support\/synology\/\">Support Synology<\/a><\/li>\n<li><a href=\"https:\/\/www.vietcorp.com\/blog\/tag\/showcase-synology\/\">Showcase Synology<\/a><\/li>\n<\/ul>\n<p>[\/vc_column_text][\/vc_column][\/vc_row]<\/p>\n<\/section>","protected":false},"excerpt":{"rendered":"<h4 style=\"color: red;\"><strong>S\u1ea2N PH\u1ea8M NG\u1eeaNG KINH DOANH<\/strong><\/h4>\n<p><a href=\"https:\/\/www.vietcorp.com\/blog\/danh-sach-san-pham-synology-ngung-kinh-doanh-14724.html\/\">(Danh s\u00e1ch s\u1ea3n ph\u1ea9m Synology ng\u1eebng kinh doanh)<\/a><br \/>\nThi\u1ebft b\u1ecb l\u01b0u tr\u1eef NAS Synology DS218<br \/>\nNAS 2 khay \u1ed5 \u0111\u0129a<br \/>\nQuad-core 1.4 GHz CPU<br \/>\nOver 112 MB\/s reading performance<br \/>\nB\u1ea3o h\u00e0nh 24 th\u00e1ng<\/p>\n","protected":false},"featured_media":2725,"template":"","meta":[],"product_brand":[],"product_cat":[337],"product_tag":[],"class_list":{"0":"post-33","1":"product","2":"type-product","3":"status-publish","4":"has-post-thumbnail","6":"product_cat-san-pham-ngung-kinh-doanh","7":"pa_bao-hanh-24-thang","8":"pa_bo-nho-ram-2-gb","9":"pa_bo-vxl-cpu-realtek","10":"pa_chung-loai-nas","11":"pa_cong-giao-tiep-1-x-rj-45-1gbe","12":"pa_cong-giao-tiep-1-x-usb-2-0","13":"pa_cong-giao-tiep-2-x-usb-3-0","14":"pa_drive-bays-2-bays","15":"pa_dung-luong-chua-co-o-cung","16":"pa_form-factor-tower","17":"pa_muc-dich-su-dung-danh-cho-doanh-nghiep-lon","18":"pa_muc-dich-su-dung-danh-cho-doanh-nghiep-nho","19":"pa_muc-dich-su-dung-danh-cho-doanh-nghiep-vua","20":"pa_tinh-nang-phan-cung-64-bit-architecture","21":"pa_tinh-nang-phan-cung-hot-swappable-drives","22":"pa_tinh-nang-phan-mem-btrfs-file-system","23":"pa_tinh-nang-phan-mem-snapshot-replication","25":"first","26":"outofstock","27":"taxable","28":"shipping-taxable","29":"product-type-simple"},"_links":{"self":[{"href":"https:\/\/vietcorp.com\/store\/wp-json\/wp\/v2\/product\/33","targetHints":{"allow":["GET"]}}],"collection":[{"href":"https:\/\/vietcorp.com\/store\/wp-json\/wp\/v2\/product"}],"about":[{"href":"https:\/\/vietcorp.com\/store\/wp-json\/wp\/v2\/types\/product"}],"wp:featuredmedia":[{"embeddable":true,"href":"https:\/\/vietcorp.com\/store\/wp-json\/wp\/v2\/media\/2725"}],"wp:attachment":[{"href":"https:\/\/vietcorp.com\/store\/wp-json\/wp\/v2\/media?parent=33"}],"wp:term":[{"taxonomy":"product_brand","embeddable":true,"href":"https:\/\/vietcorp.com\/store\/wp-json\/wp\/v2\/product_brand?post=33"},{"taxonomy":"product_cat","embeddable":true,"href":"https:\/\/vietcorp.com\/store\/wp-json\/wp\/v2\/product_cat?post=33"},{"taxonomy":"product_tag","embeddable":true,"href":"https:\/\/vietcorp.com\/store\/wp-json\/wp\/v2\/product_tag?post=33"}],"curies":[{"name":"wp","href":"https:\/\/api.w.org\/{rel}","templated":true}]}}