


{"id":327,"date":"2020-11-03T10:45:08","date_gmt":"2020-11-03T03:45:08","guid":{"rendered":"https:\/\/www.vietcorp.com\/store\/product\/synology-ds118\/"},"modified":"2023-12-16T12:06:56","modified_gmt":"2023-12-16T05:06:56","slug":"thiet-bi-luu-tru-nas-synology-ds118","status":"publish","type":"product","link":"https:\/\/vietcorp.com\/store\/327\/thiet-bi-luu-tru-nas-synology-ds118\/","title":{"rendered":"Synology DS118"},"content":{"rendered":"<section class=\"wpb-content-wrapper\"><p>[vc_row][vc_column][vc_column_text]S\u1ea3n ph\u1ea9m End of life<\/p>\n<p>Model thay th\u1ebf<\/p>\n<p>[\/vc_column_text]<div class=\"woocommerce \">\r\n<ul class=\"products products-container grid pcols-lg-4 pcols-md-3 pcols-xs-2 pcols-ls-1 pwidth-lg-4 pwidth-md-3 pwidth-xs-2 pwidth-ls-1 is-shortcode\"\r\r\n\t data-product_layout=\"product-default\">\r\r\n\r\n\r\r\n<li class=\"product-col product-default product type-product post-3880 status-publish first instock product_cat-nas product_tag-diskstation product_tag-ds124 product_tag-nas product_tag-nas-1-bay product_tag-nas-ds124 product_tag-nas-synology product_tag-synology product_tag-synology-ds124 has-post-thumbnail taxable shipping-taxable product-type-simple\">\r\r\n<div class=\"product-inner\">\r\r\n\t\r\n\r\r\n\t<div class=\"product-image\">\r\r\n\r\r\n\t\t<a  href=\"https:\/\/vietcorp.com\/store\/3880\/synology-ds124\/\" aria-label=\"product\">\r\r\n\t\t\t<div class=\"inner img-effect\"><img decoding=\"async\" width=\"600\" height=\"600\" src=\"https:\/\/vietcorp.com\/store\/wp-content\/uploads\/2023\/06\/nas-Synology-ds124-2.png\" class=\"attachment-woocommerce_thumbnail size-woocommerce_thumbnail\" alt=\"Synology DS124\" srcset=\"https:\/\/vietcorp.com\/store\/wp-content\/uploads\/2023\/06\/nas-Synology-ds124-2.png 600w, https:\/\/vietcorp.com\/store\/wp-content\/uploads\/2023\/06\/nas-Synology-ds124-2-400x400.png 400w, https:\/\/vietcorp.com\/store\/wp-content\/uploads\/2023\/06\/nas-Synology-ds124-2-560x560.png 560w, https:\/\/vietcorp.com\/store\/wp-content\/uploads\/2023\/06\/nas-Synology-ds124-2-367x367.png 367w\" sizes=\"(max-width: 600px) 100vw, 600px\" \/><img decoding=\"async\" width=\"600\" height=\"600\" src=\"https:\/\/vietcorp.com\/store\/wp-content\/uploads\/2023\/06\/nas-Synology-ds124-3.png\" class=\"hover-image\" alt=\"\" srcset=\"https:\/\/vietcorp.com\/store\/wp-content\/uploads\/2023\/06\/nas-Synology-ds124-3.png 600w, https:\/\/vietcorp.com\/store\/wp-content\/uploads\/2023\/06\/nas-Synology-ds124-3-400x400.png 400w, https:\/\/vietcorp.com\/store\/wp-content\/uploads\/2023\/06\/nas-Synology-ds124-3-560x560.png 560w, https:\/\/vietcorp.com\/store\/wp-content\/uploads\/2023\/06\/nas-Synology-ds124-3-367x367.png 367w\" sizes=\"(max-width: 600px) 100vw, 600px\" \/><\/div>\r\n\t\t<\/a>\r\r\n\t\r\n\t\r\n\t<\/div>\r\r\n\r\r\n\t<div class=\"product-content\">\r\r\n\t\t<span class=\"category-list\"><a href=\"https:\/\/vietcorp.com\/store\/product-category\/nas\/\" rel=\"tag\">NAS<\/a><\/span>\r\n\r\r\n\t\t\r\n\t<a class=\"product-loop-title\"  href=\"https:\/\/vietcorp.com\/store\/3880\/synology-ds124\/\">\r\r\n\t<h3 class=\"woocommerce-loop-product__title\">Synology DS124<\/h3>\r\n\t<\/a>\r\r\n\t\r\n\r\r\n\t\t\r\n\t<div class=\"description\">\r\r\n\t\t\r\n\t\t<p class=\"post-excerpt\">Thi\u1ebft b\u1ecb l\u01b0u tr\u1eef NAS Synology DS124<br \/>\nNAS 1 khay \u1ed5 \u0111\u0129a<br \/>\nRealtek RTD1619B<br \/>\n1 GB DDR4 non-ECC<br \/>\nB\u1ea3o h\u00e0nh 24 th\u00e1ng<\/p>\n\r\n\t<\/div>\r\r\n\t\n\r\n\r\r\n\t\t\r\n<div class=\"add-links-wrap\">\r\r\n\t<div class=\"add-links clearfix\">\r\r\n\t\t<a href=\"https:\/\/vietcorp.com\/store\/3880\/synology-ds124\/\" aria-describedby=\"woocommerce_loop_add_to_cart_link_describedby_3880\" data-quantity=\"1\" class=\"viewcart-style-2 button product_type_simple add_to_cart_read_more\" data-product_id=\"3880\" data-product_sku=\"SYNOLOGY-DS124\" aria-label=\"\u0110\u1ecdc th\u00eam v\u1ec1 &ldquo;Synology DS124&rdquo;\" rel=\"nofollow\" data-success_message=\"\">\u0110\u1ecdc ti\u1ebfp<\/a>\r\n\t\r\n\t<span id=\"woocommerce_loop_add_to_cart_link_describedby_3880\" class=\"screen-reader-text\">\r\r\n\t\t\r\n\t<\/span>\r\r\n\t\r\n\t<div class=\"quickview\" data-id=\"3880\" title=\"Xem nhanh\">Xem nhanh<\/div>\r\n\t<\/div>\r\r\n\t\r\n<\/div>\r\r\n<span class=\"gtm4wp_productdata\" style=\"display:none; visibility:hidden;\" data-gtm4wp_product_data=\"{&quot;internal_id&quot;:3880,&quot;item_id&quot;:3880,&quot;item_name&quot;:&quot;Synology DS124&quot;,&quot;sku&quot;:&quot;SYNOLOGY-DS124&quot;,&quot;price&quot;:0,&quot;stocklevel&quot;:18,&quot;stockstatus&quot;:&quot;instock&quot;,&quot;google_business_vertical&quot;:&quot;retail&quot;,&quot;item_category&quot;:&quot;NAS&quot;,&quot;id&quot;:3880,&quot;productlink&quot;:&quot;https:\\\/\\\/vietcorp.com\\\/store\\\/3880\\\/synology-ds124\\\/&quot;,&quot;item_list_name&quot;:&quot;General Product List&quot;,&quot;index&quot;:1,&quot;product_type&quot;:&quot;simple&quot;,&quot;item_brand&quot;:&quot;&quot;}\"><\/span>\r\n\t<\/div>\r\r\n<\/div>\r\r\n\r\r\n<\/li>\r\r\n\r\n<\/ul>\r\r\n<\/div>[\/vc_column][\/vc_row]<\/p>\n<h2><span style=\"color: #0000ff;\"><strong>M\u00e1y ch\u1ee7 l\u01b0u tr\u1eef \u0111a n\u0103ng, m\u1ea1nh m\u1ebd v\u00e0 nh\u1ecf g\u1ecdn<\/strong><\/span><\/h2>\n<p><a href=\"https:\/\/www.vietcorp.com\/store\/327\/thiet-bi-luu-tru-nas-synology-ds118\/\"><strong>Thi\u1ebft b\u1ecb l\u01b0u tr\u1eef NAS Synology DS118<\/strong><\/a> k\u00e8m v\u1edbi b\u1ed9 x\u1eed l\u00fd l\u00f5i t\u1ee9 64-bit \u0111\u1ec3 mang l\u1ea1i t\u1ed1c \u0111\u1ed9 truy\u1ec1n d\u1eef li\u1ec7u tuy\u1ec7t v\u1eddi v\u00e0 h\u1ed7 tr\u1ee3 c\u00e1c \u1ee9ng d\u1ee5ng phong ph\u00fa nh\u01b0 ph\u00e1t video tr\u1ef1c tuy\u1ebfn \u0111a ph\u01b0\u01a1ng ti\u1ec7n, \u0111\u1ed3ng b\u1ed9 h\u00f3a v\u00e0 chia s\u1ebb file c\u0169ng nh\u01b0 c\u00e1c gi\u1ea3i ph\u00e1p b\u1ea3o v\u1ec7 d\u1eef li\u1ec7u.<\/p>\n<ul>\n<li><strong>B\u1ed9 x\u1eed l\u00fd CPU<\/strong>: Quad-core 1.4 GHz<\/li>\n<li><strong>B\u1ed9 nh\u1edb RAM<\/strong>: 1 GB DDR4<\/li>\n<li><strong>T\u1ed1c \u0111\u1ed9<\/strong>: \u0111\u1ecdc v\u00e0 ghi tu\u1ea7n t\u1ef1 h\u01a1n 113 MB\/s v\u00e0 112 MB\/s<\/li>\n<li><strong>Th\u00e2n thi\u1ec7n m\u00f4i tr\u01b0\u1eddng:<\/strong> C\u00f4ng su\u1ea5t ti\u00eau th\u1ee5 khi truy c\u1eadp file 9,4 W \/ 4,22 W Hibernation<\/li>\n<\/ul>\n<h2><strong><span style=\"color: #0000ff;\">Qu\u1ea3n l\u00fd v\u00e0 chia s\u1ebb t\u00e0i li\u1ec7u ho\u00e0n h\u1ea3o t\u1eeb DSM<\/span><\/strong><\/h2>\n<p>File Station l\u00e0 m\u1ed9t c\u00f4ng c\u1ee5 qu\u1ea3n l\u00fd web nhanh ch\u00f3ng v\u00e0 an to\u00e0n r\u1ea5t d\u1ec5 s\u1eed d\u1ee5ng, ph\u01b0\u01a1ng th\u1ee9c ho\u1ea1t \u0111\u1ed9ng tr\u1ef1c quan, ch\u1ec9 c\u1ea7n k\u00e9o v\u00e0 th\u1ea3, kh\u00f4ng c\u1ea7n c\u00e0i \u0111\u1eb7t ph\u1ee9c t\u1ea1p tr\u00ean Mac hay PC. C\u00e1c c\u00f4ng c\u1ee5 l\u1ecdc v\u00e0 t\u00ecm ki\u1ebfm n\u00e2ng cao c\u1ee7a n\u00f3 cho ph\u00e9p b\u1ea1n d\u1ec5 d\u00e0ng s\u1eafp x\u1ebfp v\u00e0 chia s\u1ebb d\u1eef li\u1ec7u. <a href=\"https:\/\/www.vietcorp.com\/store\/nas-synology\/\"><strong>Thi\u1ebft b\u1ecb l\u01b0u tr\u1eef NAS Synology<\/strong><\/a> h\u1ed7 tr\u1ee3 c\u00e1c giao th\u1ee9c truy\u1ec1n th\u00f4ng sau: AFP, FTP, iSCSI, NFS, SMB ho\u1eb7c WebDAV.<\/p>\n<p><img decoding=\"async\" class=\"aligncenter wp-image-3825 size-full\" src=\"https:\/\/vietcorp.com\/blog\/wp-content\/uploads\/2020\/12\/file_management_computer_01.png\" alt=\"Thi\u1ebft b\u1ecb l\u01b0u tr\u1eef NAS Synology DS118 8\" width=\"650\" height=\"442\" \/><\/p>\n<h2 style=\"text-align: left;\"><strong><span style=\"color: #0000ff;\">Nas Synology DS118 h\u1ed7 tr\u1ee3 <\/span><\/strong><span style=\"color: #0000ff;\"><strong>truy c\u1eadp file d\u1ec5 d\u00e0ng v\u1edbi QuickConnect<\/strong><\/span><\/h2>\n<p>Truy c\u1eadp c\u00e1c file c\u1ee7a b\u1ea1n qua Internet m\u00e0 kh\u00f4ng g\u1eb7p r\u1eafc r\u1ed1i khi c\u00e0i \u0111\u1eb7t c\u00e1c quy t\u1eafc chuy\u1ec3n ti\u1ebfp c\u1ed5ng, DDNS ho\u1eb7c c\u00e1c c\u00e0i \u0111\u1eb7t m\u1ea1ng ph\u1ee9c t\u1ea1p kh\u00e1c. QuickConnect cho ph\u00e9p b\u1ea1n k\u1ebft n\u1ed1i qua m\u1ed9t \u0111\u1ecba ch\u1ec9 an to\u00e0n, c\u00f3 th\u1ec3 t\u00f9y ch\u1ec9nh \u0111\u1ec3 b\u1ea1n c\u00f3 th\u1ec3 truy c\u1eadp ngay l\u1eadp t\u1ee9c v\u00e0o c\u00e1c file \u0111a ph\u01b0\u01a1ng ti\u1ec7n tr\u00ean b\u1ea5t k\u1ef3 thi\u1ebft b\u1ecb k\u1ebft n\u1ed1i Internet n\u00e0o m\u00e0 kh\u00f4ng ph\u1ea3i tr\u1ea3 th\u00eam ph\u00ed.<\/p>\n<p><img decoding=\"async\" class=\"aligncenter wp-image-1293 size-full\" src=\"https:\/\/vietcorp.com\/store\/wp-content\/uploads\/2020\/11\/nas-synology-ds120j-quickConnect_01-vietcorp.png\" alt=\"Thi\u1ebft b\u1ecb l\u01b0u tr\u1eef NAS Synology DS118 6\" width=\"692\" height=\"364\" srcset=\"https:\/\/vietcorp.com\/store\/wp-content\/uploads\/2020\/11\/nas-synology-ds120j-quickConnect_01-vietcorp.png?v=1668220331 692w, https:\/\/vietcorp.com\/store\/wp-content\/uploads\/2020\/11\/nas-synology-ds120j-quickConnect_01-vietcorp-600x316.png?v=1668220331 600w, https:\/\/vietcorp.com\/store\/wp-content\/uploads\/2020\/11\/nas-synology-ds120j-quickConnect_01-vietcorp-640x337.png?v=1668220331 640w, https:\/\/vietcorp.com\/store\/wp-content\/uploads\/2020\/11\/nas-synology-ds120j-quickConnect_01-vietcorp-400x210.png?v=1668220331 400w, https:\/\/vietcorp.com\/store\/wp-content\/uploads\/2020\/11\/nas-synology-ds120j-quickConnect_01-vietcorp-367x193.png?v=1668220331 367w\" sizes=\"(max-width: 692px) 100vw, 692px\" \/><\/p>\n<p>&nbsp;<\/p>\n<h2><strong><span style=\"color: #0000ff;\">Truy\u1ec1n n\u1ed9i dung \u0111\u1ebfn TV<\/span><\/strong><\/h2>\n<p>Bi\u1ebfn NAS Synology c\u1ee7a b\u1ea1n th\u00e0nh m\u1ed9t trung t\u00e2m gi\u1ea3i tr\u00ed gia \u0111\u00ecnh v\u00e0 truy\u1ec1n n\u1ed9i dung k\u1ef9 thu\u1eadt s\u1ed1 c\u1ee7a b\u1ea1n t\u1edbi m\u00e1y t\u00ednh, thi\u1ebft b\u1ecb di \u0111\u1ed9ng, Samsung TV, Apple TV, Google Chromecast v\u00e0 thi\u1ebft b\u1ecb DLNA.<\/p>\n<p><img decoding=\"async\" class=\"aligncenter wp-image-4004 size-full\" src=\"https:\/\/vietcorp.com\/blog\/wp-content\/uploads\/2020\/12\/4K_01.png\" alt=\"Thi\u1ebft b\u1ecb l\u01b0u tr\u1eef NAS Synology DS118 1\" width=\"984\" height=\"392\" \/><\/p>\n<h2><span style=\"color: #0000ff;\"><strong>Truy c\u1eadp v\u00e0 \u0111\u1ed3ng b\u1ed9 h\u00f3a file<\/strong><\/span><\/h2>\n<p>Synology Drive cung c\u1ea5p m\u1ed9t c\u1ed5ng th\u00f4ng tin chung \u0111\u01b0\u1ee3c t\u00edch h\u1ee3p s\u1eb5n \u0111\u1ec3 truy c\u1eadp d\u1eef li\u1ec7u c\u1ee7a b\u1ea1n m\u1ecdi l\u00fac, m\u1ecdi n\u01a1i v\u00e0 \u0111\u1ed3ng b\u1ed9 h\u00f3a t\u1ea5t c\u1ea3 c\u00e1c t\u1ec7p c\u1ee7a b\u1ea1n tr\u00ean c\u00e1c n\u1ec1n t\u1ea3ng, bao g\u1ed3m Windows, macOS, Linux, Android v\u00e0 iOS.<\/p>\n<p><img decoding=\"async\" class=\"aligncenter wp-image-3871 size-full\" src=\"https:\/\/vietcorp.com\/blog\/wp-content\/uploads\/2020\/12\/Access.jpg\" alt=\"Thi\u1ebft b\u1ecb l\u01b0u tr\u1eef NAS Synology DS118 2\" width=\"920\" height=\"645\" \/><\/p>\n<h2><span id=\"Be_ngoai_cua_DS1520\" style=\"color: #0000ff;\"><strong>B\u1ec1 ngo\u00e0i c\u1ee7a Nas Synology DS118<\/strong><\/span><\/h2>\n<p>&nbsp;<\/p>\n<p>&nbsp;<\/p>\n<table>\n<tbody>\n<tr>\n<td style=\"text-align: left;\"><strong>M\u1eb7t tr\u01b0\u1edbc Nas Synology DS118<\/strong><\/td>\n<td style=\"text-align: left;\"><strong>M\u1eb7t sau Nas Synology DS118<\/strong><\/td>\n<\/tr>\n<tr>\n<td><img decoding=\"async\" class=\"alignnone size-full wp-image-1509\" src=\"https:\/\/www.vietcorp.com\/store\/wp-content\/uploads\/2020\/11\/thiet-bi-luu-tru-nas-synology-ds118-4.jpg\" alt=\"Thi\u1ebft b\u1ecb l\u01b0u tr\u1eef NAS Synology DS118 3\" width=\"261\" height=\"389\" \/><\/td>\n<td><img decoding=\"async\" class=\"alignnone size-full wp-image-1508\" src=\"https:\/\/vietcorp.com\/store\/wp-content\/uploads\/2020\/11\/nas-synology-ds118-backpanel_02-vietcorp.png\" alt=\"Thi\u1ebft b\u1ecb l\u01b0u tr\u1eef NAS Synology DS118 4\" width=\"261\" height=\"389\" \/><\/td>\n<\/tr>\n<tr>\n<td>1. \u0110\u00e8n b\u00e1o tr\u1ea1ng th\u00e1i<\/td>\n<td>6. N\u00fat reset<\/td>\n<\/tr>\n<tr>\n<td>2. \u0110\u00e8n b\u00e1o m\u1ea1ng LAN<\/td>\n<td>7. Khe b\u1ea3o m\u1eadt Kensington<\/td>\n<\/tr>\n<tr>\n<td>3. \u0110\u00e8n b\u00e1o tr\u1ea1ng th\u00e1i \u1ed5 \u0111\u0129a<\/td>\n<td>8. C\u1ed5ng USB 3.0<\/td>\n<\/tr>\n<tr>\n<td>4. N\u00fat ngu\u1ed3n v\u00e0 \u0111\u00e8n b\u00e1o<\/td>\n<td><span style=\"vertical-align: inherit;\"><span style=\"vertical-align: inherit;\">9. M\u1ea1ng 1GbE RJ-45<\/span><\/span><\/td>\n<\/tr>\n<tr>\n<td>5. Qu\u1ea1t h\u1ec7 th\u1ed1ng<\/td>\n<td>10. Ngu\u1ed3n \u0111i\u1ec7n<\/td>\n<\/tr>\n<tr>\n<td><\/td>\n<td><\/td>\n<\/tr>\n<tr>\n<td><\/td>\n<td><\/td>\n<\/tr>\n<\/tbody>\n<\/table>\n<p>Xem th\u00eam th\u00f4ng tin h\u1ed7 tr\u1ee3 cho <strong>thi\u1ebft b\u1ecb l\u01b0u tr\u1eef NAS Synology DS118<\/strong><\/p>\n<ul>\n<li><a href=\"https:\/\/www.vietcorp.com\/vn\/2819\/chung-nhan-vietcorp-doi-tac-cua-synology\/\">Ch\u1ee9ng nh\u1eadn Synology<\/a><\/li>\n<li><a href=\"https:\/\/vietcorp.com\/support\/synology\/\"><span style=\"vertical-align: inherit;\"><span style=\"vertical-align: inherit;\">H\u1ed7 tr\u1ee3 Synology<\/span><\/span><\/a><\/li>\n<li><a href=\"https:\/\/www.vietcorp.com\/blog\/tag\/showcase-synology\/\">Showcase Synology<\/a><\/li>\n<\/ul>\n<\/section>","protected":false},"excerpt":{"rendered":"<p>Thi\u1ebft b\u1ecb l\u01b0u tr\u1eef NAS Synology DS118<br \/>\nQuad-core 1.4 GHz CPU<br \/>\n1 x 1GbE RJ-45 ports<br \/>\nRAM 1GB DDR4<br \/>\nB\u1ea3o h\u00e0nh 24 th\u00e1ng<\/p>\n","protected":false},"featured_media":2853,"template":"","meta":[],"product_brand":[],"product_cat":[337],"product_tag":[],"class_list":{"0":"post-327","1":"product","2":"type-product","3":"status-publish","4":"has-post-thumbnail","6":"product_cat-san-pham-ngung-kinh-doanh","7":"pa_bao-hanh-24-thang","8":"pa_bo-nho-ram-1-gb","9":"pa_bo-vxl-cpu-realtek","10":"pa_chung-loai-nas","11":"pa_cong-giao-tiep-1-x-rj-45-1gbe","12":"pa_cong-giao-tiep-2-x-usb-3-0","13":"pa_drive-bays-1-bay","14":"pa_dung-luong-chua-co-o-cung","15":"pa_form-factor-tower","16":"pa_muc-dich-su-dung-danh-cho-ca-nhan","17":"pa_muc-dich-su-dung-danh-cho-doanh-nghiep-nho","18":"pa_tinh-nang-phan-cung-64-bit-architecture","20":"first","21":"outofstock","22":"taxable","23":"shipping-taxable","24":"purchasable","25":"product-type-simple"},"_links":{"self":[{"href":"https:\/\/vietcorp.com\/store\/wp-json\/wp\/v2\/product\/327","targetHints":{"allow":["GET"]}}],"collection":[{"href":"https:\/\/vietcorp.com\/store\/wp-json\/wp\/v2\/product"}],"about":[{"href":"https:\/\/vietcorp.com\/store\/wp-json\/wp\/v2\/types\/product"}],"wp:featuredmedia":[{"embeddable":true,"href":"https:\/\/vietcorp.com\/store\/wp-json\/wp\/v2\/media\/2853"}],"wp:attachment":[{"href":"https:\/\/vietcorp.com\/store\/wp-json\/wp\/v2\/media?parent=327"}],"wp:term":[{"taxonomy":"product_brand","embeddable":true,"href":"https:\/\/vietcorp.com\/store\/wp-json\/wp\/v2\/product_brand?post=327"},{"taxonomy":"product_cat","embeddable":true,"href":"https:\/\/vietcorp.com\/store\/wp-json\/wp\/v2\/product_cat?post=327"},{"taxonomy":"product_tag","embeddable":true,"href":"https:\/\/vietcorp.com\/store\/wp-json\/wp\/v2\/product_tag?post=327"}],"curies":[{"name":"wp","href":"https:\/\/api.w.org\/{rel}","templated":true}]}}