


{"id":2711,"date":"2022-10-25T17:02:25","date_gmt":"2022-10-25T10:02:25","guid":{"rendered":"https:\/\/www.vietcorp.com\/store\/?post_type=product&#038;p=2711"},"modified":"2024-11-21T13:22:38","modified_gmt":"2024-11-21T06:22:38","slug":"ncomputing-rx-rdp-2","status":"publish","type":"product","link":"https:\/\/vietcorp.com\/store\/2711\/ncomputing-rx-rdp-2\/","title":{"rendered":"NComputing RX-RDP+"},"content":{"rendered":"<h3><a href=\"https:\/\/www.vietcorp.com\/store\/2711\/ncomputing-rx-rdp-2\/\"><strong>M\u00e1y t\u00ednh \u0111\u00e1m m\u00e2y NComputing RX-RDP+<\/strong><\/a><\/h3>\n<p><strong>C\u1ea5u h\u00ecnh Ncomputing RX-RDP+:<\/strong><\/p>\n<ul>\n<li>SOC: Broadcom BCM2837, 1.4GHz 64bit<\/li>\n<li>Ram: 1GB<\/li>\n<li>Mass storage: 16 GB internal Micro SD card<\/li>\n<li>Video: Full HD 1080P with H.264 support, Full HD Flash video 1080P support<\/li>\n<li>K\u1ebft N\u1ed1i: Gigabit Ethernet RJ45 port, Wi-Fi (5GHz and 2.4 GHz 802.11 b\/g\/n\/ac), Bluetooth 4.2, BLE<\/li>\n<li>Tr\u1ecdng l\u01b0\u1ee3ng: 92g \/ 0.21 lbs<\/li>\n<li>B\u1ea3o h\u00e0nh: 12 th\u00e1ng<\/li>\n<\/ul>\n<p><strong>M\u00e1y t\u00ednh \u0111\u00e1m m\u00e2y <a href=\"https:\/\/www.vietcorp.com\/store\/ncomputing\/\">Ncomputing<\/a> RX-RDP+<\/strong> \u0111\u01b0\u1ee3c x\u00e2y d\u1ef1ng tr\u00ean n\u1ec1n t\u1ea3ng Raspberry Pi 3+. RX-RDP + mang l\u1ea1i hi\u1ec7u su\u1ea5t cao v\u1edbi ng\u00e2n s\u00e1ch chi ph\u00ed h\u1ee3p l\u00fd. RX-RDP + m\u1edf r\u1ed9ng k\u1ebft n\u1ed1i v\u1edbi WiFi b\u0103ng t\u1ea7n k\u00e9p (2,4 \/ 5Ghz) t\u00edch h\u1ee3p v\u00e0 Gigabit Ethernet.<\/p>\n<figure id=\"attachment_2714\" aria-describedby=\"caption-attachment-2714\" style=\"width: 600px\" class=\"wp-caption aligncenter\"><img decoding=\"async\" class=\"size-full wp-image-2714\" src=\"https:\/\/www.vietcorp.com\/store\/wp-content\/uploads\/2022\/10\/may-tinh-dam-may-ncomputing-rx-rdpthin-client-8.jpg\" alt=\"NComputing RX-RDP+ 1\" width=\"600\" height=\"283\" srcset=\"https:\/\/vietcorp.com\/store\/wp-content\/uploads\/2022\/10\/may-tinh-dam-may-ncomputing-rx-rdpthin-client-8.jpg?v=1668218942 600w, https:\/\/vietcorp.com\/store\/wp-content\/uploads\/2022\/10\/may-tinh-dam-may-ncomputing-rx-rdpthin-client-8-400x189.jpg?v=1668218942 400w, https:\/\/vietcorp.com\/store\/wp-content\/uploads\/2022\/10\/may-tinh-dam-may-ncomputing-rx-rdpthin-client-8-367x173.jpg?v=1668218942 367w\" sizes=\"(max-width: 600px) 100vw, 600px\" \/><figcaption id=\"caption-attachment-2714\" class=\"wp-caption-text\">M\u00e1y t\u00ednh \u0111\u00e1m m\u00e2y Ncomputing RX-RDP+<\/figcaption><\/figure>\n<p>M\u00e1y t\u00ednh \u0111\u00e1m m\u00e2y RX-RDP + cung c\u1ea5p m\u1ed9t m\u00e1y t\u00ednh \u0111\u1ec3 b\u00e0n \u0111\u01a1n gi\u1ea3n \u0111\u1ec3 tri\u1ec3n khai, \u0111\u01b0\u1ee3c qu\u1ea3n l\u00fd t\u1eadp trung, hi\u1ec7u su\u1ea5t cao.<\/p>\n<h3><strong>C\u1ea3i ti\u1ebfn \u0111a ph\u01b0\u01a1ng ti\u1ec7n th\u00f4ng qua microsoft remotefx<\/strong><\/h3>\n<figure id=\"attachment_2715\" aria-describedby=\"caption-attachment-2715\" style=\"width: 600px\" class=\"wp-caption aligncenter\"><img decoding=\"async\" class=\"size-full wp-image-2715\" src=\"https:\/\/www.vietcorp.com\/store\/wp-content\/uploads\/2022\/10\/may-tinh-dam-may-ncomputing-rx-rdpthin-client-10.jpg\" alt=\"NComputing RX-RDP+ 2\" width=\"600\" height=\"463\" srcset=\"https:\/\/vietcorp.com\/store\/wp-content\/uploads\/2022\/10\/may-tinh-dam-may-ncomputing-rx-rdpthin-client-10.jpg?v=1668218941 600w, https:\/\/vietcorp.com\/store\/wp-content\/uploads\/2022\/10\/may-tinh-dam-may-ncomputing-rx-rdpthin-client-10-400x309.jpg?v=1668218941 400w, https:\/\/vietcorp.com\/store\/wp-content\/uploads\/2022\/10\/may-tinh-dam-may-ncomputing-rx-rdpthin-client-10-367x283.jpg?v=1668218941 367w\" sizes=\"(max-width: 600px) 100vw, 600px\" \/><figcaption id=\"caption-attachment-2715\" class=\"wp-caption-text\">C\u1ea3i ti\u1ebfn \u0111a ph\u01b0\u01a1ng ti\u1ec7n th\u00f4ng qua microsoft remotefx<\/figcaption><\/figure>\n<p>K\u00edch ho\u1ea1t t\u00ednh n\u0103ng Microsoft RemoteFX cho k\u1ebft n\u1ed1i RemoteApp ho\u1eb7c Remote Desktop gi\u00fap n\u00e2ng cao \u0111\u00e1ng k\u1ec3 tr\u1ea3i nghi\u1ec7m h\u00ecnh \u1ea3nh c\u1ee7a ng\u01b0\u1eddi d\u00f9ng. RemoteFX mang l\u1ea1i tr\u1ea3i nghi\u1ec7m ng\u01b0\u1eddi d\u00f9ng ch\u1ea5t l\u01b0\u1ee3ng cao h\u01a1n v\u00ec ch\u00fang c\u00f3 m\u00e3 h\u00f3a v\u00e0 \u1ea3o h\u00f3a \u0111\u1ed3 h\u1ecda ti\u00ean ti\u1ebfn. C\u00e1c h\u1ec7 th\u1ed1ng m\u00e1y ch\u1ee7 \u0111\u01b0\u1ee3c trang b\u1ecb card \u0111\u1ed3 h\u1ecda \u0111\u01b0\u1ee3c h\u1ed7 tr\u1ee3 s\u1ebd \u0111\u1eb7c bi\u1ec7t \u0111\u01b0\u1ee3c h\u01b0\u1edfng l\u1ee3i.<\/p>\n<h3><strong>Truy\u1ec1n ph\u00e1t video si\u00eau t\u1ed1c v\u1edbi superrdp &#8211; kh\u00f4ng c\u1ea7n gpu \u0111\u1eaft ti\u1ec1n<\/strong><\/h3>\n<figure id=\"attachment_2716\" aria-describedby=\"caption-attachment-2716\" style=\"width: 600px\" class=\"wp-caption aligncenter\"><img decoding=\"async\" class=\"size-full wp-image-2716\" src=\"https:\/\/www.vietcorp.com\/store\/wp-content\/uploads\/2022\/10\/may-tinh-dam-may-ncomputing-rx-rdpthin-client-6.jpg\" alt=\"NComputing RX-RDP+ 3\" width=\"600\" height=\"597\" srcset=\"https:\/\/vietcorp.com\/store\/wp-content\/uploads\/2022\/10\/may-tinh-dam-may-ncomputing-rx-rdpthin-client-6.jpg?v=1668218940 600w, https:\/\/vietcorp.com\/store\/wp-content\/uploads\/2022\/10\/may-tinh-dam-may-ncomputing-rx-rdpthin-client-6-400x398.jpg?v=1668218940 400w, https:\/\/vietcorp.com\/store\/wp-content\/uploads\/2022\/10\/may-tinh-dam-may-ncomputing-rx-rdpthin-client-6-367x365.jpg?v=1668218940 367w\" sizes=\"(max-width: 600px) 100vw, 600px\" \/><figcaption id=\"caption-attachment-2716\" class=\"wp-caption-text\">Truy\u1ec1n ph\u00e1t video si\u00eau t\u1ed1c v\u1edbi superrdp &#8211; kh\u00f4ng c\u1ea7n gpu \u0111\u1eaft ti\u1ec1n<\/figcaption><\/figure>\n<p>Ph\u1ea7n m\u1ec1m SuperRDP \u0111\u01b0\u1ee3c cung c\u1ea5p b\u1edfi c\u00f4ng ngh\u1ec7 Truy\u1ec1n tr\u1ef1c tuy\u1ebfn vCAST c\u1ee7a NComputing. vCAST ph\u00e1t tr\u1ef1c ti\u1ebfp \u0111\u1ebfn c\u00e1c thi\u1ebft b\u1ecb \u0111i\u1ec3m cu\u1ed1i c\u1ee7a b\u1ea1n, gi\u1ea3m m\u1ee9c s\u1eed d\u1ee5ng CPU ph\u00eda m\u00e1y ch\u1ee7 t\u1ed5ng th\u1ec3 cho c\u00e1c video web nh\u01b0 YouTube, Vimeo v\u00e0 n\u1ed9i dung ph\u01b0\u01a1ng ti\u1ec7n c\u1ee5c b\u1ed9 m\u00e0 kh\u00f4ng c\u1ea7n GPU \u0111\u1eaft ti\u1ec1n.<\/p>\n<p>B\u1eb1ng c\u00e1ch ti\u1ebft ki\u1ec7m b\u0103ng th\u00f4ng v\u00e0 t\u00e0i nguy\u00ean ph\u1ea7n c\u1ee9ng ph\u00eda m\u00e1y ch\u1ee7, SuperRDP cho ph\u00e9p ch\u1ea1y c\u00f9ng l\u00fac nhi\u1ec1u ng\u01b0\u1eddi d\u00f9ng \u0111\u1ed3ng th\u1eddi h\u01a1n trong khi v\u1eabn \u0111\u1ea3m b\u1ea3o tr\u1ea3i nghi\u1ec7m ph\u00e1t tr\u1ef1c tuy\u1ebfn video HD \u1edf m\u1ee9c cao nh\u01b0 nhau.<\/p>\n<p><strong>USB h\u1ed7 tr\u1ee3 nhi\u1ec1u t\u00ednh n\u0103ng<\/strong><\/p>\n<figure id=\"attachment_2717\" aria-describedby=\"caption-attachment-2717\" style=\"width: 600px\" class=\"wp-caption aligncenter\"><img decoding=\"async\" class=\"size-full wp-image-2717\" src=\"https:\/\/www.vietcorp.com\/store\/wp-content\/uploads\/2022\/10\/may-tinh-dam-may-ncomputing-rx-rdpthin-client-4.jpg\" alt=\"NComputing RX-RDP+ 4\" width=\"600\" height=\"393\" srcset=\"https:\/\/vietcorp.com\/store\/wp-content\/uploads\/2022\/10\/may-tinh-dam-may-ncomputing-rx-rdpthin-client-4.jpg?v=1668218939 600w, https:\/\/vietcorp.com\/store\/wp-content\/uploads\/2022\/10\/may-tinh-dam-may-ncomputing-rx-rdpthin-client-4-400x262.jpg?v=1668218939 400w, https:\/\/vietcorp.com\/store\/wp-content\/uploads\/2022\/10\/may-tinh-dam-may-ncomputing-rx-rdpthin-client-4-367x240.jpg?v=1668218939 367w, https:\/\/vietcorp.com\/store\/wp-content\/uploads\/2022\/10\/may-tinh-dam-may-ncomputing-rx-rdpthin-client-4-560x367.jpg?v=1668218939 560w\" sizes=\"(max-width: 600px) 100vw, 600px\" \/><figcaption id=\"caption-attachment-2717\" class=\"wp-caption-text\">M\u00e1y t\u00ednh \u0111\u00e1m m\u00e2y Ncomputing RX-RDP+<\/figcaption><\/figure>\n<p>V\u1edbi t\u00ednh n\u0103ng chuy\u1ec3n h\u01b0\u1edbng USB \u0111\u01b0\u1ee3c t\u00edch h\u1ee3p, m\u00e1y t\u00ednh \u0111\u00e1m m\u00e2y RX-RDP + s\u1eed d\u1ee5ng tr\u00ecnh \u0111i\u1ec1u khi\u1ec3n thi\u1ebft b\u1ecb t\u1eeb ph\u00eda m\u00e1y ch\u1ee7 \u0111\u1ec3 h\u1ed7 tr\u1ee3 thi\u1ebft b\u1ecb ngo\u1ea1i vi nh\u01b0: b\u1ed9 nh\u1edb chung, \u0111\u1ea7u \u0111\u1ecdc th\u1ebb th\u00f4ng minh, thi\u1ebft b\u1ecb \u00e2m thanh, m\u00e1y in, thi\u1ebft b\u1ecb h\u00ecnh \u1ea3nh (v\u00ed d\u1ee5: webcam), thi\u1ebft b\u1ecb n\u1ed1i ti\u1ebfp, HID v\u00e0 t\u00f9y ch\u1ec9nh thi\u1ebft b\u1ecb (\u0111\u01b0\u1ee3c x\u00e1c \u0111\u1ecbnh b\u1eb1ng ID nh\u00e0 cung c\u1ea5p v\u00e0 ID s\u1ea3n ph\u1ea9m).<\/p>\n<p>H\u1ed7 tr\u1ee3 m\u00e0n h\u00ecnh c\u1ea3m \u1ee9ng m\u1ed9t ch\u1ea1m v\u00e0 \u0111a ch\u1ea1m n\u00e2ng cao v\u1edbi c\u00f4ng c\u1ee5 hi\u1ec7u chu\u1ea9n t\u00edch h\u1ee3p \u0111\u01b0\u1ee3c h\u1ed7 tr\u1ee3 trong c\u00e1c k\u1ebft n\u1ed1i RDP g\u1ed1c.<\/p>\n<p><strong>H\u1ed7 tr\u1ee3 webcam g\u1ed1c<\/strong><\/p>\n<figure id=\"attachment_2718\" aria-describedby=\"caption-attachment-2718\" style=\"width: 600px\" class=\"wp-caption aligncenter\"><img decoding=\"async\" class=\"size-full wp-image-2718\" src=\"https:\/\/www.vietcorp.com\/store\/wp-content\/uploads\/2022\/10\/may-tinh-dam-may-ncomputing-rx-rdpthin-client-5.jpg\" alt=\"NComputing RX-RDP+ 5\" width=\"600\" height=\"613\" srcset=\"https:\/\/vietcorp.com\/store\/wp-content\/uploads\/2022\/10\/may-tinh-dam-may-ncomputing-rx-rdpthin-client-5.jpg?v=1668218937 600w, https:\/\/vietcorp.com\/store\/wp-content\/uploads\/2022\/10\/may-tinh-dam-may-ncomputing-rx-rdpthin-client-5-400x409.jpg?v=1668218937 400w, https:\/\/vietcorp.com\/store\/wp-content\/uploads\/2022\/10\/may-tinh-dam-may-ncomputing-rx-rdpthin-client-5-367x375.jpg?v=1668218937 367w\" sizes=\"(max-width: 600px) 100vw, 600px\" \/><figcaption id=\"caption-attachment-2718\" class=\"wp-caption-text\">H\u1ed7 tr\u1ee3 webcam g\u1ed1c<\/figcaption><\/figure>\n<p>T\u1ea5t c\u1ea3 c\u00e1c m\u00e1y t\u00ednh \u0111\u00e1m m\u00e2y d\u00f2ng RX hi\u1ec7n h\u1ed7 tr\u1ee3 webcam t\u01b0\u01a1ng th\u00edch v\u1edbi c\u00e1c \u1ee9ng d\u1ee5ng h\u1ed9i ngh\u1ecb truy\u1ec1n h\u00ecnh ph\u1ed5 bi\u1ebfn nh\u01b0: Microsoft Teams, Zoom, WebEx, GoToMeeting v\u00e0 Skype. Lu\u00f4n l\u00e0m vi\u1ec7c hi\u1ec7u qu\u1ea3 v\u00e0 t\u01b0\u01a1ng t\u00e1c v\u1edbi nh\u00f3m c\u1ee7a b\u1ea1n khi l\u00e0m vi\u1ec7c t\u1ea1i nh\u00e0 ho\u1eb7c \u0111\u00e0o t\u1ea1o t\u1eeb xa.<\/p>\n<h3><strong>Ph\u1ea7n m\u1ec1m qu\u1ea3n l\u00fd \u0111i\u1ec3m cu\u1ed1i PMC t\u00edch h\u1ee3p gi\u00fap tri\u1ec3n khai v\u00e0 qu\u1ea3n l\u00fd nhanh ch\u00f3ng v\u00e0 d\u1ec5 d\u00e0ng.<\/strong><\/h3>\n<figure id=\"attachment_2719\" aria-describedby=\"caption-attachment-2719\" style=\"width: 600px\" class=\"wp-caption aligncenter\"><img decoding=\"async\" class=\"size-full wp-image-2719\" src=\"https:\/\/www.vietcorp.com\/store\/wp-content\/uploads\/2022\/10\/may-tinh-dam-may-ncomputing-rx-rdpthin-client-9.jpg\" alt=\"NComputing RX-RDP+ 6\" width=\"600\" height=\"775\" srcset=\"https:\/\/vietcorp.com\/store\/wp-content\/uploads\/2022\/10\/may-tinh-dam-may-ncomputing-rx-rdpthin-client-9.jpg?v=1668218936 600w, https:\/\/vietcorp.com\/store\/wp-content\/uploads\/2022\/10\/may-tinh-dam-may-ncomputing-rx-rdpthin-client-9-400x517.jpg?v=1668218936 400w, https:\/\/vietcorp.com\/store\/wp-content\/uploads\/2022\/10\/may-tinh-dam-may-ncomputing-rx-rdpthin-client-9-367x474.jpg?v=1668218936 367w\" sizes=\"(max-width: 600px) 100vw, 600px\" \/><figcaption id=\"caption-attachment-2719\" class=\"wp-caption-text\">M\u00e1y t\u00ednh \u0111\u00e1m m\u00e2y Ncomputing RX-RDP+<\/figcaption><\/figure>\n<p>M\u00e1y t\u00ednh \u0111\u00e1m m\u00e2y RX-RDP + \u0111\u01b0\u1ee3c c\u1ea5u h\u00ecnh d\u1ec5 d\u00e0ng b\u1eb1ng ph\u1ea7n m\u1ec1m Qu\u1ea3n l\u00fd \u0111i\u1ec3m cu\u1ed1i PMC c\u1ee7a NComputing. Qu\u1ea3n tr\u1ecb vi\u00ean c\u00f3 th\u1ec3 qu\u1ea3n l\u00fd t\u1eeb xa c\u00e1c thi\u1ebft b\u1ecb n\u00e0y qua m\u1ea1ng c\u1ee5c b\u1ed9 v\u00e0 m\u1ea1ng di\u1ec7n r\u1ed9ng, bao g\u1ed3m c\u00e1c v\u1ecb tr\u00ed ph\u00eda sau t\u01b0\u1eddng l\u1eeda v\u00e0 b\u1ed9 \u0111\u1ecbnh tuy\u1ebfn NAT th\u00f4ng qua giao di\u1ec7n ng\u01b0\u1eddi d\u00f9ng d\u1ef1a tr\u00ean web, d\u1ec5 d\u00e0ng s\u1eed d\u1ee5ng.<\/p>\n<p>PMC \u0111i k\u00e8m v\u1edbi t\u00ednh n\u0103ng t\u1ef1 \u0111\u1ed9ng ph\u00e1t hi\u1ec7n, \u0111\u0103ng k\u00fd v\u00e0 cung c\u1ea5p c\u1ea5u h\u00ecnh c\u1ee7a c\u00e1c thi\u1ebft b\u1ecb m\u1edbi gi\u00fap tri\u1ec3n khai d\u1ec5 d\u00e0ng.<\/p>\n<p>Qu\u1ea3n tr\u1ecb vi\u00ean thi\u1ebft l\u1eadp c\u1ea5u h\u00ecnh thi\u1ebft b\u1ecb ho\u00e0n t\u1ea5t v\u1edbi t\u1ea5t c\u1ea3 c\u00e1c c\u00e0i \u0111\u1eb7t v\u00e0 c\u1ea5u h\u00ecnh, sau \u0111\u00f3 \u0111\u1ea9y c\u1ea5u h\u00ecnh l\u00ean c\u00e1c thi\u1ebft b\u1ecb ri\u00eang l\u1ebb ho\u1eb7c nh\u00f3m. Ch\u1ec9 c\u1ea7n m\u1ed9t v\u00e0i c\u00fa nh\u1ea5p chu\u1ed9t \u0111\u1ec3 l\u00ean l\u1ecbch c\u1eadp nh\u1eadt ch\u01b0\u01a1ng tr\u00ecnh c\u01a1 s\u1edf thi\u1ebft b\u1ecb, truy c\u1eadp trang t\u1ed5ng quan t\u00f3m t\u1eaft ho\u1eb7c xem nh\u1eadt k\u00fd s\u1ef1 ki\u1ec7n chi ti\u1ebft. Ng\u01b0\u1eddi d\u00f9ng lu\u00f4n \u0111\u01b0\u1ee3c c\u1eadp nh\u1eadt c\u00f4ng ngh\u1ec7 m\u1edbi nh\u1ea5t.<\/p>\n<h3><strong>Tri\u1ec3n khai linh ho\u1ea1t th\u00f4ng qua k\u1ebft n\u1ed1i ethernet ho\u1eb7c wi-fi<\/strong><\/h3>\n<figure id=\"attachment_2720\" aria-describedby=\"caption-attachment-2720\" style=\"width: 600px\" class=\"wp-caption aligncenter\"><img decoding=\"async\" class=\"size-full wp-image-2720\" src=\"https:\/\/www.vietcorp.com\/store\/wp-content\/uploads\/2022\/10\/may-tinh-dam-may-ncomputing-rx-rdpthin-client-3.jpg\" alt=\"NComputing RX-RDP+ 7\" width=\"600\" height=\"384\" srcset=\"https:\/\/vietcorp.com\/store\/wp-content\/uploads\/2022\/10\/may-tinh-dam-may-ncomputing-rx-rdpthin-client-3.jpg?v=1668218934 600w, https:\/\/vietcorp.com\/store\/wp-content\/uploads\/2022\/10\/may-tinh-dam-may-ncomputing-rx-rdpthin-client-3-400x256.jpg?v=1668218934 400w, https:\/\/vietcorp.com\/store\/wp-content\/uploads\/2022\/10\/may-tinh-dam-may-ncomputing-rx-rdpthin-client-3-367x235.jpg?v=1668218934 367w\" sizes=\"(max-width: 600px) 100vw, 600px\" \/><figcaption id=\"caption-attachment-2720\" class=\"wp-caption-text\">Tri\u1ec3n khai linh ho\u1ea1t th\u00f4ng qua k\u1ebft n\u1ed1i ethernet ho\u1eb7c wi-fi<\/figcaption><\/figure>\n<p>M\u00e1y t\u00ednh \u0111\u00e1m m\u00e2y Ncomputing RX-RDP + \u0111i k\u00e8m v\u1edbi Ethernet 10\/100\/1000 t\u00edch h\u1ee3p v\u00e0 WiFi b\u0103ng t\u1ea7n k\u00e9p 2.4 \/ 5Ghz (802.11 b \/ g \/ n \/ ac) v\u1edbi h\u1ed7 tr\u1ee3 x\u00e1c th\u1ef1c b\u1ea3o m\u1eadt 802.1x C\u00e1 nh\u00e2n v\u00e0 Doanh nghi\u1ec7p. B\u1ea1n kh\u00f4ng c\u00f2n b\u1ecb r\u00e0ng bu\u1ed9c v\u00e0o c\u01a1 s\u1edf h\u1ea1 t\u1ea7ng \u0111i d\u00e2y v\u00e0 c\u00f3 th\u1ec3 tri\u1ec3n khai RX-RDP + \u1edf b\u1ea5t k\u1ef3 v\u1ecb tr\u00ed n\u00e0o c\u00f3 truy c\u1eadp Wi-Fi.<\/p>\n<h3><strong>K\u1ebft n\u1ed1i<\/strong><\/h3>\n<p><img decoding=\"async\" class=\"size-full wp-image-2721 aligncenter\" src=\"https:\/\/www.vietcorp.com\/store\/wp-content\/uploads\/2022\/10\/RX-RDP_Connections-2_0.png\" alt=\"NComputing RX-RDP+ 8\" width=\"400\" height=\"708\" srcset=\"https:\/\/vietcorp.com\/store\/wp-content\/uploads\/2022\/10\/RX-RDP_Connections-2_0.png?v=1668218933 400w, https:\/\/vietcorp.com\/store\/wp-content\/uploads\/2022\/10\/RX-RDP_Connections-2_0-367x650.png?v=1668218933 367w\" sizes=\"(max-width: 400px) 100vw, 400px\" \/><\/p>\n<p><strong>1<\/strong> Ngu\u1ed3n v\u00e0o (5.1V micro USB)<br \/>\n<strong>2<\/strong> \u0110\u1ea7u ra video HDMI<br \/>\n<strong>3<\/strong> Gi\u1eafc c\u1eafm loa (\u00e2m thanh ch\u1ea5t l\u01b0\u1ee3ng cao 16bit \/ 44kHz \/ Stereo)<br \/>\n<strong>4<\/strong> C\u1ed5ng Ethernet RJ45 (RX-RDP: 10\/100 Mbps; RX-RDP +: 10\/100\/1000 Mbps)<br \/>\n<strong>5<\/strong> 4 c\u1ed5ng USB 2.0 t\u1ed1c \u0111\u1ed9 cao v\u1edbi h\u1ed7 tr\u1ee3 chuy\u1ec3n h\u01b0\u1edbng USB \u0111\u1ea7y \u0111\u1ee7 (2 c\u1ed5ng b\u1eaft bu\u1ed9c cho chu\u1ed9t v\u00e0 b\u00e0n ph\u00edm)<br \/>\n<strong>6<\/strong> C\u1ed5ng an ninh Kensington<br \/>\n<strong>7<\/strong> N\u00fat ch\u1ebf \u0111\u1ed9 ng\u1ee7 t\u1eaft \u0111\u1ea7u ra m\u00e0n h\u00ecnh cho ch\u1ebf \u0111\u1ed9 ti\u1ebft ki\u1ec7m n\u0103ng l\u01b0\u1ee3ng<br \/>\nXem th\u00eam th\u00f4ng tin h\u1ed7 tr\u1ee3 cho\u00a0<strong>thi\u1ebft b\u1ecb NComputing RX-RDP<\/strong><\/p>\n<ul>\n<li><a href=\"https:\/\/www.vietcorp.com\/support\/huong-dan-su-dung\/tai-lieu-ncomputing\/\">Support Ncomputing<\/a><\/li>\n<li><a href=\"https:\/\/www.vietcorp.com\/blog\/tag\/showcase-ncomputing\/\">Showcase Ncomputing<\/a><\/li>\n<\/ul>\n<p>&nbsp;<\/p>\n","protected":false},"excerpt":{"rendered":"<p>Support Windows and VDI <span dir=\"ltr\" role=\"presentation\">on Windows<\/span><br \/>\nHDMI Full HD<br \/>\nEthernet 1Gbs<br \/>\nWifi 5GHz and 2.4GHz<br \/>\nB\u1ea3o h\u00e0nh 12 th\u00e1ng<\/p>\n","protected":false},"featured_media":2712,"template":"","meta":[],"product_brand":[],"product_cat":[87],"product_tag":[66,70,68],"class_list":{"0":"post-2711","1":"product","2":"type-product","3":"status-publish","4":"has-post-thumbnail","6":"product_cat-thin-clients","7":"product_tag-cloudpc","8":"product_tag-ncomputing","9":"product_tag-thin-client","11":"first","12":"outofstock","13":"taxable","14":"shipping-taxable","15":"purchasable","16":"product-type-simple"},"_links":{"self":[{"href":"https:\/\/vietcorp.com\/store\/wp-json\/wp\/v2\/product\/2711","targetHints":{"allow":["GET"]}}],"collection":[{"href":"https:\/\/vietcorp.com\/store\/wp-json\/wp\/v2\/product"}],"about":[{"href":"https:\/\/vietcorp.com\/store\/wp-json\/wp\/v2\/types\/product"}],"wp:featuredmedia":[{"embeddable":true,"href":"https:\/\/vietcorp.com\/store\/wp-json\/wp\/v2\/media\/2712"}],"wp:attachment":[{"href":"https:\/\/vietcorp.com\/store\/wp-json\/wp\/v2\/media?parent=2711"}],"wp:term":[{"taxonomy":"product_brand","embeddable":true,"href":"https:\/\/vietcorp.com\/store\/wp-json\/wp\/v2\/product_brand?post=2711"},{"taxonomy":"product_cat","embeddable":true,"href":"https:\/\/vietcorp.com\/store\/wp-json\/wp\/v2\/product_cat?post=2711"},{"taxonomy":"product_tag","embeddable":true,"href":"https:\/\/vietcorp.com\/store\/wp-json\/wp\/v2\/product_tag?post=2711"}],"curies":[{"name":"wp","href":"https:\/\/api.w.org\/{rel}","templated":true}]}}