


{"id":2466,"date":"2022-10-17T08:59:28","date_gmt":"2022-10-17T01:59:28","guid":{"rendered":"https:\/\/www.vietcorp.com\/store\/?post_type=product&#038;p=2466"},"modified":"2024-11-21T13:22:39","modified_gmt":"2024-11-21T06:22:39","slug":"synology-adapter-65w_2","status":"publish","type":"product","link":"https:\/\/vietcorp.com\/store\/2466\/synology-adapter-65w_2\/","title":{"rendered":"SYNOLOGY-ADAPTER-65W_2"},"content":{"rendered":"<h2><strong>Synology Adapter 65W_2<\/strong><\/h2>\n<ul class=\"spare-parts-dialog__list\">\n<li><b>M\u00f4 t\u1ea3:\u00a0<\/b>Adapter 65W Level VI<\/li>\n<li><b>EAN:\u00a0<\/b>4711174729111<\/li>\n<li><b>UPC:\u00a0<\/b>846504009114<\/li>\n<li><b>K\u00edch th\u01b0\u1edbc:\u00a0<\/b>11.3 x4.9 x3.5cm<\/li>\n<li><b>Tr\u1ecdng l\u01b0\u1ee3ng:\u00a0<\/b>0.28 kg<\/li>\n<li><b>C\u00e1c m\u1eabu s\u1ea3n ph\u1ea9m \u00e1p d\u1ee5ng:\u00a0<\/b>DS723+, DS720+, DS718+, DS716+II, DS716+, DS715, DS713+, DS712+, DS620slim, DS215+, DS214+<\/li>\n<\/ul>\n","protected":false},"excerpt":{"rendered":"<p>Kh\u00f4ng k\u00e8m d\u00e2y ngu\u1ed3n<br \/>\nM\u00f4 t\u1ea3: Adapter 65W Level VI<br \/>\nEAN: 4711174729111<br \/>\nUPC: 846504009114<br \/>\nK\u00edch th\u01b0\u1edbc: 11.3 x4.9 x3.5cm<br \/>\nTr\u1ecdng l\u01b0\u1ee3ng: 0.28 kg<br \/>\nC\u00e1c m\u1eabu s\u1ea3n ph\u1ea9m \u00e1p d\u1ee5ng: DS723+, DS720+, DS718+, DS716+II, DS716+, DS715, DS713+, DS712+, DS620slim, DS215+, DS214+<\/p>\n","protected":false},"featured_media":7895,"template":"","meta":[],"product_brand":[],"product_cat":[191],"product_tag":[357,44,23,397],"class_list":{"0":"post-2466","1":"product","2":"type-product","3":"status-publish","4":"has-post-thumbnail","6":"product_cat-linh-kien","7":"product_tag-adapter-psu","8":"product_tag-phu-kien-synology","9":"product_tag-synology","10":"product_tag-synology-adapter","12":"first","13":"instock","14":"taxable","15":"shipping-taxable","16":"product-type-simple"},"_links":{"self":[{"href":"https:\/\/vietcorp.com\/store\/wp-json\/wp\/v2\/product\/2466","targetHints":{"allow":["GET"]}}],"collection":[{"href":"https:\/\/vietcorp.com\/store\/wp-json\/wp\/v2\/product"}],"about":[{"href":"https:\/\/vietcorp.com\/store\/wp-json\/wp\/v2\/types\/product"}],"wp:featuredmedia":[{"embeddable":true,"href":"https:\/\/vietcorp.com\/store\/wp-json\/wp\/v2\/media\/7895"}],"wp:attachment":[{"href":"https:\/\/vietcorp.com\/store\/wp-json\/wp\/v2\/media?parent=2466"}],"wp:term":[{"taxonomy":"product_brand","embeddable":true,"href":"https:\/\/vietcorp.com\/store\/wp-json\/wp\/v2\/product_brand?post=2466"},{"taxonomy":"product_cat","embeddable":true,"href":"https:\/\/vietcorp.com\/store\/wp-json\/wp\/v2\/product_cat?post=2466"},{"taxonomy":"product_tag","embeddable":true,"href":"https:\/\/vietcorp.com\/store\/wp-json\/wp\/v2\/product_tag?post=2466"}],"curies":[{"name":"wp","href":"https:\/\/api.w.org\/{rel}","templated":true}]}}