


{"id":2463,"date":"2022-10-17T08:36:18","date_gmt":"2022-10-17T01:36:18","guid":{"rendered":"https:\/\/www.vietcorp.com\/store\/?post_type=product&#038;p=2463"},"modified":"2024-11-21T13:22:39","modified_gmt":"2024-11-21T06:22:39","slug":"synology-adapter-60w_1","status":"publish","type":"product","link":"https:\/\/vietcorp.com\/store\/2463\/synology-adapter-60w_1\/","title":{"rendered":"Synology Adapter 60W_1"},"content":{"rendered":"<p><strong>Synology Adapter 60W_1<\/strong><\/p>\n<ul class=\"spare-parts-dialog__list\">\n<li><b>M\u00f4 t\u1ea3:\u00a0<\/b>Adapter 60W Level VI<\/li>\n<li><b>EAN:\u00a0<\/b>4711174729128<\/li>\n<li><b>UPC:\u00a0<\/b>846504009121<\/li>\n<li><b>K\u00edch th\u01b0\u1edbc:\u00a0<\/b>11.3 x4.9 x3.5cm<\/li>\n<li><b>Tr\u1ecdng l\u01b0\u1ee3ng:\u00a0<\/b>0.28 kg<\/li>\n<li><b>C\u00e1c m\u1eabu s\u1ea3n ph\u1ea9m \u00e1p d\u1ee5ng:\u00a0<\/b>DS224+, DS223, DS223j, DS220+, DS220j, DS218+, DS218, DS218play, DS218j, DS216+II, DS216+, DS216, DS216play, DS216j, DS216se, DS215j, DS214, DS214play, DS214se, DS213+, DS213, DS213j, DS213air, NVR1218, NVR216, DVA1622, DX213<\/li>\n<\/ul>\n","protected":false},"excerpt":{"rendered":"<p>Kh\u00f4ng k\u00e8m d\u00e2y ngu\u1ed3n<br \/>\nM\u00f4 t\u1ea3: Adapter 60W Level VI<br \/>\nEAN: 4711174729128<br \/>\nUPC: 846504009121<br \/>\nK\u00edch th\u01b0\u1edbc: 11.3 x4.9 x3.5cm<br \/>\nTr\u1ecdng l\u01b0\u1ee3ng: 0.28 kg<br \/>\nC\u00e1c m\u1eabu s\u1ea3n ph\u1ea9m \u00e1p d\u1ee5ng: DS224+, DS223, DS223j, DS220+, DS220j, DS218+, DS218, DS218play, DS218j, DS216+II, DS216+, DS216, DS216play, DS216j, DS216se, DS215j, DS214, DS214play, DS214se, DS213+, DS213, DS213j, DS213air, NVR1218, NVR216, DVA1622, DX213<\/p>\n","protected":false},"featured_media":7894,"template":"","meta":[],"product_brand":[],"product_cat":[191],"product_tag":[357,44,23,397],"class_list":{"0":"post-2463","1":"product","2":"type-product","3":"status-publish","4":"has-post-thumbnail","6":"product_cat-linh-kien","7":"product_tag-adapter-psu","8":"product_tag-phu-kien-synology","9":"product_tag-synology","10":"product_tag-synology-adapter","12":"first","13":"instock","14":"taxable","15":"shipping-taxable","16":"purchasable","17":"product-type-simple"},"_links":{"self":[{"href":"https:\/\/vietcorp.com\/store\/wp-json\/wp\/v2\/product\/2463","targetHints":{"allow":["GET"]}}],"collection":[{"href":"https:\/\/vietcorp.com\/store\/wp-json\/wp\/v2\/product"}],"about":[{"href":"https:\/\/vietcorp.com\/store\/wp-json\/wp\/v2\/types\/product"}],"wp:featuredmedia":[{"embeddable":true,"href":"https:\/\/vietcorp.com\/store\/wp-json\/wp\/v2\/media\/7894"}],"wp:attachment":[{"href":"https:\/\/vietcorp.com\/store\/wp-json\/wp\/v2\/media?parent=2463"}],"wp:term":[{"taxonomy":"product_brand","embeddable":true,"href":"https:\/\/vietcorp.com\/store\/wp-json\/wp\/v2\/product_brand?post=2463"},{"taxonomy":"product_cat","embeddable":true,"href":"https:\/\/vietcorp.com\/store\/wp-json\/wp\/v2\/product_cat?post=2463"},{"taxonomy":"product_tag","embeddable":true,"href":"https:\/\/vietcorp.com\/store\/wp-json\/wp\/v2\/product_tag?post=2463"}],"curies":[{"name":"wp","href":"https:\/\/api.w.org\/{rel}","templated":true}]}}