


{"id":2444,"date":"2022-10-13T14:04:55","date_gmt":"2022-10-13T07:04:55","guid":{"rendered":"https:\/\/www.vietcorp.com\/store\/?post_type=product&#038;p=2444"},"modified":"2025-12-11T11:43:02","modified_gmt":"2025-12-11T04:43:02","slug":"thiet-bi-mo-rong-nas-synology-fx2421","status":"publish","type":"product","link":"https:\/\/vietcorp.com\/store\/2444\/thiet-bi-mo-rong-nas-synology-fx2421\/","title":{"rendered":"Synology FX2421"},"content":{"rendered":"<p><a href=\"https:\/\/www.vietcorp.com\/store\/2444\/thiet-bi-mo-rong-nas-synology-fx2421\/\"><strong>Thi\u1ebft b\u1ecb m\u1edf r\u1ed9ng NAS Synology FX2421<\/strong><\/a> m\u1edf r\u1ed9ng dung l\u01b0\u1ee3ng l\u01b0u tr\u1eef nhanh ch\u00f3ng cho Synology FlashStation.<\/p>\n<p>C\u00e1c m\u1eabu s\u1ea3n ph\u1ea9m \u00e1p d\u1ee5ng: FS series:FS6400, FS3600, FS3400&lt;<\/p>\n<h3><strong>B\u1ed9 m\u1edf r\u1ed9ng 24-bay 2,5 &#8220;cho Synology FlashStation<\/strong><\/h3>\n<figure id=\"attachment_2448\" aria-describedby=\"caption-attachment-2448\" style=\"width: 600px\" class=\"wp-caption aligncenter\"><img decoding=\"async\" class=\"size-full wp-image-2448\" src=\"https:\/\/www.vietcorp.com\/store\/wp-content\/uploads\/2022\/10\/thiet-bi-mo-rong-nas-synology-fx2421-4.jpg\" alt=\"Thi\u1ebft b\u1ecb m\u1edf r\u1ed9ng NAS Synology FX2421 1\" width=\"600\" height=\"326\" srcset=\"https:\/\/vietcorp.com\/store\/wp-content\/uploads\/2022\/10\/thiet-bi-mo-rong-nas-synology-fx2421-4.jpg?v=1668219126 600w, https:\/\/vietcorp.com\/store\/wp-content\/uploads\/2022\/10\/thiet-bi-mo-rong-nas-synology-fx2421-4-400x217.jpg?v=1668219126 400w, https:\/\/vietcorp.com\/store\/wp-content\/uploads\/2022\/10\/thiet-bi-mo-rong-nas-synology-fx2421-4-367x199.jpg?v=1668219126 367w\" sizes=\"(max-width: 600px) 100vw, 600px\" \/><figcaption id=\"caption-attachment-2448\" class=\"wp-caption-text\">B\u1ed9 m\u1edf r\u1ed9ng 24-bay 2,5 &#8220;cho Synology FlashStation<\/figcaption><\/figure>\n<p>M\u1edf r\u1ed9ng <a href=\"https:\/\/www.vietcorp.com\/store\/nas-synology-flashstation\/\">Synology FlashStation<\/a> c\u1ee7a b\u1ea1n v\u1edbi B\u1ed9 m\u1edf r\u1ed9ng FX2421 \u0111\u1ec3 c\u00f3 th\u00eam 24 khay \u1ed5 2,5 \u201db\u1ea5t c\u1ee9 khi n\u00e0o c\u1ea7n. Kh\u00f4ng c\u1ea7n c\u1ea5u h\u00ecnh ph\u1ea7n m\u1ec1m b\u1ed5 sung, FX2421 ngay l\u1eadp t\u1ee9c s\u1eb5n s\u00e0ng s\u1eed d\u1ee5ng khi k\u1ebft n\u1ed1i v\u1edbi Synology FlashStation. C\u00e1c \u0111\u01a1n v\u1ecb m\u1edf r\u1ed9ng FX2421 c\u0169ng c\u00f3 th\u1ec3 \u0111\u01b0\u1ee3c s\u1eed d\u1ee5ng nh\u01b0 m\u1ed9t \u0111i\u1ec3m sao l\u01b0u c\u1ee5c b\u1ed9 chuy\u00ean d\u1ee5ng v\u00e0 c\u00f3 th\u1ec3 truy c\u1eadp nhanh ch\u00f3ng.<\/p>\n<h3><strong>Truy\u1ec1n d\u1eef li\u1ec7u hi\u1ec7u su\u1ea5t cao<\/strong><\/h3>\n<figure id=\"attachment_2449\" aria-describedby=\"caption-attachment-2449\" style=\"width: 600px\" class=\"wp-caption aligncenter\"><img decoding=\"async\" class=\"size-full wp-image-2449\" src=\"https:\/\/www.vietcorp.com\/store\/wp-content\/uploads\/2022\/10\/thiet-bi-mo-rong-nas-synology-fx2421-8.jpg\" alt=\"Thi\u1ebft b\u1ecb m\u1edf r\u1ed9ng NAS Synology FX2421 2\" width=\"600\" height=\"182\" srcset=\"https:\/\/vietcorp.com\/store\/wp-content\/uploads\/2022\/10\/thiet-bi-mo-rong-nas-synology-fx2421-8.jpg?v=1668219124 600w, https:\/\/vietcorp.com\/store\/wp-content\/uploads\/2022\/10\/thiet-bi-mo-rong-nas-synology-fx2421-8-400x121.jpg?v=1668219124 400w, https:\/\/vietcorp.com\/store\/wp-content\/uploads\/2022\/10\/thiet-bi-mo-rong-nas-synology-fx2421-8-367x111.jpg?v=1668219124 367w\" sizes=\"(max-width: 600px) 100vw, 600px\" \/><figcaption id=\"caption-attachment-2449\" class=\"wp-caption-text\">Truy\u1ec1n d\u1eef li\u1ec7u hi\u1ec7u su\u1ea5t cao<\/figcaption><\/figure>\n<p>C\u00e1p m\u1edf r\u1ed9ng t\u1ed1c \u0111\u1ed9 cao \u0111\u01b0\u1ee3c cung c\u1ea5p v\u1edbi FX2421 cho ph\u00e9p k\u1ebft n\u1ed1i b\u0103ng th\u00f4ng cao \u0111\u1ec3 \u0111\u1ea1t \u0111\u01b0\u1ee3c th\u00f4ng l\u01b0\u1ee3ng d\u1eef li\u1ec7u t\u1ed1i \u0111a gi\u1eefa Synology FlashStation v\u00e0 Thi\u1ebft b\u1ecb m\u1edf r\u1ed9ng c\u1ee7a b\u1ea1n. C\u00e1c \u1ed5 \u0111\u0129a trong FX2421 ho\u1ea1t \u0111\u1ed9ng v\u1edbi \u0111\u1ed9 tr\u1ec5 d\u1eef li\u1ec7u t\u1ed1i thi\u1ec3u, nh\u01b0 th\u1ec3 \u0111\u01b0\u1ee3c c\u00e0i \u0111\u1eb7t tr\u1ef1c ti\u1ebfp tr\u00ean Synology FlashStation c\u1ee7a b\u1ea1n, cho ph\u00e9p b\u1ea1n t\u1eadn d\u1ee5ng hi\u1ec7u su\u1ea5t I \/ O cao c\u1ee7a SSD.<\/p>\n<h3><strong>Thi\u1ebft k\u1ebf \u0111\u1ed9 tin c\u1eady cao, thi\u1ebft l\u1eadp ph\u1ea7n c\u1ee9ng d\u1ec5 d\u00e0ng<\/strong><\/h3>\n<figure id=\"attachment_2450\" aria-describedby=\"caption-attachment-2450\" style=\"width: 600px\" class=\"wp-caption aligncenter\"><img decoding=\"async\" class=\"size-full wp-image-2450\" src=\"https:\/\/www.vietcorp.com\/store\/wp-content\/uploads\/2022\/10\/thiet-bi-mo-rong-nas-synology-fx2421-7.jpg\" alt=\"Thi\u1ebft b\u1ecb m\u1edf r\u1ed9ng NAS Synology FX2421 3\" width=\"600\" height=\"165\" srcset=\"https:\/\/vietcorp.com\/store\/wp-content\/uploads\/2022\/10\/thiet-bi-mo-rong-nas-synology-fx2421-7.jpg?v=1668219123 600w, https:\/\/vietcorp.com\/store\/wp-content\/uploads\/2022\/10\/thiet-bi-mo-rong-nas-synology-fx2421-7-400x110.jpg?v=1668219123 400w, https:\/\/vietcorp.com\/store\/wp-content\/uploads\/2022\/10\/thiet-bi-mo-rong-nas-synology-fx2421-7-367x101.jpg?v=1668219123 367w\" sizes=\"(max-width: 600px) 100vw, 600px\" \/><figcaption id=\"caption-attachment-2450\" class=\"wp-caption-text\">Thi\u1ebft b\u1ecb m\u1edf r\u1ed9ng NAS Synology FX2421<\/figcaption><\/figure>\n<p>Synology FX2421 l\u00e0 thi\u1ebft b\u1ecb m\u1edf r\u1ed9ng c\u00f3 \u0111\u1ed9 tin c\u1eady cao v\u00e0 \u0111\u01b0\u1ee3c ki\u1ec3m tra k\u1ef9 l\u01b0\u1ee1ng \u0111i k\u00e8m v\u1edbi khay \u1ed5 \u0111\u0129a c\u00f3 th\u1ec3 thay th\u1ebf n\u00f3ng v\u00e0 c\u00e1c th\u00e0nh ph\u1ea7n \u0111\u01b0\u1ee3c m\u00f4-\u0111un h\u00f3a. Ngu\u1ed3n \u0111i\u1ec7n d\u1ef1 ph\u00f2ng v\u00e0 qu\u1ea1t h\u1ec7 th\u1ed1ng c\u00f3 th\u1ec3 \u0111\u01b0\u1ee3c thay th\u1ebf d\u1ec5 d\u00e0ng \u0111\u1ec3 \u0111\u1ea3m b\u1ea3o th\u1eddi gian ho\u1ea1t \u0111\u1ed9ng c\u1ee7a d\u1ecbch v\u1ee5 t\u1ed1i \u0111a. B\u1ed9 ray tr\u01b0\u1ee3t RKS1317 t\u00f9y ch\u1ecdn cung c\u1ea5p h\u1ed7 tr\u1ee3 kh\u00f3a c\u1ed1 \u0111\u1ecbnh gi\u00e1 nhanh ch\u00f3ng \u0111\u1ec3 l\u1eafp \u0111\u1eb7t t\u1ee7 rack nhanh ch\u00f3ng v\u00e0 an to\u00e0n.<\/p>\n<p><strong>B\u1ea3o h\u00e0nh 5 n\u0103m<\/strong><\/p>\n<p>Synology \u0111\u1ea3m b\u1ea3o tr\u1ea3i nghi\u1ec7m qu\u1ea3n l\u00fd d\u1eef li\u1ec7u m\u1ea1nh m\u1ebd v\u00e0 \u0111\u00e1ng tin c\u1eady v\u1edbi ch\u01b0\u01a1ng tr\u00ecnh b\u1ea3o h\u00e0nh c\u00f3 gi\u1edbi h\u1ea1n 5 n\u0103m, cung c\u1ea5p d\u1ecbch v\u1ee5 h\u1ed7 tr\u1ee3 k\u1ef9 thu\u1eadt v\u00e0 thay th\u1ebf ph\u1ea7n c\u1ee9ng nhanh ch\u00f3ng \u0111\u1ec3 t\u1ed1i \u0111a h\u00f3a l\u1ee3i \u00edch c\u1ee7a \u0111\u1ea7u t\u01b0.<\/p>\n<p>Xem th\u00eam v\u1ec1 nh\u1eefng m\u1eabu <a href=\"https:\/\/www.vietcorp.com\/store\/nas-synology\/\"><strong>thi\u1ebft b\u1ecb l\u01b0u tr\u1eef NAS Synology<\/strong><\/a><\/p>\n<p>Xem th\u00eam:<\/p>\n<ul>\n<li><a href=\"https:\/\/www.vietcorp.com\/vn\/2819\/chung-nhan-vietcorp-doi-tac-cua-synology\/\">Ch\u1ee9ng nh\u1eadn Synology<\/a><\/li>\n<li><a href=\"https:\/\/vietcorp.com\/support\/synology\/\">Support Synology<\/a><\/li>\n<li><a href=\"https:\/\/www.vietcorp.com\/blog\/tag\/showcase-synology\/\">Showcase Synology<\/a><\/li>\n<\/ul>\n<p>&nbsp;<\/p>\n","protected":false},"excerpt":{"rendered":"<p>Synology FX2421<br \/>\nH\u1ed7 tr\u1ee3: FS6400, FS3600, FS3400<br \/>\nKhay \u1ed5 \u0111\u0129a: 24<br \/>\n(Dung l\u01b0\u1ee3ng c\u00f3 th\u1ec3 kh\u00e1c nhau t\u00f9y theo lo\u1ea1i RAID)<br \/>\nB\u1ea3o h\u00e0nh 5 n\u0103m<\/p>\n","protected":false},"featured_media":7806,"template":"","meta":[],"product_brand":[],"product_cat":[363],"product_tag":[47,53,23],"class_list":{"0":"post-2444","1":"product","2":"type-product","3":"status-publish","4":"has-post-thumbnail","6":"product_cat-expansion-units","7":"product_tag-expansion","8":"product_tag-nas","9":"product_tag-synology","11":"first","12":"outofstock","13":"taxable","14":"shipping-taxable","15":"product-type-simple"},"_links":{"self":[{"href":"https:\/\/vietcorp.com\/store\/wp-json\/wp\/v2\/product\/2444","targetHints":{"allow":["GET"]}}],"collection":[{"href":"https:\/\/vietcorp.com\/store\/wp-json\/wp\/v2\/product"}],"about":[{"href":"https:\/\/vietcorp.com\/store\/wp-json\/wp\/v2\/types\/product"}],"wp:featuredmedia":[{"embeddable":true,"href":"https:\/\/vietcorp.com\/store\/wp-json\/wp\/v2\/media\/7806"}],"wp:attachment":[{"href":"https:\/\/vietcorp.com\/store\/wp-json\/wp\/v2\/media?parent=2444"}],"wp:term":[{"taxonomy":"product_brand","embeddable":true,"href":"https:\/\/vietcorp.com\/store\/wp-json\/wp\/v2\/product_brand?post=2444"},{"taxonomy":"product_cat","embeddable":true,"href":"https:\/\/vietcorp.com\/store\/wp-json\/wp\/v2\/product_cat?post=2444"},{"taxonomy":"product_tag","embeddable":true,"href":"https:\/\/vietcorp.com\/store\/wp-json\/wp\/v2\/product_tag?post=2444"}],"curies":[{"name":"wp","href":"https:\/\/api.w.org\/{rel}","templated":true}]}}