


{"id":2280,"date":"2022-10-07T13:56:47","date_gmt":"2022-10-07T06:56:47","guid":{"rendered":"https:\/\/www.vietcorp.com\/store\/?post_type=product&#038;p=2280"},"modified":"2026-04-21T14:43:27","modified_gmt":"2026-04-21T07:43:27","slug":"ethernet-adapter-synology-e10g21-f2","status":"publish","type":"product","link":"https:\/\/vietcorp.com\/store\/2280\/ethernet-adapter-synology-e10g21-f2\/","title":{"rendered":"Synology E10G21-F2"},"content":{"rendered":"<h4 style=\"color: red;\">S\u1ea3n ph\u1ea9m ng\u1eebng kinh doanh<\/h4>\n<p><strong>Ethernet Adapter Synology E10G21-F2<\/strong> Card\u00a0b\u1ed5 tr\u1ee3 10GbE SFP + c\u1ed5ng k\u00e9p cho m\u00e1y ch\u1ee7 Synology<\/p>\n<p><strong>Applied Models:<\/strong><\/p>\n<ul class=\"product_spec_applied_models\">\n<li><b>FS series:<\/b>FS6400, FS3600, FS3410, FS3400, FS3017, FS2500, FS2017, FS1018<\/li>\n<li><b>HD series:<\/b>HD6500<\/li>\n<li><b>SA series:<\/b>SA6400, SA3610, SA3600, SA3410, SA3400D, SA3400, SA3200D<\/li>\n<li><b>UC series:<\/b>UC3400, UC3200<\/li>\n<li><b>23 series:<\/b>RS2423RP+, RS2423+, DS1823xs+<\/li>\n<li><b>22 series:<\/b>RS822RP+, RS822+, DS3622xs+, DS2422+<\/li>\n<li><b>21 series:<\/b>RS4021xs+, RS3621xs+, RS3621RPxs, RS2821RP+, RS2421RP+, RS2421+, RS1221RP+, RS1221+, DS1821+, DS1621xs+, DS1621+<\/li>\n<li><b>20 series:<\/b>RS820RP+, RS820+<\/li>\n<li><b>19 series:<\/b>RS1619xs+, DS2419+II, DS2419+, DS1819+<\/li>\n<li><b>18 series:<\/b>RS3618xs, RS2818RP+, RS2418RP+, RS2418+, DS3018xs, DS1618+<\/li>\n<li><b>17 series:<\/b>RS18017xs+, RS4017xs+, RS3617xs+, RS3617RPxs, DS3617xsII, DS3617xs<\/li>\n<\/ul>\n<h3><strong>T\u0103ng c\u01b0\u1eddng k\u1ebft n\u1ed1i cho kh\u1ed1i l\u01b0\u1ee3ng c\u00f4ng vi\u1ec7c<\/strong><\/h3>\n<p>Synology E10G21-F2 l\u00e0 th\u1ebb giao di\u1ec7n m\u1ea1ng 10GbE SFP + hai c\u1ed5ng cho ph\u00e9p b\u1ea1n t\u0103ng b\u0103ng th\u00f4ng v\u00e0 hi\u1ec7u su\u1ea5t m\u1ea1ng. X\u1eed l\u00fd nhi\u1ec1u thao t\u00e1c h\u01a1n, ng\u01b0\u1eddi d\u00f9ng v\u00e0 video \u0111\u1ed9 ph\u00e2n gi\u1ea3i cao.<\/p>\n<p><em>Th\u00f4ng l\u01b0\u1ee3ng<\/em><\/p>\n<p>C\u1ed5ng k\u00e9p 10GbE SFP +<\/p>\n<p><em>Uy\u1ec3n chuy\u1ec3n<\/em><\/p>\n<p>H\u1ed7 tr\u1ee3 quang h\u1ecdc SR, quang h\u1ecdc LR v\u00e0 DAC<\/p>\n<p><em>Kh\u1ea3 n\u0103ng t\u01b0\u01a1ng th\u00edch<\/em><\/p>\n<p>\u0110\u01b0\u1ee3c x\u00e2y d\u1ef1ng c\u00f3 m\u1ee5c \u0111\u00edch cho c\u00e1c m\u00e1y ch\u1ee7 Synology<\/p>\n<h3><strong>T\u1ed1i \u0111a h\u00f3a th\u00f4ng l\u01b0\u1ee3ng trong v\u00f2ng v\u00e0i ph\u00fat<\/strong><\/h3>\n<p><em>D\u1ec5 d\u00e0ng c\u00e0i \u0111\u1eb7t<\/em><\/p>\n<p>N\u00e2ng c\u1ea5p h\u1ec7 th\u1ed1ng Synology v\u1edbi t\u1ed1c \u0111\u1ed9 m\u1ea1ng nhanh h\u01a1n. X\u00e1c nh\u1eadn k\u1ef9 l\u01b0\u1ee1ng \u0111\u1ea3m b\u1ea3o t\u00edch h\u1ee3p li\u1ec1n m\u1ea1ch v\u1edbi DSM.<\/p>\n<figure id=\"attachment_2284\" aria-describedby=\"caption-attachment-2284\" style=\"width: 591px\" class=\"wp-caption aligncenter\"><img decoding=\"async\" class=\"size-full wp-image-2284\" src=\"https:\/\/www.vietcorp.com\/store\/wp-content\/uploads\/2022\/10\/thiet-bi-mang-synology-E10G21-F2-5.jpg\" alt=\"Ethernet Adapter Synology E10G21-F2\" width=\"591\" height=\"449\" srcset=\"https:\/\/vietcorp.com\/store\/wp-content\/uploads\/2022\/10\/thiet-bi-mang-synology-E10G21-F2-5.jpg?v=1668219250 591w, https:\/\/vietcorp.com\/store\/wp-content\/uploads\/2022\/10\/thiet-bi-mang-synology-E10G21-F2-5-400x304.jpg?v=1668219250 400w, https:\/\/vietcorp.com\/store\/wp-content\/uploads\/2022\/10\/thiet-bi-mang-synology-E10G21-F2-5-367x279.jpg?v=1668219250 367w\" sizes=\"(max-width: 591px) 100vw, 591px\" \/><figcaption id=\"caption-attachment-2284\" class=\"wp-caption-text\">Thi\u1ebft b\u1ecb m\u1ea1ng card m\u1ea1ng Synology E10G21-F2<\/figcaption><\/figure>\n<p>&nbsp;<\/p>\n<p><em>Li\u00ean k\u1ebft k\u00e9p<\/em><\/p>\n<p>K\u1ebft h\u1ee3p hai c\u1ed5ng 10GbE c\u1ee7a E10G21-F2 th\u00e0nh m\u1ed9t nh\u00f3m t\u1ed5ng h\u1ee3p li\u00ean k\u1ebft \u0111\u1ec3 cho ph\u00e9p th\u00f4ng l\u01b0\u1ee3ng \u0111\u1ed3ng th\u1eddi cao h\u01a1n, chuy\u1ec3n \u0111\u1ed5i d\u1ef1 ph\u00f2ng c\u1ed5ng v\u00e0 c\u00e2n b\u1eb1ng t\u1ea3i.<\/p>\n<figure id=\"attachment_2285\" aria-describedby=\"caption-attachment-2285\" style=\"width: 615px\" class=\"wp-caption aligncenter\"><img decoding=\"async\" class=\"size-full wp-image-2285\" src=\"https:\/\/www.vietcorp.com\/store\/wp-content\/uploads\/2022\/10\/thiet-bi-mang-synology-E10G21-F2-4.jpg\" alt=\"\" width=\"615\" height=\"451\" srcset=\"https:\/\/vietcorp.com\/store\/wp-content\/uploads\/2022\/10\/thiet-bi-mang-synology-E10G21-F2-4.jpg?v=1668219248 615w, https:\/\/vietcorp.com\/store\/wp-content\/uploads\/2022\/10\/thiet-bi-mang-synology-E10G21-F2-4-600x440.jpg?v=1668219248 600w, https:\/\/vietcorp.com\/store\/wp-content\/uploads\/2022\/10\/thiet-bi-mang-synology-E10G21-F2-4-400x293.jpg?v=1668219248 400w, https:\/\/vietcorp.com\/store\/wp-content\/uploads\/2022\/10\/thiet-bi-mang-synology-E10G21-F2-4-367x269.jpg?v=1668219248 367w\" sizes=\"(max-width: 615px) 100vw, 615px\" \/><figcaption id=\"caption-attachment-2285\" class=\"wp-caption-text\">Thi\u1ebft b\u1ecb m\u1ea1ng card m\u1ea1ng Synology E10G21-F2<\/figcaption><\/figure>\n<h3><strong>B\u1ea3o h\u00e0nh 5 n\u0103m<\/strong><\/h3>\n<p>Synology \u0111\u1ea3m b\u1ea3o tr\u1ea3i nghi\u1ec7m qu\u1ea3n l\u00fd d\u1eef li\u1ec7u m\u1ea1nh m\u1ebd v\u00e0 \u0111\u00e1ng tin c\u1eady v\u1edbi ch\u01b0\u01a1ng tr\u00ecnh b\u1ea3o h\u00e0nh c\u00f3 gi\u1edbi h\u1ea1n 5 n\u0103m, cung c\u1ea5p d\u1ecbch v\u1ee5 h\u1ed7 tr\u1ee3 k\u1ef9 thu\u1eadt v\u00e0 thay th\u1ebf ph\u1ea7n c\u1ee9ng nhanh ch\u00f3ng \u0111\u1ec3 t\u1ed1i \u0111a h\u00f3a l\u1ee3i t\u1ee9c \u0111\u1ea7u t\u01b0 c\u1ee7a b\u1ea1n.<\/p>\n","protected":false},"excerpt":{"rendered":"<h4 style=\"color: red;\"><strong>S\u1ea2N PH\u1ea8M NG\u1eeaNG KINH DOANH<\/strong><\/h4>\n<p><a href=\"https:\/\/www.vietcorp.com\/blog\/danh-sach-san-pham-synology-ngung-kinh-doanh-14724.html\/\">(Danh s\u00e1ch s\u1ea3n ph\u1ea9m Synology ng\u1eebng kinh doanh)<\/a><\/p>\n<p>Ethernet Adapter Synology E10G21-F2<br \/>\nNetwork Interface Card<br \/>\nNetwork: 10 Gbps<br \/>\nE10G21-F2 is a dual-port 10GbE SFP+<\/p>\n","protected":false},"featured_media":7525,"template":"","meta":[],"product_brand":[],"product_cat":[337,193],"product_tag":[43,23],"class_list":{"0":"post-2280","1":"product","2":"type-product","3":"status-publish","4":"has-post-thumbnail","6":"product_cat-san-pham-ngung-kinh-doanh","7":"product_cat-thiet-bi-mang","8":"product_tag-all-in-card","9":"product_tag-synology","11":"first","12":"instock","13":"taxable","14":"shipping-taxable","15":"product-type-simple"},"_links":{"self":[{"href":"https:\/\/vietcorp.com\/store\/wp-json\/wp\/v2\/product\/2280","targetHints":{"allow":["GET"]}}],"collection":[{"href":"https:\/\/vietcorp.com\/store\/wp-json\/wp\/v2\/product"}],"about":[{"href":"https:\/\/vietcorp.com\/store\/wp-json\/wp\/v2\/types\/product"}],"wp:featuredmedia":[{"embeddable":true,"href":"https:\/\/vietcorp.com\/store\/wp-json\/wp\/v2\/media\/7525"}],"wp:attachment":[{"href":"https:\/\/vietcorp.com\/store\/wp-json\/wp\/v2\/media?parent=2280"}],"wp:term":[{"taxonomy":"product_brand","embeddable":true,"href":"https:\/\/vietcorp.com\/store\/wp-json\/wp\/v2\/product_brand?post=2280"},{"taxonomy":"product_cat","embeddable":true,"href":"https:\/\/vietcorp.com\/store\/wp-json\/wp\/v2\/product_cat?post=2280"},{"taxonomy":"product_tag","embeddable":true,"href":"https:\/\/vietcorp.com\/store\/wp-json\/wp\/v2\/product_tag?post=2280"}],"curies":[{"name":"wp","href":"https:\/\/api.w.org\/{rel}","templated":true}]}}