


{"id":15,"date":"2020-11-05T09:00:14","date_gmt":"2020-11-05T02:00:14","guid":{"rendered":"https:\/\/www.vietcorp.com\/store\/product\/synology-ds920\/"},"modified":"2024-05-09T16:09:52","modified_gmt":"2024-05-09T09:09:52","slug":"thiet-bi-luu-tru-nas-synology-ds920","status":"publish","type":"product","link":"https:\/\/vietcorp.com\/store\/15\/thiet-bi-luu-tru-nas-synology-ds920\/","title":{"rendered":"Synology DS920+"},"content":{"rendered":"<section class=\"wpb-content-wrapper\"><p>[vc_row][vc_column][vc_column_text]S\u1ea3n ph\u1ea9m thay th\u1ebf[\/vc_column_text]<div class=\"woocommerce \">\r\n<ul class=\"products products-container grid pcols-lg-4 pcols-md-3 pcols-xs-2 pcols-ls-1 pwidth-lg-4 pwidth-md-3 pwidth-xs-2 pwidth-ls-1 is-shortcode\"\r\r\n\t data-product_layout=\"product-default\">\r\r\n\r\n\r\r\n<li class=\"product-col product-default product type-product post-2878 status-publish first outofstock product_cat-nas product_cat-san-pham-ngung-kinh-doanh product_tag-ds923 product_tag-nas product_tag-nas-4-bay product_tag-nas-ds923 product_tag-synology product_tag-synology-diskstation product_tag-synology-ds923 has-post-thumbnail taxable shipping-taxable product-type-simple\">\r\r\n<div class=\"product-inner\">\r\r\n\t\r\n\r\r\n\t<div class=\"product-image\">\r\r\n\r\r\n\t\t<a  href=\"https:\/\/vietcorp.com\/store\/2878\/thiet-bi-luu-tru-nas-synology-ds923\/\" aria-label=\"product\">\r\r\n\t\t\t<div class=\"stock out-of-stock\">H\u1ebft h\u00e0ng<\/div><div class=\"inner img-effect\"><img decoding=\"async\" width=\"600\" height=\"600\" src=\"https:\/\/vietcorp.com\/store\/wp-content\/uploads\/2022\/12\/thiet-bi-luu-tru-nas-synology-ds9231.png\" class=\"attachment-woocommerce_thumbnail size-woocommerce_thumbnail\" alt=\"Synology DS923+\" srcset=\"https:\/\/vietcorp.com\/store\/wp-content\/uploads\/2022\/12\/thiet-bi-luu-tru-nas-synology-ds9231.png 600w, https:\/\/vietcorp.com\/store\/wp-content\/uploads\/2022\/12\/thiet-bi-luu-tru-nas-synology-ds9231-400x400.png 400w, https:\/\/vietcorp.com\/store\/wp-content\/uploads\/2022\/12\/thiet-bi-luu-tru-nas-synology-ds9231-560x560.png 560w, https:\/\/vietcorp.com\/store\/wp-content\/uploads\/2022\/12\/thiet-bi-luu-tru-nas-synology-ds9231-367x367.png 367w\" sizes=\"(max-width: 600px) 100vw, 600px\" \/><img decoding=\"async\" width=\"600\" height=\"600\" src=\"https:\/\/vietcorp.com\/store\/wp-content\/uploads\/2022\/12\/thiet-bi-luu-tru-nas-synology-ds9232.png\" class=\"hover-image\" alt=\"\" srcset=\"https:\/\/vietcorp.com\/store\/wp-content\/uploads\/2022\/12\/thiet-bi-luu-tru-nas-synology-ds9232.png 600w, https:\/\/vietcorp.com\/store\/wp-content\/uploads\/2022\/12\/thiet-bi-luu-tru-nas-synology-ds9232-400x400.png 400w, https:\/\/vietcorp.com\/store\/wp-content\/uploads\/2022\/12\/thiet-bi-luu-tru-nas-synology-ds9232-560x560.png 560w, https:\/\/vietcorp.com\/store\/wp-content\/uploads\/2022\/12\/thiet-bi-luu-tru-nas-synology-ds9232-367x367.png 367w\" sizes=\"(max-width: 600px) 100vw, 600px\" \/><\/div>\r\n\t\t<\/a>\r\r\n\t\r\n\t\r\n\t<\/div>\r\r\n\r\r\n\t<div class=\"product-content\">\r\r\n\t\t<span class=\"category-list\"><a href=\"https:\/\/vietcorp.com\/store\/product-category\/nas\/\" rel=\"tag\">NAS<\/a>, <a href=\"https:\/\/vietcorp.com\/store\/product-category\/san-pham-ngung-kinh-doanh\/\" rel=\"tag\">S\u1ea2N PH\u1ea8M NG\u1eeaNG KINH DOANH<\/a><\/span>\r\n\r\r\n\t\t\r\n\t<a class=\"product-loop-title\"  href=\"https:\/\/vietcorp.com\/store\/2878\/thiet-bi-luu-tru-nas-synology-ds923\/\">\r\r\n\t<h3 class=\"woocommerce-loop-product__title\">Synology DS923+<\/h3>\r\n\t<\/a>\r\r\n\t\r\n\r\r\n\t\t\r\n\t<div class=\"description\">\r\r\n\t\t\r\n\t\t<p class=\"post-excerpt\">Thi\u1ebft b\u1ecb l\u01b0u tr\u1eef NAS Synology DS923+<br \/>\nNAS 4 khay \u1ed5 \u0111\u0129a max 9 \u1ed5 \u0111\u0129a<br \/>\n4GB DDR4 ECC up to 32GB<br \/>\n2 x RJ-45 1GbE<br \/>\nB\u1ea3o h\u00e0nh 36 th\u00e1ng<\/p>\n\r\n\t<\/div>\r\r\n\t\n\r\n\r\r\n\t\t\r\n<div class=\"add-links-wrap\">\r\r\n\t<div class=\"add-links clearfix\">\r\r\n\t\t<a href=\"https:\/\/vietcorp.com\/store\/2878\/thiet-bi-luu-tru-nas-synology-ds923\/\" aria-describedby=\"woocommerce_loop_add_to_cart_link_describedby_2878\" data-quantity=\"1\" class=\"viewcart-style-2 button product_type_simple add_to_cart_read_more\" data-product_id=\"2878\" data-product_sku=\"SYNOLOGY-DS923+\" aria-label=\"\u0110\u1ecdc th\u00eam v\u1ec1 &ldquo;Synology DS923+&rdquo;\" rel=\"nofollow\" data-success_message=\"\">\u0110\u1ecdc ti\u1ebfp<\/a>\r\n\t\r\n\t<span id=\"woocommerce_loop_add_to_cart_link_describedby_2878\" class=\"screen-reader-text\">\r\r\n\t\t\r\n\t<\/span>\r\r\n\t\r\n\t<div class=\"quickview\" data-id=\"2878\" title=\"Xem nhanh\">Xem nhanh<\/div>\r\n\t<\/div>\r\r\n\t\r\n<\/div>\r\r\n<span class=\"gtm4wp_productdata\" style=\"display:none; visibility:hidden;\" data-gtm4wp_product_data=\"{&quot;internal_id&quot;:2878,&quot;item_id&quot;:2878,&quot;item_name&quot;:&quot;Synology DS923+&quot;,&quot;sku&quot;:&quot;SYNOLOGY-DS923+&quot;,&quot;price&quot;:0,&quot;stocklevel&quot;:0,&quot;stockstatus&quot;:&quot;outofstock&quot;,&quot;google_business_vertical&quot;:&quot;retail&quot;,&quot;item_category&quot;:&quot;S\\u1ea2N PH\\u1ea8M NG\\u1eeaNG KINH DOANH&quot;,&quot;id&quot;:2878,&quot;productlink&quot;:&quot;https:\\\/\\\/vietcorp.com\\\/store\\\/2878\\\/thiet-bi-luu-tru-nas-synology-ds923\\\/&quot;,&quot;item_list_name&quot;:&quot;General Product List&quot;,&quot;index&quot;:1,&quot;product_type&quot;:&quot;simple&quot;,&quot;item_brand&quot;:&quot;&quot;}\"><\/span>\r\n\t<\/div>\r\r\n<\/div>\r\r\n\r\r\n<\/li>\r\r\n\r\n<\/ul>\r\r\n<\/div>[\/vc_column][\/vc_row][vc_row][vc_column][vc_column_text]<\/p>\n<h4 style=\"color: red;\">S\u1ea3n ph\u1ea9m ng\u1eebng kinh doanh<\/h4>\n<p><a href=\"https:\/\/www.vietcorp.com\/store\/15\/thiet-bi-luu-tru-nas-synology-ds920\/\"><strong>Thi\u1ebft b\u1ecb l\u01b0u tr\u1eef NAS Synology DS920+<\/strong><\/a> l\u00e0 m\u1ed9t gi\u1ea3i ph\u00e1p l\u01b0u tr\u1eef m\u1ea1ng l\u00fd t\u01b0\u1edfng \u0111\u1ec3 qu\u1ea3n l\u00fd d\u1eef li\u1ec7u. T\u00edch h\u1ee3p c\u00f4ng ngh\u1ec7 SSD Cache v\u1edbi khe c\u1eafm SSD M.2 cho ph\u00e9p b\u1ea1n t\u0103ng hi\u1ec7u su\u1ea5t I \/ O c\u1ee7a h\u1ec7 th\u1ed1ng v\u00e0 \u1ee9ng d\u1ee5ng m\u1ed9t c\u00e1ch nhanh ch\u00f3ng. Vi\u1ec7c m\u1edf r\u1ed9ng dung l\u01b0\u1ee3ng l\u01b0u tr\u1eef tr\u1edf n\u00ean d\u1ec5 d\u00e0ng h\u01a1n cho ph\u00e9p b\u1ea1n b\u1eaft \u0111\u1ea7u l\u01b0u tr\u1eef nh\u1ecf v\u00e0 m\u1edf r\u1ed9ng v\u1edbi Synology DX517 khi d\u1eef li\u1ec7u c\u1ee7a b\u1ea1n ph\u00e1t tri\u1ec3n.<\/p>\n<h2><span style=\"color: #0000ff;\"><strong><a href=\"https:\/\/vietcorp.com\/store\/nas-synology\">NAS Synology<\/a> DS920+ cung c\u1ea5p ph\u1ea7n c\u1ee9ng m\u1ea1nh m\u1ebd<\/strong><\/span><\/h2>\n<ul>\n<li style=\"list-style-type: none;\">\n<ul>\n<li><strong>B\u1ed9 x\u1eed l\u00fd CPU<\/strong>: 4-core 2.0 GHz, burst up to 2.7 GHz<\/li>\n<li><strong>B\u1ed9 nh\u1edb \u0111\u1ec7m cache<\/strong>: Khe SSD M.2 2280 k\u00e9p, h\u1ed7 tr\u1ee3 b\u1ed9 nh\u1edb cache NVMe<\/li>\n<\/ul>\n<\/li>\n<\/ul>\n<ul>\n<li><strong>T\u1ed1c \u0111\u1ed9<\/strong>: \u0110\u1ecdc ng\u1eabu nhi\u00ean t\u0103ng trung b\u00ecnh 15%<\/li>\n<li><strong>Kh\u1ea3 n\u0103ng m\u1edf r\u1ed9ng<\/strong>: V\u1edbi hai DX517, n\u00f3 c\u00f3 th\u1ec3 \u0111\u01b0\u1ee3c m\u1edf r\u1ed9ng l\u00ean 9 \u1ed5 c\u1ee9ng<\/li>\n<\/ul>\n<h2 class=\"fusion-responsive-typography-calculated\" data-fontsize=\"24\" data-lineheight=\"26.4px\"><strong><span style=\"color: #0000ff;\">T\u1ed1i \u01b0u h\u00f3a v\u00e0 t\u0103ng t\u1ed1c c\u00e1c \u1ee9ng d\u1ee5ng cho <\/span><\/strong><span style=\"color: #0000ff;\"><strong>NAS Synology DS920+<\/strong><\/span><\/h2>\n<p>CPU m\u1ea1nh s\u1ebd t\u0103ng t\u1ed1c c\u00e1c \u1ee9ng d\u1ee5ng s\u1eed d\u1ee5ng nhi\u1ec1u t\u00ednh to\u00e1n. B\u1ed9 x\u1eed l\u00fd 4 l\u00f5i m\u1edbi t\u0103ng c\u01b0\u1eddng l\u1eadp ch\u1ec9 m\u1ee5c \u1ea3nh, th\u1eddi gian ph\u1ea3n h\u1ed3i c\u01a1 s\u1edf d\u1eef li\u1ec7u v\u00e0 hi\u1ec7u qu\u1ea3 ph\u1ea3n h\u1ed3i PHP tr\u00ean web.\u00a0D\u1ec5 d\u00e0ng ph\u00e2n lo\u1ea1i c\u00e1c b\u1ed9 nh\u1edb \u1ea3nh c\u1ee7a b\u1ea1n, qu\u1ea3n l\u00fd tr\u01a1n tru c\u00e1c t\u1ec7p tr\u00ean m\u00e1y t\u00ednh v\u00e0 thi\u1ebft b\u1ecb di \u0111\u1ed9ng, \u0111\u1ed3ng th\u1eddi t\u1eadn h\u01b0\u1edfng c\u00e1c \u1ee9ng d\u1ee5ng web nhanh nh\u01b0 ch\u1edbp.<\/p>\n<table>\n<tbody>\n<tr>\n<td><\/td>\n<td><strong>Synology Drive<\/strong><\/td>\n<td><strong>Moments<\/strong><\/td>\n<td><strong>Web server<\/strong><\/td>\n<\/tr>\n<tr>\n<td><strong>Model c\u0169<\/strong><\/td>\n<td>100%<\/td>\n<td>100%<\/td>\n<td>100%<\/td>\n<\/tr>\n<tr>\n<td><strong>DS920+<\/strong><\/td>\n<td>115,5%<\/td>\n<td>124%<\/td>\n<td>233%<\/td>\n<\/tr>\n<\/tbody>\n<\/table>\n<h2><span style=\"color: #0000ff;\"><strong>NAS Synology DS920+\u00a0<\/strong><\/span><strong><span style=\"color: #0000ff;\">N\u00e2ng c\u1ea5p m\u1edf r\u1ed9ng d\u1ec5 d\u00e0ng<\/span><\/strong><\/h2>\n<p>DS920 + cung c\u1ea5p hai khe c\u1eafm SSD M.2 t\u00edch h\u1ee3p \u0111\u1ec3 b\u1ea1n c\u00f3 th\u1ec3 t\u1eadn d\u1ee5ng t\u1ed1i \u0111a ch\u1ee9c n\u0103ng c\u1ee7a Synology SSD Cache.\u00a0Th\u00eam b\u1ed9 nh\u1edb cache SSD \u0111\u1ec3 ph\u1ea3n h\u1ed3i I \/ O nhanh h\u01a1n 20 l\u1ea7n m\u00e0 kh\u00f4ng c\u1ea7n s\u1eed d\u1ee5ng khay \u1ed5 \u0111\u0129a tr\u01b0\u1edbc.\u00a0B\u1ea1n c\u00f3 th\u1ec3 th\u00eam n\u0103m \u1ed5 \u0111\u0129a n\u1eefa v\u1edbi Synology DX517 \u0111\u1ec3 m\u1edf r\u1ed9ng dung l\u01b0\u1ee3ng l\u01b0u tr\u1eef.<\/p>\n<h2><strong><span style=\"color: #0000ff;\">C\u1ed9ng t\u00e1c trong th\u1eddi gian th\u1ef1c<\/span><\/strong><\/h2>\n<p>Synology Office l\u00e0 m\u1ed9t g\u00f3i c\u1ed9ng t\u00e1c k\u1ebft h\u1ee3p s\u1ef1 ti\u1ec7n l\u1ee3i v\u00e0 kh\u1ea3 n\u0103ng s\u1eed d\u1ee5ng c\u1ee7a \u0111\u00e1m m\u00e2y c\u00f4ng c\u1ed9ng v\u1edbi quy\u1ec1n ri\u00eang t\u01b0 v\u00e0 b\u1ea3o m\u1eadt tr\u00ean \u0111\u00e1m m\u00e2y ri\u00eang.\u00a0N\u00f3 cho ph\u00e9p c\u1ed9ng t\u00e1c li\u1ec1n m\u1ea1ch tr\u00ean c\u00e1c t\u00e0i li\u1ec7u v\u00e0 b\u1ea3ng t\u00ednh trong m\u1ed9t m\u00f4i tr\u01b0\u1eddng \u0111\u01b0\u1ee3c b\u1ea3o v\u1ec7.<\/p>\n<h2><strong><span style=\"color: #0000ff;\"><img decoding=\"async\" class=\"aligncenter size-full wp-image-1696\" src=\"https:\/\/www.vietcorp.com\/store\/wp-content\/uploads\/2020\/11\/synology-office.jpg\" alt=\"NAS Synology DS920+ 2\" width=\"80%\" height=\"\" srcset=\"https:\/\/vietcorp.com\/store\/wp-content\/uploads\/2020\/11\/synology-office.jpg?v=1668219819 1000w, https:\/\/vietcorp.com\/store\/wp-content\/uploads\/2020\/11\/synology-office-600x224.jpg?v=1668219819 600w, https:\/\/vietcorp.com\/store\/wp-content\/uploads\/2020\/11\/synology-office-768x286.jpg?v=1668219819 768w, https:\/\/vietcorp.com\/store\/wp-content\/uploads\/2020\/11\/synology-office-640x239.jpg?v=1668219819 640w, https:\/\/vietcorp.com\/store\/wp-content\/uploads\/2020\/11\/synology-office-400x149.jpg?v=1668219819 400w, https:\/\/vietcorp.com\/store\/wp-content\/uploads\/2020\/11\/synology-office-367x137.jpg?v=1668219819 367w\" sizes=\"(max-width: 1000px) 100vw, 1000px\" \/>T<\/span><\/strong><strong><span style=\"color: #0000ff;\">r\u00ecnh qu\u1ea3n l\u00fd \u1ea3o h\u00f3a chuy\u00ean nghi\u1ec7p<\/span><\/strong><\/h2>\n<p>Sandbox ph\u1ea7n m\u1ec1m m\u1edbi, qu\u1ea3n l\u00fd t\u00e0i nguy\u00ean b\u1eb1ng m\u1ed9t giao di\u1ec7n duy nh\u1ea5t v\u00e0 t\u0103ng t\u00ednh linh ho\u1ea1t khi tri\u1ec3n khai v\u1edbi Synology Virtual Machine Manager.\u00a0Ch\u1ea1y c\u00e1c phi\u00ean b\u1ea3n Windows, Linux v\u00e0 Virtual DSM tr\u00ean NAS Synology c\u1ee7a b\u1ea1n ch\u1ec9 trong v\u00e0i b\u01b0\u1edbc.<\/p>\n<table>\n<tbody>\n<tr>\n<td><img decoding=\"async\" class=\"aligncenter wp-image-3872 size-full\" src=\"https:\/\/www.vietcorp.com\/blog\/wp-content\/uploads\/2020\/12\/VMM_icon_01.png\" alt=\"Vietcorp ph\u00e2n ph\u1ed1i NAS Synology DS920+ 1\" width=\"61\" height=\"73\" \/><\/td>\n<td><img decoding=\"async\" class=\"aligncenter wp-image-3873 size-full\" src=\"https:\/\/www.vietcorp.com\/blog\/wp-content\/uploads\/2020\/12\/VMM_icon_02.png\" alt=\"Vietcorp ph\u00e2n ph\u1ed1i NAS Synology DS920+ 2\" width=\"77\" height=\"73\" \/><\/td>\n<td><img decoding=\"async\" class=\"aligncenter wp-image-3874 size-full\" src=\"https:\/\/www.vietcorp.com\/blog\/wp-content\/uploads\/2020\/12\/VMM_icon_03.png\" alt=\"Vietcorp ph\u00e2n ph\u1ed1i NAS Synology DS920+ 3\" width=\"72\" height=\"73\" \/><\/td>\n<\/tr>\n<tr>\n<td style=\"text-align: center;\">\n<h3 class=\"h4\">Snapshots for virtual machines<\/h3>\n<\/td>\n<td style=\"text-align: center;\">\n<h3 class=\"h4\">Live migration<\/h3>\n<\/td>\n<td>\n<h3 class=\"h4\">Multi-tenant environment<\/h3>\n<\/td>\n<\/tr>\n<tr>\n<td>Sao ch\u00e9p v\u00e0 kh\u00f4i ph\u1ee5c c\u00e1c m\u00e1y \u1ea3o ho\u00e0n ch\u1ec9nh trong v\u00f2ng v\u00e0i gi\u00e2y.<\/td>\n<td>Di chuy\u1ec3n li\u1ec1n m\u1ea1ch c\u00e1c m\u00e1y \u1ea3o t\u1eeb NAS Synology n\u00e0y sang NAS kh\u00e1c.<\/td>\n<td>T\u1ea1o nhi\u1ec1u m\u00e1y \u1ea3o bi\u1ec7t l\u1eadp cho c\u00e1c \u0111\u01a1n v\u1ecb ho\u1eb7c ph\u00f2ng ban kinh doanh.<\/td>\n<\/tr>\n<\/tbody>\n<\/table>\n<h2><span id=\"DS1520_duoc_thiet_ke_dam_bao_do_tin_cay_cao\" style=\"color: #0000ff;\"><strong>Thi\u1ebft k\u1ebf \u0111\u1ea3m b\u1ea3o \u0111\u1ed9 tin c\u1eady cao<\/strong><\/span><\/h2>\n<p>NAS Synology DS920+ \u0111\u01b0\u1ee3c thi\u1ebft k\u1ebf \u0111\u1ec3 l\u01b0u tr\u1eef d\u1eef li\u1ec7u c\u1ee7a b\u1ea1n m\u1ed9t c\u00e1ch \u0111\u00e1ng tin c\u1eady v\u00e0 \u0111\u01b0\u1ee3c h\u1ed7 tr\u1ee3 b\u1edfi b\u1ea3o h\u00e0nh ph\u1ea7n c\u1ee9ng ba n\u0103m c\u1ee7a Synology. B\u1ea3o h\u00e0nh m\u1edf r\u1ed9ng hai n\u0103m t\u00f9y ch\u1ecdn c\u00f3 s\u1eb5n \u1edf m\u1ed9t s\u1ed1 khu v\u1ef1c v\u1edbi th\u1eddi gian b\u1ea3o hi\u1ec3m l\u00ean \u0111\u1ebfn n\u0103m n\u0103m<\/p>\n<p><img decoding=\"async\" class=\"aligncenter wp-image-3831 size-full\" src=\"https:\/\/www.vietcorp.com\/blog\/wp-content\/uploads\/2020\/12\/extended_warranty_01-1.png\" alt=\"Vietcorp ph\u00e2n ph\u1ed1i NAS Synology DS920+ 4\" width=\"544\" height=\"420\" \/><\/p>\n<h2><span id=\"Be_ngoai_cua_DS1520\" style=\"color: #0000ff;\"><strong>B\u1ec1 ngo\u00e0i c\u1ee7a NAS Synology DS920+<\/strong><\/span><\/h2>\n<table>\n<tbody>\n<tr>\n<td style=\"text-align: center;\"><strong>M\u1eb7t tr\u01b0\u1edbc NAS Synology DS920+<\/strong><\/td>\n<td style=\"text-align: center;\"><strong>M\u1eb7t sau NAS Synology DS920+<\/strong><\/td>\n<\/tr>\n<tr>\n<td><img decoding=\"async\" class=\"alignnone wp-image-3897 size-full\" src=\"https:\/\/www.vietcorp.com\/blog\/wp-content\/uploads\/2020\/12\/920f.png\" alt=\"Vietcorp ph\u00e2n ph\u1ed1i NAS Synology DS920+ 5\" width=\"415\" height=\"300\" \/><\/td>\n<td><img decoding=\"async\" class=\"alignnone wp-image-3898 size-full\" src=\"https:\/\/www.vietcorp.com\/blog\/wp-content\/uploads\/2020\/12\/920l.png\" alt=\"Vietcorp ph\u00e2n ph\u1ed1i NAS Synology DS920+ 6\" width=\"415\" height=\"300\" \/><\/td>\n<\/tr>\n<tr>\n<td>1. \u0110\u00e8n b\u00e1o tr\u1ea1ng th\u00e1i<\/td>\n<td>7. C\u1ed5ng m\u1ea1ng 1GbE RJ-45<\/td>\n<\/tr>\n<tr>\n<td>2. \u0110\u00e8n b\u00e1o tr\u1ea1ng th\u00e1i \u1ed5 \u0111\u0129a<\/td>\n<td>8. N\u00fat reset<\/td>\n<\/tr>\n<tr>\n<td>3. Kh\u00f3a khay \u1ed5 c\u1ee9ng<\/td>\n<td>9. c\u1ed5ng eSATA<\/td>\n<\/tr>\n<tr>\n<td>4. C\u1ed5ng USB 3.0<\/td>\n<td>10. Ngu\u1ed3n \u0111i\u1ec7n<\/td>\n<\/tr>\n<tr>\n<td>5. N\u00fat ngu\u1ed3n v\u00e0 \u0111\u00e8n b\u00e1o<\/td>\n<td>11. Qu\u1ea1t h\u1ec7 th\u1ed1ng<\/td>\n<\/tr>\n<tr>\n<td>6. Khay \u1ed5 c\u1ee9ng<\/td>\n<td>12. Khe b\u1ea3o m\u1eadt Kensington<\/td>\n<\/tr>\n<tr>\n<td><\/td>\n<td><\/td>\n<\/tr>\n<tr>\n<td><\/td>\n<td><\/td>\n<\/tr>\n<\/tbody>\n<\/table>\n<p>Xem th\u00eam th\u00f4ng tin h\u1ed7 tr\u1ee3 cho\u00a0<strong>thi\u1ebft b\u1ecb l\u01b0u tr\u1eef Nas Synology DS920+<\/strong><\/p>\n<ul>\n<li><a href=\"https:\/\/www.vietcorp.com\/vn\/2819\/chung-nhan-vietcorp-doi-tac-cua-synology\/\">Ch\u1ee9ng nh\u1eadn Synology<\/a><\/li>\n<li><a href=\"https:\/\/vietcorp.com\/support\/synology\/\">Support Synology<\/a><\/li>\n<li><a href=\"https:\/\/www.vietcorp.com\/blog\/tag\/showcase-synology\/\">Showcase Synology<\/a><\/li>\n<\/ul>\n<p>[\/vc_column_text][\/vc_column][\/vc_row]<\/p>\n<\/section>","protected":false},"excerpt":{"rendered":"<h4 style=\"color: red;\"><strong>S\u1ea2N PH\u1ea8M NG\u1eeaNG KINH DOANH<\/strong><\/h4>\n<p><a href=\"https:\/\/www.vietcorp.com\/blog\/danh-sach-san-pham-synology-ngung-kinh-doanh-14724.html\/\">(Danh s\u00e1ch s\u1ea3n ph\u1ea9m Synology ng\u1eebng kinh doanh)<\/a><br \/>\nThi\u1ebft b\u1ecb l\u01b0u tr\u1eef NAS Synology DS920+<br \/>\nNAS 4 khay \u1ed5 \u0111\u0129a max 9 \u1ed5 \u0111\u0129a<br \/>\n4 GB DDR3L non-ECC up to 8 GB<br \/>\n2 RJ-45 1GbE, 2 USB 3.0<br \/>\nB\u1ea3o h\u00e0nh 36 th\u00e1ng<\/p>\n","protected":false},"featured_media":1865,"template":"","meta":[],"product_brand":[],"product_cat":[337],"product_tag":[],"class_list":{"0":"post-15","1":"product","2":"type-product","3":"status-publish","4":"has-post-thumbnail","6":"product_cat-san-pham-ngung-kinh-doanh","7":"pa_bao-hanh-36-thang","8":"pa_bo-nho-ram-4-gb","9":"pa_bo-nho-ram-mo-rong-den-8-gb","10":"pa_bo-vxl-cpu-intel-celeron","11":"pa_chung-loai-nas","12":"pa_cong-giao-tiep-1-x-esata","13":"pa_cong-giao-tiep-2-x-rj-45-1gbe","14":"pa_cong-giao-tiep-2-x-usb-3-0","15":"pa_drive-bays-4-bays","16":"pa_drive-bays-mo-rong-den-9-bays","17":"pa_dung-luong-chua-co-o-cung","18":"pa_form-factor-tower","19":"pa_muc-dich-su-dung-danh-cho-ca-nhan","20":"pa_muc-dich-su-dung-danh-cho-doanh-nghiep-nho","21":"pa_muc-dich-su-dung-danh-cho-doanh-nghiep-vua","22":"pa_thuong-hieu-synology","23":"pa_tinh-nang-phan-cung-64-bit-architecture","24":"pa_tinh-nang-phan-cung-encryption-engine-aes-ni","25":"pa_tinh-nang-phan-cung-expandable-storage-capacity","26":"pa_tinh-nang-phan-cung-hot-swappable-drives","27":"pa_tinh-nang-phan-cung-upgradeable-ram","28":"pa_tinh-nang-phan-mem-active-backup-for-business","29":"pa_tinh-nang-phan-mem-btrfs-file-system","30":"pa_tinh-nang-phan-mem-mailplus","31":"pa_tinh-nang-phan-mem-snapshot-replication","32":"pa_tinh-nang-phan-mem-synology-high-availability","33":"pa_tinh-nang-phan-mem-virtual-machine-manager","35":"first","36":"outofstock","37":"taxable","38":"shipping-taxable","39":"product-type-simple"},"_links":{"self":[{"href":"https:\/\/vietcorp.com\/store\/wp-json\/wp\/v2\/product\/15","targetHints":{"allow":["GET"]}}],"collection":[{"href":"https:\/\/vietcorp.com\/store\/wp-json\/wp\/v2\/product"}],"about":[{"href":"https:\/\/vietcorp.com\/store\/wp-json\/wp\/v2\/types\/product"}],"wp:featuredmedia":[{"embeddable":true,"href":"https:\/\/vietcorp.com\/store\/wp-json\/wp\/v2\/media\/1865"}],"wp:attachment":[{"href":"https:\/\/vietcorp.com\/store\/wp-json\/wp\/v2\/media?parent=15"}],"wp:term":[{"taxonomy":"product_brand","embeddable":true,"href":"https:\/\/vietcorp.com\/store\/wp-json\/wp\/v2\/product_brand?post=15"},{"taxonomy":"product_cat","embeddable":true,"href":"https:\/\/vietcorp.com\/store\/wp-json\/wp\/v2\/product_cat?post=15"},{"taxonomy":"product_tag","embeddable":true,"href":"https:\/\/vietcorp.com\/store\/wp-json\/wp\/v2\/product_tag?post=15"}],"curies":[{"name":"wp","href":"https:\/\/api.w.org\/{rel}","templated":true}]}}